{"id":16067,"date":"2020-11-14T22:20:44","date_gmt":"2020-11-15T03:20:44","guid":{"rendered":"https:\/\/nouveau.maisonmallet.com\/?post_type=event&#038;p=16067"},"modified":"2020-11-17T13:32:16","modified_gmt":"2020-11-17T18:32:16","slug":"duchesne-marie-paule-gagne","status":"publish","type":"event","link":"https:\/\/nouveau.maisonmallet.com\/back05_01\/?event=duchesne-marie-paule-gagne","title":{"rendered":"DUCHESNE, Marie-Paule (Gagn\u00e9)"},"content":{"rendered":"<p>1938 \u2013 2020<\/p>\n<p>DUCHESNE, Marie-Paule (Gagn\u00e9)<\/p>\n<p>&nbsp;<\/p>\n<p>\u00c0 Sept-\u00celes, le 14 novembre 2020, est d\u00e9c\u00e9d\u00e9e \u00e0 l\u2019\u00e2ge de 82 ans, madame Marie-Paule Duchesne \u00e9pouse de monsieur Yvon Gagn\u00e9 et domicili\u00e9e \u00e0 Sept-\u00celes.<\/p>\n<p>Les fun\u00e9railles de madame Marie-Paule Duchesne Gagn\u00e9 auront lieu le jeudi 19 novembre 2020 \u00e0 14 h \u00a0en l\u2019\u00e9glise Marie-Immacul\u00e9e situ\u00e9e au 180, rue Papineau \u00e0 Sept-\u00celes et de l\u00e0 au cr\u00e9matorium de la maison Mallet &amp; fils.<\/p>\n<p>La famille re\u00e7oit parents et amis le mercredi 18 novembre 2020 de 19 h \u00e0 22 h. Le jeudi 19 novembre 2020 jour des fun\u00e9railles \u00e0 compter de 12 h 30\u00a0 au Complexe Thanatologique Mallet &amp; fils du 585, boul. Laure \u00e0 Sept-\u00celes.<\/p>\n<p><strong><u>D\u00fb aux circonstances reli\u00e9es \u00e0 la pand\u00e9mie, vous pouvez venir pr\u00e9senter vos condol\u00e9ances en respectant la distanciation sociale et le port du masque sera obligatoire.<\/u><\/strong><u>\u00a0 <\/u><\/p>\n<p>Elle laisse dans le deuil outre son \u00e9poux monsieur Yvon Gagn\u00e9, ses filles : France (Roger Smith) et Chantal (Luc Bernier), son fils Gino (Lison Lejeune), ses petits-fils : Philippe et Vincent, ses petites-filles : Anne-Sophie (David Villeneuve), Val\u00e9rie (Mathieu Boulay) et Maude, son arri\u00e8re-petite-fille Mila ainsi que ses s\u0153urs, ses beaux-fr\u00e8res, ses belles-s\u0153urs, ses neveux, ses ni\u00e8ces, ses cousins, ses cousines\u00a0 et de nombreux ami(e)s.<\/p>\n<p>Vos marques de sympathie peuvent se traduire par un don\u00a0 \u00e0 la soci\u00e9t\u00e9 Alzheimer C\u00f4te-Nord <a href=\"http:\/\/www.alzheimerquebec.ca\">www.alzheimerquebec.ca<\/a> et ou \u00a0\u00e0 l\u2019\u00c9lyme des sables <a href=\"http:\/\/www.elymedessables.com\">www.elymedessables.com<\/a><\/p>\n<p>La famille a confi\u00e9 la direction des fun\u00e9railles aux services professionnels de la Maison Mallet &amp; fils du 585 boul. Laure \u00e0 Sept-\u00celes, maintenant reconnue Distinction et membre de la Corporation des Thanatologues du Qu\u00e9bec.<\/p>\n<p>Vous pouvez consulter cet avis de d\u00e9c\u00e8s sur le <a href=\"https:\/\/nouveau.maisonmallet.com\/back05_01\">www.maisonmallet.com<\/a><\/p>\n<p>Ceux et celles qui le d\u00e9sirent,\u00a0 peuvent y envoyer des messages de sympathie.<\/p>\n<p>&nbsp;<\/p>\n<hr \/>\n<p>Envoyer vos condol\u00e9ances<\/p>\n<p>[contact-form to=\u00a0\u00bbf.gagne066@gmail.com\u00a0\u00bb subject=\u00a0\u00bbCondol\u00e9ances Marie-Paule Duchesne\u00a0\u00bb][contact-field label=\u00a0\u00bbVotre nom\u00a0\u00bb type=\u00a0\u00bbname\u00a0\u00bb required=\u00a0\u00bb1&Prime;][contact-field label=\u00a0\u00bbVotre courriel\u00a0\u00bb type=\u00a0\u00bbemail\u00a0\u00bb required=\u00a0\u00bb1&Prime;][contact-field label=\u00a0\u00bbCondol\u00e9ances\u00a0\u00bb type=\u00a0\u00bbtextarea\u00a0\u00bb][\/contact-form]<\/p>\n","protected":false},"featured_media":16086,"template":"","event_cat":[6],"class_list":["post-16067","event","type-event","status-publish","has-post-thumbnail","hentry","event_cat-maison-mallet-et-fils-inc"],"_links":{"self":[{"href":"https:\/\/nouveau.maisonmallet.com\/back05_01\/index.php?rest_route=\/wp\/v2\/event\/16067","targetHints":{"allow":["GET"]}}],"collection":[{"href":"https:\/\/nouveau.maisonmallet.com\/back05_01\/index.php?rest_route=\/wp\/v2\/event"}],"about":[{"href":"https:\/\/nouveau.maisonmallet.com\/back05_01\/index.php?rest_route=\/wp\/v2\/types\/event"}],"wp:featuredmedia":[{"embeddable":true,"href":"https:\/\/nouveau.maisonmallet.com\/back05_01\/index.php?rest_route=\/wp\/v2\/media\/16086"}],"wp:attachment":[{"href":"https:\/\/nouveau.maisonmallet.com\/back05_01\/index.php?rest_route=%2Fwp%2Fv2%2Fmedia&parent=16067"}],"wp:term":[{"taxonomy":"event_cat","embeddable":true,"href":"https:\/\/nouveau.maisonmallet.com\/back05_01\/index.php?rest_route=%2Fwp%2Fv2%2Fevent_cat&post=16067"}],"curies":[{"name":"wp","href":"https:\/\/api.w.org\/{rel}","templated":true}]}}

DUCHESNE, Marie-Paule (Gagné)

<p>1938 – 2020</p>
<p>DUCHESNE, Marie-Paule (Gagné)</p>
<p>&nbsp;</p>
<p>À Sept-Îles, le 14 novembre 2020, est décédée à l’âge de 82 ans, madame Marie-Paule Duchesne épouse de monsieur Yvon Gagné et domiciliée à Sept-Îles.</p>
<p>Les funérailles de madame Marie-Paule Duchesne Gagné auront lieu le jeudi 19 novembre 2020 à 14 h  en l’église Marie-Immaculée située au 180, rue Papineau à Sept-Îles et de là au crématorium de la maison Mallet &amp; fils.</p>
<p>La famille reçoit parents et amis le mercredi 18 novembre 2020 de 19 h à 22 h. Le jeudi 19 novembre 2020 jour des funérailles à compter de 12 h 30  au Complexe Thanatologique Mallet &amp; fils du 585, boul. Laure à Sept-Îles.</p>
<p><strong><u>Dû aux circonstances reliées à la pandémie, vous pouvez venir présenter vos condoléances en respectant la distanciation sociale et le port du masque sera obligatoire.</u></strong><u>  </u></p>
<p>Elle laisse dans le deuil outre son époux monsieur Yvon Gagné, ses filles : France (Roger Smith) et Chantal (Luc Bernier), son fils Gino (Lison Lejeune), ses petits-fils : Philippe et Vincent, ses petites-filles : Anne-Sophie (David Villeneuve), Valérie (Mathieu Boulay) et Maude, son arrière-petite-fille Mila ainsi que ses sœurs, ses beaux-frères, ses belles-sœurs, ses neveux, ses nièces, ses cousins, ses cousines  et de nombreux ami(e)s.</p>
<p>Vos marques de sympathie peuvent se traduire par un don  à la société Alzheimer Côte-Nord <a href="http://www.alzheimerquebec.ca">www.alzheimerquebec.ca</a> et ou  à l’Élyme des sables <a href="http://www.elymedessables.com">www.elymedessables.com</a></p>
<p>La famille a confié la direction des funérailles aux services professionnels de la Maison Mallet &amp; fils du 585 boul. Laure à Sept-Îles, maintenant reconnue Distinction et membre de la Corporation des Thanatologues du Québec.</p>
<p>Vous pouvez consulter cet avis de décès sur le <a href="https://nouveau.maisonmallet.com/back05_01">www.maisonmallet.com</a></p>
<p>Ceux et celles qui le désirent,  peuvent y envoyer des messages de sympathie.</p>
<p>&nbsp;</p>
<hr />
<p>Envoyer vos condoléances</p>
<p>[contact-form to= »f.gagne066@gmail.com » subject= »Condoléances Marie-Paule Duchesne »][contact-field label= »Votre nom » type= »name » required= »1&Prime;][contact-field label= »Votre courriel » type= »email » required= »1&Prime;][contact-field label= »Condoléances » type= »textarea »][/contact-form]</p>
