{"id":16148,"date":"2020-11-17T14:03:07","date_gmt":"2020-11-17T19:03:07","guid":{"rendered":"https:\/\/nouveau.maisonmallet.com\/?post_type=event&#038;p=16148"},"modified":"2020-11-21T14:08:32","modified_gmt":"2020-11-21T19:08:32","slug":"mestokosho-mariette-bellefleur","status":"publish","type":"event","link":"https:\/\/nouveau.maisonmallet.com\/back05_01\/?event=mestokosho-mariette-bellefleur","title":{"rendered":"MESTOKOSHO, Mariette (Bellefleur)"},"content":{"rendered":"<p>1974-2020<\/p>\n<p>\u00c0 Qu\u00e9bec, le 17 novembre 2020, est d\u00e9c\u00e9d\u00e9e \u00e0 l\u2019\u00e2ge de 46 ans et 1 mois, madame Mariette Mestokosho \u00e9pouse de monsieur Claude Bellefleur et domicili\u00e9e \u00e0 Nutashkuan.<\/p>\n<p>Les fun\u00e9railles de madame Mariette Mestokosho auront lieu le lundi 23 novembre 2020 \u00e0 10 h 30 en l\u2019\u00e9glise Notre-Dame-des-Indiens de Nutashkuan et l\u2019inhumation au cimeti\u00e8re de l\u2019endroit.<\/p>\n<p>La famille re\u00e7oit parents et amis le samedi 21 novembre 2020 de 19 h \u00e0 22 h. Dimanhe 22 novembre 2020 de 13 h \u00e0 16 h et 19 h \u00e0 22 h. Le lundi 23 novembre 2020 jour des fun\u00e9railles \u00e0 compter de 09 h 00 au 203, rue Pashin \u00e0 Nutashkuan.<\/p>\n<p>Elle laisse dans le deuil outre son \u00e9poux monsieur Claude Bellefleur, ses filles\u00a0: C\u00e9cile-Tamara (Tommy Kaltush), et Tessa, sa petite-fille Louanne-Jacqueline, ses fr\u00e8res, ses s\u0153urs, ses beaux-fr\u00e8res, ses belles-s\u0153urs, ses neveux, ses ni\u00e8ces, et de nombreux amis.<\/p>\n<p>La famille a confi\u00e9 la direction des fun\u00e9railles aux services professionnels de la Maison L.J.G. Mallet du 1429, rue du Canot \u00e0 Havre-Saint-Pierre, maintenant reconnue Distinction et membre de la Corporation des Thanatologues du Qu\u00e9bec.<\/p>\n<p>Vous pouvez consulter cet avis de d\u00e9c\u00e8s sur le <a href=\"https:\/\/nouveau.maisonmallet.com\/back05_01\">www.maisonmallet.com<\/a><\/p>\n<p>Ceux et celles qui le d\u00e9sirent, peuvent y envoyer des messages de sympathie.<\/p>\n<p>&nbsp;<\/p>\n<p>&nbsp;<\/p>\n<hr \/>\n<p>Envoyer vos condol\u00e9ances<\/p>\n<p>[contact-form to=\u00a0\u00bbakaushin23p@outlook.com\u00a0\u00bb subject=\u00a0\u00bbCondol\u00e9ances Mariette Bellefleur\u00a0\u00bb][contact-field label=\u00a0\u00bbVotre nom\u00a0\u00bb type=\u00a0\u00bbname\u00a0\u00bb required=\u00a0\u00bb1&Prime;][contact-field label=\u00a0\u00bbVotre courriel\u00a0\u00bb type=\u00a0\u00bbemail\u00a0\u00bb required=\u00a0\u00bb1&Prime;][contact-field label=\u00a0\u00bbCondol\u00e9ances\u00a0\u00bb type=\u00a0\u00bbtextarea\u00a0\u00bb][\/contact-form]<\/p>\n","protected":false},"featured_media":16187,"template":"","event_cat":[7],"class_list":["post-16148","event","type-event","status-publish","has-post-thumbnail","hentry","event_cat-maison-l-j-g-mallet-inc"],"_links":{"self":[{"href":"https:\/\/nouveau.maisonmallet.com\/back05_01\/index.php?rest_route=\/wp\/v2\/event\/16148","targetHints":{"allow":["GET"]}}],"collection":[{"href":"https:\/\/nouveau.maisonmallet.com\/back05_01\/index.php?rest_route=\/wp\/v2\/event"}],"about":[{"href":"https:\/\/nouveau.maisonmallet.com\/back05_01\/index.php?rest_route=\/wp\/v2\/types\/event"}],"wp:featuredmedia":[{"embeddable":true,"href":"https:\/\/nouveau.maisonmallet.com\/back05_01\/index.php?rest_route=\/wp\/v2\/media\/16187"}],"wp:attachment":[{"href":"https:\/\/nouveau.maisonmallet.com\/back05_01\/index.php?rest_route=%2Fwp%2Fv2%2Fmedia&parent=16148"}],"wp:term":[{"taxonomy":"event_cat","embeddable":true,"href":"https:\/\/nouveau.maisonmallet.com\/back05_01\/index.php?rest_route=%2Fwp%2Fv2%2Fevent_cat&post=16148"}],"curies":[{"name":"wp","href":"https:\/\/api.w.org\/{rel}","templated":true}]}}

<p>1974-2020</p>
<p>À Québec, le 17 novembre 2020, est décédée à l’âge de 46 ans et 1 mois, madame Mariette Mestokosho épouse de monsieur Claude Bellefleur et domiciliée à Nutashkuan.</p>
<p>Les funérailles de madame Mariette Mestokosho auront lieu le lundi 23 novembre 2020 à 10 h 30 en l’église Notre-Dame-des-Indiens de Nutashkuan et l’inhumation au cimetière de l’endroit.</p>
<p>La famille reçoit parents et amis le samedi 21 novembre 2020 de 19 h à 22 h. Dimanhe 22 novembre 2020 de 13 h à 16 h et 19 h à 22 h. Le lundi 23 novembre 2020 jour des funérailles à compter de 09 h 00 au 203, rue Pashin à Nutashkuan.</p>
<p>Elle laisse dans le deuil outre son époux monsieur Claude Bellefleur, ses filles : Cécile-Tamara (Tommy Kaltush), et Tessa, sa petite-fille Louanne-Jacqueline, ses frères, ses sœurs, ses beaux-frères, ses belles-sœurs, ses neveux, ses nièces, et de nombreux amis.</p>
<p>La famille a confié la direction des funérailles aux services professionnels de la Maison L.J.G. Mallet du 1429, rue du Canot à Havre-Saint-Pierre, maintenant reconnue Distinction et membre de la Corporation des Thanatologues du Québec.</p>
<p>Vous pouvez consulter cet avis de décès sur le <a href="https://nouveau.maisonmallet.com/back05_01">www.maisonmallet.com</a></p>
<p>Ceux et celles qui le désirent, peuvent y envoyer des messages de sympathie.</p>
<p>&nbsp;</p>
<p>&nbsp;</p>
<hr />
<p>Envoyer vos condoléances</p>
<p>[contact-form to= »akaushin23p@outlook.com » subject= »Condoléances Mariette Bellefleur »][contact-field label= »Votre nom » type= »name » required= »1&Prime;][contact-field label= »Votre courriel » type= »email » required= »1&Prime;][contact-field label= »Condoléances » type= »textarea »][/contact-form]</p>
