{"id":16430,"date":"2020-12-04T10:46:06","date_gmt":"2020-12-04T15:46:06","guid":{"rendered":"https:\/\/nouveau.maisonmallet.com\/?post_type=event&#038;p=16430"},"modified":"2020-12-08T15:38:11","modified_gmt":"2020-12-08T20:38:11","slug":"deraspe-michel","status":"publish","type":"event","link":"https:\/\/nouveau.maisonmallet.com\/back05_01\/?event=deraspe-michel","title":{"rendered":"DERASPE, Michel"},"content":{"rendered":"<p>1946 &#8211; 2020<\/p>\n<p>DERASPE, Michel<\/p>\n<p>&nbsp;<\/p>\n<p>\u00c0 Sept-\u00celes, le 4 d\u00e9cembre 2020, est d\u00e9c\u00e9d\u00e9 \u00e0 l\u2019\u00e2ge de 74 ans, monsieur Michel Deraspe conjoint de feue Lucette Dugas et domicili\u00e9 \u00e0 Sept-\u00celes.<\/p>\n<p>Les fun\u00e9railles de monsieur Michel Deraspe auront lieu le jeudi 10 d\u00e9cembre 2020 \u00e0 10 h 30 en l\u2019\u00e9glise St-Joseph situ\u00e9e au 535, ave. Brochu \u00e0 Sept-\u00celes.<\/p>\n<p>Selon ses volont\u00e9s, il a \u00e9t\u00e9 confi\u00e9 au cr\u00e9matorium de la Maison Mallet &amp; fils pour cr\u00e9mation.<\/p>\n<p>La famille re\u00e7oit parents et amis le mercredi 9 d\u00e9cembre 2020 de 19 h \u00e0 22 h. au Complexe Thanatologique Mallet &amp; fils du 585 Boul. Laure \u00e0 Sept-\u00celes.<\/p>\n<p><strong><u>D\u00fb aux circonstances reli\u00e9es \u00e0 la pand\u00e9mie, vous pouvez venir pr\u00e9senter vos condol\u00e9ances en respectant la distanciation physique et le port du masque sera obligatoire.<\/u><\/strong><\/p>\n<p>Il laisse dans le deuil sa fille H\u00e9l\u00e8ne (Francis April), ses petits-enfants\u00a0: Patrick, F\u00e9lix, Clo\u00e9, Samuel, \u00c9llie et Alexis, la m\u00e8re de ses enfants madame Ghislaine Girard, ses beaux-fils\u00a0: Luc (Marie-Pier Cyr) et Patrick ainsi que ses s\u0153urs, ses beaux-fr\u00e8res, ses belles-s\u0153urs, ses neveux, ses ni\u00e8ces et de nombreux ami(e)s.<\/p>\n<p>Il \u00e9tait le p\u00e8re de feu Eric.<\/p>\n<p>La famille a confi\u00e9 la direction des fun\u00e9railles aux services professionnels de la Maison Mallet &amp; fils du 585 boul. Laure \u00e0 Sept-\u00celes, maintenant reconnue Distinction et membre de la Corporation des Thanatologues du Qu\u00e9bec.<\/p>\n<p>Vous pouvez consulter cet avis de d\u00e9c\u00e8s sur le <a href=\"https:\/\/nouveau.maisonmallet.com\/back05_01\">www.maisonmallet.com<\/a><\/p>\n<p>Ceux et celles qui le d\u00e9sirent, peuvent y envoyer des messages de sympathie.<\/p>\n<p>&nbsp;<\/p>\n<p>&nbsp;<\/p>\n<p>&nbsp;<\/p>\n<hr \/>\n<p>Envoyer vos condol\u00e9ances<\/p>\n<p>[contact-form to=\u00a0\u00bberihel42@hotmail.com\u00a0\u00bb subject=\u00a0\u00bbCondol\u00e9ances Michel Deraspe\u00a0\u00bb][contact-field label=\u00a0\u00bbVotre nom\u00a0\u00bb type=\u00a0\u00bbname\u00a0\u00bb required=\u00a0\u00bb1&Prime;][contact-field label=\u00a0\u00bbVotre courriel\u00a0\u00bb type=\u00a0\u00bbemail\u00a0\u00bb required=\u00a0\u00bb1&Prime;][contact-field label=\u00a0\u00bbCondol\u00e9ances\u00a0\u00bb type=\u00a0\u00bbtextarea\u00a0\u00bb][\/contact-form]<\/p>\n","protected":false},"featured_media":16473,"template":"","event_cat":[6],"class_list":["post-16430","event","type-event","status-publish","has-post-thumbnail","hentry","event_cat-maison-mallet-et-fils-inc"],"_links":{"self":[{"href":"https:\/\/nouveau.maisonmallet.com\/back05_01\/index.php?rest_route=\/wp\/v2\/event\/16430","targetHints":{"allow":["GET"]}}],"collection":[{"href":"https:\/\/nouveau.maisonmallet.com\/back05_01\/index.php?rest_route=\/wp\/v2\/event"}],"about":[{"href":"https:\/\/nouveau.maisonmallet.com\/back05_01\/index.php?rest_route=\/wp\/v2\/types\/event"}],"wp:featuredmedia":[{"embeddable":true,"href":"https:\/\/nouveau.maisonmallet.com\/back05_01\/index.php?rest_route=\/wp\/v2\/media\/16473"}],"wp:attachment":[{"href":"https:\/\/nouveau.maisonmallet.com\/back05_01\/index.php?rest_route=%2Fwp%2Fv2%2Fmedia&parent=16430"}],"wp:term":[{"taxonomy":"event_cat","embeddable":true,"href":"https:\/\/nouveau.maisonmallet.com\/back05_01\/index.php?rest_route=%2Fwp%2Fv2%2Fevent_cat&post=16430"}],"curies":[{"name":"wp","href":"https:\/\/api.w.org\/{rel}","templated":true}]}}

<p>1946 &#8211; 2020</p>
<p>DERASPE, Michel</p>
<p>&nbsp;</p>
<p>À Sept-Îles, le 4 décembre 2020, est décédé à l’âge de 74 ans, monsieur Michel Deraspe conjoint de feue Lucette Dugas et domicilié à Sept-Îles.</p>
<p>Les funérailles de monsieur Michel Deraspe auront lieu le jeudi 10 décembre 2020 à 10 h 30 en l’église St-Joseph située au 535, ave. Brochu à Sept-Îles.</p>
<p>Selon ses volontés, il a été confié au crématorium de la Maison Mallet &amp; fils pour crémation.</p>
<p>La famille reçoit parents et amis le mercredi 9 décembre 2020 de 19 h à 22 h. au Complexe Thanatologique Mallet &amp; fils du 585 Boul. Laure à Sept-Îles.</p>
<p><strong><u>Dû aux circonstances reliées à la pandémie, vous pouvez venir présenter vos condoléances en respectant la distanciation physique et le port du masque sera obligatoire.</u></strong></p>
<p>Il laisse dans le deuil sa fille Hélène (Francis April), ses petits-enfants : Patrick, Félix, Cloé, Samuel, Éllie et Alexis, la mère de ses enfants madame Ghislaine Girard, ses beaux-fils : Luc (Marie-Pier Cyr) et Patrick ainsi que ses sœurs, ses beaux-frères, ses belles-sœurs, ses neveux, ses nièces et de nombreux ami(e)s.</p>
<p>Il était le père de feu Eric.</p>
<p>La famille a confié la direction des funérailles aux services professionnels de la Maison Mallet &amp; fils du 585 boul. Laure à Sept-Îles, maintenant reconnue Distinction et membre de la Corporation des Thanatologues du Québec.</p>
<p>Vous pouvez consulter cet avis de décès sur le <a href="https://nouveau.maisonmallet.com/back05_01">www.maisonmallet.com</a></p>
<p>Ceux et celles qui le désirent, peuvent y envoyer des messages de sympathie.</p>
<p>&nbsp;</p>
<p>&nbsp;</p>
<p>&nbsp;</p>
<hr />
<p>Envoyer vos condoléances</p>
<p>[contact-form to= »erihel42@hotmail.com » subject= »Condoléances Michel Deraspe »][contact-field label= »Votre nom » type= »name » required= »1&Prime;][contact-field label= »Votre courriel » type= »email » required= »1&Prime;][contact-field label= »Condoléances » type= »textarea »][/contact-form]</p>
