{"id":16636,"date":"2020-12-10T13:53:30","date_gmt":"2020-12-10T18:53:30","guid":{"rendered":"https:\/\/nouveau.maisonmallet.com\/?post_type=event&#038;p=16636"},"modified":"2020-12-10T13:53:30","modified_gmt":"2020-12-10T18:53:30","slug":"fournier-marjolaine-roy","status":"publish","type":"event","link":"https:\/\/nouveau.maisonmallet.com\/back05_01\/?event=fournier-marjolaine-roy","title":{"rendered":"FOURNIER, Marjolaine (Roy)"},"content":{"rendered":"<p>1970-2020<\/p>\n<p>\u00c0 Havre-Saint-Pierre, le 25 novembre 2020, est d\u00e9c\u00e9d\u00e9e \u00e0 l\u2019\u00e2ge de 50 ans madame Marjolaine Fournier \u00e9pouse de monsieur Georges Roy domicili\u00e9e \u00e0 Longue-Pointe-de-Mingan.<\/p>\n<p>La c\u00e9r\u00e9monie comm\u00e9morative de madame Marjolaine Fournier Roy aura lieu le samedi 12 d\u00e9cembre 2020 \u00e0 15 h 00 \u00a0au salon de la Maison L.J.G. Mallet du 1429, rue du Canot \u00e0 Havre-Saint-Pierre.<\/p>\n<p>Selon ses volont\u00e9s, elle a \u00e9t\u00e9 confi\u00e9e au cr\u00e9matorium de la Maison L.J.G. Mallet pour cr\u00e9mation.<\/p>\n<p>La famille re\u00e7oit parents et amis le samedi 12 d\u00e9cembre 2020 jour de la c\u00e9r\u00e9monie \u00e0 compter de 13 h 00 au salon de la Maison L.J.G. Mallet du 1429, rue du Canot \u00e0 Havre-Saint-Pierre.<\/p>\n<p>Elle laisse dans le deuil outre son \u00e9poux monsieur Georges Roy, sa fille Pascale Roy, son p\u00e8re Cl\u00e9ment Fournier, sa m\u00e8re Louise H\u00e9lie, son beau-p\u00e8re Georges-Henri Roy, sa belle-m\u00e8re Marie-Louise Andr\u00e9, sa s\u0153ur Caroline Fournier, sa belle-s\u0153ur Christine Roy, \u00a0ainsi que nombreux ami(e)s.<\/p>\n<p>La famille a confi\u00e9 les arrangements aux services professionnels de la Maison L.J.G. Mallet du 1429, rue du Canot \u00e0 Havre-Saint-Pierre, maintenant reconnue Distinction et membre de la Corporation des Thanatologues du Qu\u00e9bec.<\/p>\n<p>Vous pouvez consulter cet avis de d\u00e9c\u00e8s sur le <a href=\"https:\/\/nouveau.maisonmallet.com\/back05_01\">www.maisonmallet.com<\/a><\/p>\n<p>Ceux et celles qui le d\u00e9sirent, peuvent y envoyer des messages de sympathie.<\/p>\n<p>&nbsp;<\/p>\n<p>&nbsp;<\/p>\n<hr \/>\n<p>Envoyer vos condol\u00e9ances<\/p>\n<p>[contact-form to=\u00a0\u00bbpascaleee18@outlook.com\u00a0\u00bb subject=\u00a0\u00bbCondol\u00e9ances Marjolaine Fournier\u00a0\u00bb][contact-field label=\u00a0\u00bbVotre nom\u00a0\u00bb type=\u00a0\u00bbname\u00a0\u00bb required=\u00a0\u00bb1&Prime;][contact-field label=\u00a0\u00bbVotre courriel\u00a0\u00bb type=\u00a0\u00bbemail\u00a0\u00bb required=\u00a0\u00bb1&Prime;][contact-field label=\u00a0\u00bbCondol\u00e9ances\u00a0\u00bb type=\u00a0\u00bbtextarea\u00a0\u00bb][\/contact-form]<\/p>\n","protected":false},"featured_media":16720,"template":"","event_cat":[7],"class_list":["post-16636","event","type-event","status-publish","has-post-thumbnail","hentry","event_cat-maison-l-j-g-mallet-inc"],"_links":{"self":[{"href":"https:\/\/nouveau.maisonmallet.com\/back05_01\/index.php?rest_route=\/wp\/v2\/event\/16636","targetHints":{"allow":["GET"]}}],"collection":[{"href":"https:\/\/nouveau.maisonmallet.com\/back05_01\/index.php?rest_route=\/wp\/v2\/event"}],"about":[{"href":"https:\/\/nouveau.maisonmallet.com\/back05_01\/index.php?rest_route=\/wp\/v2\/types\/event"}],"wp:featuredmedia":[{"embeddable":true,"href":"https:\/\/nouveau.maisonmallet.com\/back05_01\/index.php?rest_route=\/wp\/v2\/media\/16720"}],"wp:attachment":[{"href":"https:\/\/nouveau.maisonmallet.com\/back05_01\/index.php?rest_route=%2Fwp%2Fv2%2Fmedia&parent=16636"}],"wp:term":[{"taxonomy":"event_cat","embeddable":true,"href":"https:\/\/nouveau.maisonmallet.com\/back05_01\/index.php?rest_route=%2Fwp%2Fv2%2Fevent_cat&post=16636"}],"curies":[{"name":"wp","href":"https:\/\/api.w.org\/{rel}","templated":true}]}}

<p>1970-2020</p>
<p>À Havre-Saint-Pierre, le 25 novembre 2020, est décédée à l’âge de 50 ans madame Marjolaine Fournier épouse de monsieur Georges Roy domiciliée à Longue-Pointe-de-Mingan.</p>
<p>La cérémonie commémorative de madame Marjolaine Fournier Roy aura lieu le samedi 12 décembre 2020 à 15 h 00  au salon de la Maison L.J.G. Mallet du 1429, rue du Canot à Havre-Saint-Pierre.</p>
<p>Selon ses volontés, elle a été confiée au crématorium de la Maison L.J.G. Mallet pour crémation.</p>
<p>La famille reçoit parents et amis le samedi 12 décembre 2020 jour de la cérémonie à compter de 13 h 00 au salon de la Maison L.J.G. Mallet du 1429, rue du Canot à Havre-Saint-Pierre.</p>
<p>Elle laisse dans le deuil outre son époux monsieur Georges Roy, sa fille Pascale Roy, son père Clément Fournier, sa mère Louise Hélie, son beau-père Georges-Henri Roy, sa belle-mère Marie-Louise André, sa sœur Caroline Fournier, sa belle-sœur Christine Roy,  ainsi que nombreux ami(e)s.</p>
<p>La famille a confié les arrangements aux services professionnels de la Maison L.J.G. Mallet du 1429, rue du Canot à Havre-Saint-Pierre, maintenant reconnue Distinction et membre de la Corporation des Thanatologues du Québec.</p>
<p>Vous pouvez consulter cet avis de décès sur le <a href="https://nouveau.maisonmallet.com/back05_01">www.maisonmallet.com</a></p>
<p>Ceux et celles qui le désirent, peuvent y envoyer des messages de sympathie.</p>
<p>&nbsp;</p>
<p>&nbsp;</p>
<hr />
<p>Envoyer vos condoléances</p>
<p>[contact-form to= »pascaleee18@outlook.com » subject= »Condoléances Marjolaine Fournier »][contact-field label= »Votre nom » type= »name » required= »1&Prime;][contact-field label= »Votre courriel » type= »email » required= »1&Prime;][contact-field label= »Condoléances » type= »textarea »][/contact-form]</p>
