{"id":1742,"date":"2016-10-06T14:51:35","date_gmt":"2016-10-06T18:51:35","guid":{"rendered":"http:\/\/207.253.81.73\/?post_type=event&#038;p=1742"},"modified":"2019-05-10T10:42:28","modified_gmt":"2019-05-10T14:42:28","slug":"boisvert-richard","status":"publish","type":"event","link":"https:\/\/nouveau.maisonmallet.com\/back05_01\/?event=boisvert-richard","title":{"rendered":"BOISVERT, Richard"},"content":{"rendered":"<p>1931 \u2013 2016<\/p>\n<p>&nbsp;<\/p>\n<p>\u00c0 Sept-\u00celes, (Maison \u00c9lyme des sables) le 6 octobre 2016, est d\u00e9c\u00e9d\u00e9 \u00e0 l\u2019\u00e2ge de 85 ans, monsieur Richard Boisvert \u00e9poux de madame Jacqueline Leblanc et domicili\u00e9 \u00e0 Sept-\u00celes.<\/p>\n<p>&nbsp;<\/p>\n<p>Les fun\u00e9railles de monsieur Richard Boisvert auront lieu le lundi 10 octobre 2016 \u00e0 10 h 30 en l\u2019\u00e9glise St-Joseph situ\u00e9e au 535, ave. Brochu \u00e0 Sept-\u00celes et de l\u00e0 au cr\u00e9matorium de la maison Mallet &amp; fils pour cr\u00e9mation.<\/p>\n<p>&nbsp;<\/p>\n<p>La famille re\u00e7oit parents et amis le dimanche 9 octobre 2016 de 13 h \u00e0 16 h et de 19 h \u00e0 22 h. Le lundi 10 octobre 2016 jour des fun\u00e9railles \u00e0 compter de 9 h au Complexe Thanatologique Mallet &amp; fils du 585, boul. Laure \u00e0 Sept-\u00celes.<\/p>\n<p>&nbsp;<\/p>\n<p>Il laisse dans le deuil outre son \u00e9pouse madame Jacqueline Leblanc Boisvert, ses filles\u00a0: Johanne et Nancy (Claude Potvin), son fils Carl, ses petites-filles\u00a0: Judith (Simon Poirier) et Myriam ainsi que ses fr\u00e8res, ses s\u0153urs, ses beaux-fr\u00e8res, ses belles-s\u0153urs, ses neveux, ses ni\u00e8ces, ses cousins, ses cousines et de nombreux ami(e)s.<\/p>\n<p>&nbsp;<\/p>\n<p>Vos marques de sympathie peuvent se traduire par un don \u00e0 l\u2019\u00c9lyme des sables. <a href=\"http:\/\/www.elymedessables.com\/\">www.elymedessables.com<\/a><\/p>\n<p>&nbsp;<\/p>\n<p>La famille a confi\u00e9 la direction des fun\u00e9railles aux services professionnels de la Maison Mallet et fils du 585 boul. Laure \u00e0 Sept-\u00celes, maintenant reconnue Distinction et membre de la Corporation des Thanatologues du Qu\u00e9bec.<\/p>\n<p>&nbsp;<\/p>\n<p>Vous pouvez consulter cet avis de d\u00e9c\u00e8s sur le <a href=\"https:\/\/nouveau.maisonmallet.com\/back05_01\/\">www.maisonmallet.com<\/a><\/p>\n<p>&nbsp;<\/p>\n<p>Ceux et celles qui le d\u00e9sirent, peuvent y envoyer des messages de sympathie.<\/p>\n","protected":false},"featured_media":25,"template":"","event_cat":[6],"class_list":["post-1742","event","type-event","status-publish","has-post-thumbnail","hentry","event_cat-maison-mallet-et-fils-inc"],"_links":{"self":[{"href":"https:\/\/nouveau.maisonmallet.com\/back05_01\/index.php?rest_route=\/wp\/v2\/event\/1742","targetHints":{"allow":["GET"]}}],"collection":[{"href":"https:\/\/nouveau.maisonmallet.com\/back05_01\/index.php?rest_route=\/wp\/v2\/event"}],"about":[{"href":"https:\/\/nouveau.maisonmallet.com\/back05_01\/index.php?rest_route=\/wp\/v2\/types\/event"}],"wp:featuredmedia":[{"embeddable":true,"href":"https:\/\/nouveau.maisonmallet.com\/back05_01\/index.php?rest_route=\/wp\/v2\/media\/25"}],"wp:attachment":[{"href":"https:\/\/nouveau.maisonmallet.com\/back05_01\/index.php?rest_route=%2Fwp%2Fv2%2Fmedia&parent=1742"}],"wp:term":[{"taxonomy":"event_cat","embeddable":true,"href":"https:\/\/nouveau.maisonmallet.com\/back05_01\/index.php?rest_route=%2Fwp%2Fv2%2Fevent_cat&post=1742"}],"curies":[{"name":"wp","href":"https:\/\/api.w.org\/{rel}","templated":true}]}}

<p>1931 – 2016</p>
<p>&nbsp;</p>
<p>À Sept-Îles, (Maison Élyme des sables) le 6 octobre 2016, est décédé à l’âge de 85 ans, monsieur Richard Boisvert époux de madame Jacqueline Leblanc et domicilié à Sept-Îles.</p>
<p>&nbsp;</p>
<p>Les funérailles de monsieur Richard Boisvert auront lieu le lundi 10 octobre 2016 à 10 h 30 en l’église St-Joseph située au 535, ave. Brochu à Sept-Îles et de là au crématorium de la maison Mallet &amp; fils pour crémation.</p>
<p>&nbsp;</p>
<p>La famille reçoit parents et amis le dimanche 9 octobre 2016 de 13 h à 16 h et de 19 h à 22 h. Le lundi 10 octobre 2016 jour des funérailles à compter de 9 h au Complexe Thanatologique Mallet &amp; fils du 585, boul. Laure à Sept-Îles.</p>
<p>&nbsp;</p>
<p>Il laisse dans le deuil outre son épouse madame Jacqueline Leblanc Boisvert, ses filles : Johanne et Nancy (Claude Potvin), son fils Carl, ses petites-filles : Judith (Simon Poirier) et Myriam ainsi que ses frères, ses sœurs, ses beaux-frères, ses belles-sœurs, ses neveux, ses nièces, ses cousins, ses cousines et de nombreux ami(e)s.</p>
<p>&nbsp;</p>
<p>Vos marques de sympathie peuvent se traduire par un don à l’Élyme des sables. <a href="http://www.elymedessables.com/">www.elymedessables.com</a></p>
<p>&nbsp;</p>
<p>La famille a confié la direction des funérailles aux services professionnels de la Maison Mallet et fils du 585 boul. Laure à Sept-Îles, maintenant reconnue Distinction et membre de la Corporation des Thanatologues du Québec.</p>
<p>&nbsp;</p>
<p>Vous pouvez consulter cet avis de décès sur le <a href="https://nouveau.maisonmallet.com/back05_01/">www.maisonmallet.com</a></p>
<p>&nbsp;</p>
<p>Ceux et celles qui le désirent, peuvent y envoyer des messages de sympathie.</p>
