{"id":17502,"date":"2021-01-05T14:09:21","date_gmt":"2021-01-05T19:09:21","guid":{"rendered":"https:\/\/nouveau.maisonmallet.com\/?post_type=event&#038;p=17502"},"modified":"2021-01-15T17:20:12","modified_gmt":"2021-01-15T22:20:12","slug":"landry-claudette","status":"publish","type":"event","link":"https:\/\/nouveau.maisonmallet.com\/back05_01\/?event=landry-claudette","title":{"rendered":"LANDRY, Claudette"},"content":{"rendered":"<p>&nbsp;<\/p>\n<p>1939-2021<\/p>\n<p>LANDRY, Claudette<\/p>\n<p>\u00c0 Qu\u00e9bec, le 5 janvier 2021, est d\u00e9c\u00e9d\u00e9e \u00e0 l\u2019\u00e2ge de 81 ans et 8 mois madame Claudette Landry fille de feu Hypolite Landry et de feue Delvina Jomphe domicili\u00e9e \u00e0 Qu\u00e9bec.<\/p>\n<p>Selon ses volont\u00e9s, elle a \u00e9t\u00e9 confi\u00e9e au cr\u00e9matorium de la Maison L.J.G. Mallet pour cr\u00e9mation.<\/p>\n<p>Elle laisse dans le deuil ses s\u0153urs\u00a0: Lily, Laurette, Blaise et Huguette, son fr\u00e8re Georges-Maurice, ses neveux, ses ni\u00e8ces et de nombreux amis.<\/p>\n<p>Elle \u00e9tait la s\u0153ur de feu Gustave, Jacques, Jean-Vic, \u00c9milien, Rosaire, Gilles et feue Edwidge.<\/p>\n<p>Vos marques de sympathie peuvent se traduire par un don la Fondation du centre de sant\u00e9 de la Minganie.<\/p>\n<p>La famille a confi\u00e9 les arrangements aux services professionnels de la Maison L.J.G. Mallet du 1429, rue du Canot \u00e0 Havre-Saint-Pierre, maintenant reconnue Distinction et membre de la Corporation des Thanatologues du Qu\u00e9bec.<\/p>\n<p>Vous pouvez consulter cet avis de d\u00e9c\u00e8s sur le <a href=\"https:\/\/nouveau.maisonmallet.com\/back05_01\">www.maisonmallet.com<\/a><\/p>\n<p>Ceux et celles qui le d\u00e9sirent, peuvent y envoyer des messages de sympathie.<\/p>\n<p>&nbsp;<\/p>\n<p>&nbsp;<\/p>\n<hr \/>\n<p>Envoyer vos condol\u00e9ances<\/p>\n<p>[contact-form to=\u00a0\u00bblise.landry@outlook.com\u00a0\u00bb subject=\u00a0\u00bbCondol\u00e9ances Claudette Landry\u00a0\u00bb][contact-field label=\u00a0\u00bbVotre nom\u00a0\u00bb type=\u00a0\u00bbname\u00a0\u00bb required=\u00a0\u00bb1&Prime;][contact-field label=\u00a0\u00bbVotre courriel\u00a0\u00bb type=\u00a0\u00bbemail\u00a0\u00bb required=\u00a0\u00bb1&Prime;][contact-field label=\u00a0\u00bbCondol\u00e9ances\u00a0\u00bb type=\u00a0\u00bbtextarea\u00a0\u00bb][\/contact-form]<\/p>\n","protected":false},"featured_media":0,"template":"","event_cat":[7],"class_list":["post-17502","event","type-event","status-publish","hentry","event_cat-maison-l-j-g-mallet-inc"],"_links":{"self":[{"href":"https:\/\/nouveau.maisonmallet.com\/back05_01\/index.php?rest_route=\/wp\/v2\/event\/17502","targetHints":{"allow":["GET"]}}],"collection":[{"href":"https:\/\/nouveau.maisonmallet.com\/back05_01\/index.php?rest_route=\/wp\/v2\/event"}],"about":[{"href":"https:\/\/nouveau.maisonmallet.com\/back05_01\/index.php?rest_route=\/wp\/v2\/types\/event"}],"wp:attachment":[{"href":"https:\/\/nouveau.maisonmallet.com\/back05_01\/index.php?rest_route=%2Fwp%2Fv2%2Fmedia&parent=17502"}],"wp:term":[{"taxonomy":"event_cat","embeddable":true,"href":"https:\/\/nouveau.maisonmallet.com\/back05_01\/index.php?rest_route=%2Fwp%2Fv2%2Fevent_cat&post=17502"}],"curies":[{"name":"wp","href":"https:\/\/api.w.org\/{rel}","templated":true}]}}

<p>&nbsp;</p>
<p>1939-2021</p>
<p>LANDRY, Claudette</p>
<p>À Québec, le 5 janvier 2021, est décédée à l’âge de 81 ans et 8 mois madame Claudette Landry fille de feu Hypolite Landry et de feue Delvina Jomphe domiciliée à Québec.</p>
<p>Selon ses volontés, elle a été confiée au crématorium de la Maison L.J.G. Mallet pour crémation.</p>
<p>Elle laisse dans le deuil ses sœurs : Lily, Laurette, Blaise et Huguette, son frère Georges-Maurice, ses neveux, ses nièces et de nombreux amis.</p>
<p>Elle était la sœur de feu Gustave, Jacques, Jean-Vic, Émilien, Rosaire, Gilles et feue Edwidge.</p>
<p>Vos marques de sympathie peuvent se traduire par un don la Fondation du centre de santé de la Minganie.</p>
<p>La famille a confié les arrangements aux services professionnels de la Maison L.J.G. Mallet du 1429, rue du Canot à Havre-Saint-Pierre, maintenant reconnue Distinction et membre de la Corporation des Thanatologues du Québec.</p>
<p>Vous pouvez consulter cet avis de décès sur le <a href="https://nouveau.maisonmallet.com/back05_01">www.maisonmallet.com</a></p>
<p>Ceux et celles qui le désirent, peuvent y envoyer des messages de sympathie.</p>
<p>&nbsp;</p>
<p>&nbsp;</p>
<hr />
<p>Envoyer vos condoléances</p>
<p>[contact-form to= »lise.landry@outlook.com » subject= »Condoléances Claudette Landry »][contact-field label= »Votre nom » type= »name » required= »1&Prime;][contact-field label= »Votre courriel » type= »email » required= »1&Prime;][contact-field label= »Condoléances » type= »textarea »][/contact-form]</p>
