{"id":17576,"date":"2021-01-08T12:16:48","date_gmt":"2021-01-08T17:16:48","guid":{"rendered":"https:\/\/nouveau.maisonmallet.com\/?post_type=event&#038;p=17576"},"modified":"2021-08-30T20:23:25","modified_gmt":"2021-08-31T00:23:25","slug":"levesque-rolande","status":"publish","type":"event","link":"https:\/\/nouveau.maisonmallet.com\/back05_01\/?event=levesque-rolande","title":{"rendered":"L\u00c9VESQUE, Rolande"},"content":{"rendered":"<p>&nbsp;<\/p>\n<p>1948-2021<\/p>\n<p>L\u00c9VESQUE, Rolande<\/p>\n<p>\u00c0 Havre-Saint-Pierre, le 8 janvier 2021, est d\u00e9c\u00e9d\u00e9e \u00e0 l\u2019\u00e2ge de 72 ans 3 mois, madame Rolande L\u00e9vesque fille de feu Rom\u00e9o L\u00e9vesque et de feue Julienne Giasson domicili\u00e9e \u00e0 Havre-Saint-Pierre.<\/p>\n<p>Les fun\u00e9railles de madame Rolande L\u00e9vesque auront lieu le samedi 10 juillet 2021 \u00e0 11 h en l\u2019\u00e9glise Saint-Pierre de Havre-Saint-Pierre et de l\u00e0 au cimeti\u00e8re de l\u2019endroit.<\/p>\n<p><strong><u>\u00c9tant donn\u00e9 la situation entourant la COVID-19 et par souci de se conformer aux recommandations gouvernementales en mati\u00e8re de rassemblements int\u00e9rieurs et des mesures strictes d\u2019hygi\u00e8ne vous pouvez assister aux fun\u00e9railles seulement sur invitation \u00e0 l\u2019\u00c9glise Saint-Pierre. Un maximum de 250 personnes.<\/u><\/strong><\/p>\n<p>Selon ses volont\u00e9s, elle a \u00e9t\u00e9 confi\u00e9e au cr\u00e9matorium de la Maison L.J.G. Mallet pour cr\u00e9mation.<\/p>\n<p>La famille re\u00e7oit parents et amis le samedi 10 juillet 2021 jour des fun\u00e9railles \u00e0 compter de 10 h au salon de la Maison L.J.G. Mallet du 1429, rue du Canot \u00e0 Havre-Saint-Pierre.<\/p>\n<p><strong>D\u00fb aux circonstances reli\u00e9es \u00e0 la pand\u00e9mie, vous pouvez venir pr\u00e9senter vos condol\u00e9ances en respectant la distanciation physique et le port du masque sera obligatoire.<\/strong><\/p>\n<p>Elle laisse dans le deuil son fils Martin Duguay (Lucie Gallant), ses petits-enfants\u00a0: Isabelle et Hugo, ses s\u0153urs\u00a0: Ren\u00e9e et Michelle, son beau-fr\u00e8re, sa belle-s\u0153ur, ses neveux, ses ni\u00e8ces et de nombreux ami(e)s.<\/p>\n<p>Elle \u00e9tait la m\u00e8re de feu G\u00e9rald Duguay.<\/p>\n<p>Vos marques de sympathie peuvent se traduire par un don \u00e0 la Fondation du centre de sant\u00e9 de la Minganie ou \u00e0 l\u2019Association du cancer de l\u2019est du Qu\u00e9bec.<\/p>\n<p>La famille a confi\u00e9 la direction des fun\u00e9railles aux services professionnels de la Maison L.J.G. Mallet du 1429, rue du Canot \u00e0 Havre-Saint-Pierre, maintenant reconnue Distinction et membre de la Corporation des Thanatologues du Qu\u00e9bec.<\/p>\n<p>Vous pouvez consulter cet avis de d\u00e9c\u00e8s sur le <a href=\"https:\/\/nouveau.maisonmallet.com\/back05_01\">www.maisonmallet.com<\/a><\/p>\n<p>Ceux et celles qui le d\u00e9sirent, peuvent y envoyer des messages de sympathie.<\/p>\n<p>&nbsp;<\/p>\n<p>&nbsp;<\/p>\n<hr \/>\n<p>Envoyer vos condol\u00e9ances<\/p>\n<p>[contact-form to=\u00a0\u00bbcigale_40@hotmail.com\u00a0\u00bb subject=\u00a0\u00bbCondol\u00e9ances Rolande L\u00e9vesque\u00a0\u00bb][contact-field label=\u00a0\u00bbVotre nom\u00a0\u00bb type=\u00a0\u00bbname\u00a0\u00bb required=\u00a0\u00bb1&Prime;][contact-field label=\u00a0\u00bbVotre courriel\u00a0\u00bb type=\u00a0\u00bbemail\u00a0\u00bb required=\u00a0\u00bb1&Prime;][contact-field label=\u00a0\u00bbCondol\u00e9ances\u00a0\u00bb type=\u00a0\u00bbtextarea\u00a0\u00bb][\/contact-form]<\/p>\n","protected":false},"featured_media":17578,"template":"","event_cat":[7],"class_list":["post-17576","event","type-event","status-publish","has-post-thumbnail","hentry","event_cat-maison-l-j-g-mallet-inc"],"_links":{"self":[{"href":"https:\/\/nouveau.maisonmallet.com\/back05_01\/index.php?rest_route=\/wp\/v2\/event\/17576","targetHints":{"allow":["GET"]}}],"collection":[{"href":"https:\/\/nouveau.maisonmallet.com\/back05_01\/index.php?rest_route=\/wp\/v2\/event"}],"about":[{"href":"https:\/\/nouveau.maisonmallet.com\/back05_01\/index.php?rest_route=\/wp\/v2\/types\/event"}],"wp:featuredmedia":[{"embeddable":true,"href":"https:\/\/nouveau.maisonmallet.com\/back05_01\/index.php?rest_route=\/wp\/v2\/media\/17578"}],"wp:attachment":[{"href":"https:\/\/nouveau.maisonmallet.com\/back05_01\/index.php?rest_route=%2Fwp%2Fv2%2Fmedia&parent=17576"}],"wp:term":[{"taxonomy":"event_cat","embeddable":true,"href":"https:\/\/nouveau.maisonmallet.com\/back05_01\/index.php?rest_route=%2Fwp%2Fv2%2Fevent_cat&post=17576"}],"curies":[{"name":"wp","href":"https:\/\/api.w.org\/{rel}","templated":true}]}}

LÉVESQUE, Rolande

<p>&nbsp;</p>
<p>1948-2021</p>
<p>LÉVESQUE, Rolande</p>
<p>À Havre-Saint-Pierre, le 8 janvier 2021, est décédée à l’âge de 72 ans 3 mois, madame Rolande Lévesque fille de feu Roméo Lévesque et de feue Julienne Giasson domiciliée à Havre-Saint-Pierre.</p>
<p>Les funérailles de madame Rolande Lévesque auront lieu le samedi 10 juillet 2021 à 11 h en l’église Saint-Pierre de Havre-Saint-Pierre et de là au cimetière de l’endroit.</p>
<p><strong><u>Étant donné la situation entourant la COVID-19 et par souci de se conformer aux recommandations gouvernementales en matière de rassemblements intérieurs et des mesures strictes d’hygiène vous pouvez assister aux funérailles seulement sur invitation à l’Église Saint-Pierre. Un maximum de 250 personnes.</u></strong></p>
<p>Selon ses volontés, elle a été confiée au crématorium de la Maison L.J.G. Mallet pour crémation.</p>
<p>La famille reçoit parents et amis le samedi 10 juillet 2021 jour des funérailles à compter de 10 h au salon de la Maison L.J.G. Mallet du 1429, rue du Canot à Havre-Saint-Pierre.</p>
<p><strong>Dû aux circonstances reliées à la pandémie, vous pouvez venir présenter vos condoléances en respectant la distanciation physique et le port du masque sera obligatoire.</strong></p>
<p>Elle laisse dans le deuil son fils Martin Duguay (Lucie Gallant), ses petits-enfants : Isabelle et Hugo, ses sœurs : Renée et Michelle, son beau-frère, sa belle-sœur, ses neveux, ses nièces et de nombreux ami(e)s.</p>
<p>Elle était la mère de feu Gérald Duguay.</p>
<p>Vos marques de sympathie peuvent se traduire par un don à la Fondation du centre de santé de la Minganie ou à l’Association du cancer de l’est du Québec.</p>
<p>La famille a confié la direction des funérailles aux services professionnels de la Maison L.J.G. Mallet du 1429, rue du Canot à Havre-Saint-Pierre, maintenant reconnue Distinction et membre de la Corporation des Thanatologues du Québec.</p>
<p>Vous pouvez consulter cet avis de décès sur le <a href="https://nouveau.maisonmallet.com/back05_01">www.maisonmallet.com</a></p>
<p>Ceux et celles qui le désirent, peuvent y envoyer des messages de sympathie.</p>
<p>&nbsp;</p>
<p>&nbsp;</p>
<hr />
<p>Envoyer vos condoléances</p>
<p>[contact-form to= »cigale_40@hotmail.com » subject= »Condoléances Rolande Lévesque »][contact-field label= »Votre nom » type= »name » required= »1&Prime;][contact-field label= »Votre courriel » type= »email » required= »1&Prime;][contact-field label= »Condoléances » type= »textarea »][/contact-form]</p>
