{"id":17627,"date":"2020-12-23T15:45:45","date_gmt":"2020-12-23T20:45:45","guid":{"rendered":"https:\/\/nouveau.maisonmallet.com\/?post_type=event&#038;p=17627"},"modified":"2021-01-11T15:52:41","modified_gmt":"2021-01-11T20:52:41","slug":"lelievre-leopold","status":"publish","type":"event","link":"https:\/\/nouveau.maisonmallet.com\/back05_01\/?event=lelievre-leopold","title":{"rendered":"LELI\u00c8VRE, L\u00e9opold"},"content":{"rendered":"<p>1940 \u2013 2020<\/p>\n<p>LELI\u00c8VRE, L\u00e9opold<\/p>\n<p>&nbsp;<\/p>\n<p>\u00c0 Baie-Comeau, le 23 d\u00e9cembre 2020, est d\u00e9c\u00e9d\u00e9 \u00e0 l\u2019\u00e2ge de 80 ans, monsieur L\u00e9opold Leli\u00e8vre \u00e9poux de madame Nicole Bezeau et domicili\u00e9 \u00e0 Baie-Trinit\u00e9.<\/p>\n<p>La c\u00e9r\u00e9monie comm\u00e9morative de monsieur L\u00e9opold Leli\u00e8vre aura lieu \u00e0 une date ult\u00e9rieure.<\/p>\n<p>Selon ses volont\u00e9s, il a \u00e9t\u00e9 confi\u00e9 au cr\u00e9matorium de la Maison Mallet &amp; fils pour cr\u00e9mation.<\/p>\n<p>Il laisse dans le deuil outre son \u00e9pouse madame Nicole Bezeau, ses enfants\u00a0: Bruno (Diane), Isabelle (Gracien), Linda (Douglas), Jos\u00e9e (Mario), Manon (Alain) et Ren\u00e9e (Pierre) ainsi que ses petits-enfants, ses arri\u00e8re-petits-enfants, ses fr\u00e8res, ses s\u0153urs, ses beaux-fr\u00e8res, ses belles-s\u0153urs, ses neveux, ses ni\u00e8ces, ses cousins, ses cousines, et de nombreux ami(e)s.<\/p>\n<p>Il \u00e9tait le p\u00e8re de feu Robert Leli\u00e8vre.<\/p>\n<p>La famille a confi\u00e9 les arrangements aux services professionnels de la Maison Mallet &amp; fils du 585 Boul. Laure \u00e0 Sept-\u00celes, maintenant reconnue Distinction et membre de la Corporation des Thanatologues du Qu\u00e9bec.<\/p>\n<p>Vous pouvez consulter cet avis de d\u00e9c\u00e8s sur le\u00a0: <a href=\"https:\/\/nouveau.maisonmallet.com\/back05_01\">www.maisonmallet.com<\/a><\/p>\n<p>Ceux et celles qui le d\u00e9sirent, peuvent y envoyer des messages de sympathie.<\/p>\n<p>&nbsp;<\/p>\n<hr \/>\n<p>Envoyer vos condol\u00e9ances<\/p>\n<p>[contact-form to=\u00a0\u00bbjenlyna.ll@gmail.com\u00a0\u00bb subject=\u00a0\u00bbCondol\u00e9ances L\u00e9opold Leli\u00e8vre\u00a0\u00bb][contact-field label=\u00a0\u00bbVotre nom\u00a0\u00bb type=\u00a0\u00bbname\u00a0\u00bb required=\u00a0\u00bb1&Prime;][contact-field label=\u00a0\u00bbVotre courriel\u00a0\u00bb type=\u00a0\u00bbemail\u00a0\u00bb required=\u00a0\u00bb1&Prime;][contact-field label=\u00a0\u00bbCondol\u00e9ances\u00a0\u00bb type=\u00a0\u00bbtextarea\u00a0\u00bb][\/contact-form]<\/p>\n","protected":false},"featured_media":17633,"template":"","event_cat":[6],"class_list":["post-17627","event","type-event","status-publish","has-post-thumbnail","hentry","event_cat-maison-mallet-et-fils-inc"],"_links":{"self":[{"href":"https:\/\/nouveau.maisonmallet.com\/back05_01\/index.php?rest_route=\/wp\/v2\/event\/17627","targetHints":{"allow":["GET"]}}],"collection":[{"href":"https:\/\/nouveau.maisonmallet.com\/back05_01\/index.php?rest_route=\/wp\/v2\/event"}],"about":[{"href":"https:\/\/nouveau.maisonmallet.com\/back05_01\/index.php?rest_route=\/wp\/v2\/types\/event"}],"wp:featuredmedia":[{"embeddable":true,"href":"https:\/\/nouveau.maisonmallet.com\/back05_01\/index.php?rest_route=\/wp\/v2\/media\/17633"}],"wp:attachment":[{"href":"https:\/\/nouveau.maisonmallet.com\/back05_01\/index.php?rest_route=%2Fwp%2Fv2%2Fmedia&parent=17627"}],"wp:term":[{"taxonomy":"event_cat","embeddable":true,"href":"https:\/\/nouveau.maisonmallet.com\/back05_01\/index.php?rest_route=%2Fwp%2Fv2%2Fevent_cat&post=17627"}],"curies":[{"name":"wp","href":"https:\/\/api.w.org\/{rel}","templated":true}]}}

LELIÈVRE, Léopold

<p>1940 – 2020</p>
<p>LELIÈVRE, Léopold</p>
<p>&nbsp;</p>
<p>À Baie-Comeau, le 23 décembre 2020, est décédé à l’âge de 80 ans, monsieur Léopold Lelièvre époux de madame Nicole Bezeau et domicilié à Baie-Trinité.</p>
<p>La cérémonie commémorative de monsieur Léopold Lelièvre aura lieu à une date ultérieure.</p>
<p>Selon ses volontés, il a été confié au crématorium de la Maison Mallet &amp; fils pour crémation.</p>
<p>Il laisse dans le deuil outre son épouse madame Nicole Bezeau, ses enfants : Bruno (Diane), Isabelle (Gracien), Linda (Douglas), Josée (Mario), Manon (Alain) et Renée (Pierre) ainsi que ses petits-enfants, ses arrière-petits-enfants, ses frères, ses sœurs, ses beaux-frères, ses belles-sœurs, ses neveux, ses nièces, ses cousins, ses cousines, et de nombreux ami(e)s.</p>
<p>Il était le père de feu Robert Lelièvre.</p>
<p>La famille a confié les arrangements aux services professionnels de la Maison Mallet &amp; fils du 585 Boul. Laure à Sept-Îles, maintenant reconnue Distinction et membre de la Corporation des Thanatologues du Québec.</p>
<p>Vous pouvez consulter cet avis de décès sur le : <a href="https://nouveau.maisonmallet.com/back05_01">www.maisonmallet.com</a></p>
<p>Ceux et celles qui le désirent, peuvent y envoyer des messages de sympathie.</p>
<p>&nbsp;</p>
<hr />
<p>Envoyer vos condoléances</p>
<p>[contact-form to= »jenlyna.ll@gmail.com » subject= »Condoléances Léopold Lelièvre »][contact-field label= »Votre nom » type= »name » required= »1&Prime;][contact-field label= »Votre courriel » type= »email » required= »1&Prime;][contact-field label= »Condoléances » type= »textarea »][/contact-form]</p>
