{"id":17632,"date":"2020-12-24T08:50:14","date_gmt":"2020-12-24T13:50:14","guid":{"rendered":"https:\/\/nouveau.maisonmallet.com\/?post_type=event&#038;p=17632"},"modified":"2021-08-30T20:10:23","modified_gmt":"2021-08-31T00:10:23","slug":"modele-nom-prenom-22","status":"publish","type":"event","link":"https:\/\/nouveau.maisonmallet.com\/back05_01\/?event=modele-nom-prenom-22","title":{"rendered":"BROWN, Pauline (Landry)"},"content":{"rendered":"<p>1938 &#8211; 2020<\/p>\n<p>BROWN, Pauline (Landry)<\/p>\n<p>&nbsp;<\/p>\n<p>\u00c0 Sept-\u00celes, le 24 d\u00e9cembre 2020, est d\u00e9c\u00e9d\u00e9e \u00e0 l\u2019\u00e2ge de 82 \u00a0ans, madame Pauline Brown \u00e9pouse de monsieur Jacques Landry et domicili\u00e9e \u00e0 Sept-\u00celes.<\/p>\n<p>Les fun\u00e9railles de madame Pauline Brown Landry auront lieu le mardi 10 ao\u00fbt 2021 \u00e0 10 h 30 en l\u2019\u00e9glise Marie-Immacul\u00e9e situ\u00e9e au 180, rue Papineau \u00e0 Sept-\u00celes.<\/p>\n<p>Selon ses volont\u00e9s, elle a \u00e9t\u00e9 confi\u00e9e au cr\u00e9matorium de la Maison Mallet &amp; fils pour cr\u00e9mation.<\/p>\n<p>La famille re\u00e7oit parents et amis le lundi 9 ao\u00fbt 2021 de 19 h \u00e0 22 h. Le mardi 10 ao\u00fbt 2021 jour des fun\u00e9railles \u00e0 compter de 9 h au Complexe Thanatologique Mallet &amp; fils du 585 Boul. Laure \u00e0 Sept-\u00celes.<\/p>\n<p><strong><u>D\u00fb aux circonstances reli\u00e9es \u00e0 la pand\u00e9mie, vous pouvez venir pr\u00e9senter vos condol\u00e9ances en respectant la distanciation physique et le port du masque sera obligatoire.<\/u><\/strong><\/p>\n<p>Elle laisse dans le deuil outre son \u00e9poux monsieur Jacques Landry, ses fils Andr\u00e9-Carl (Eric Martin)et Jacques Jr. (Guylaine Morin) ainsi que ses s\u0153urs\u00a0: Jacqueline (feu Yvon Lemieux), Shirley (\u00c9milien Caron), Micheline (Roland Martin), Marlyne (Jean Mbaraga) et son fr\u00e8re Carl (Marie Dub\u00e9), ses beaux-fr\u00e8res, ses belles-s\u0153urs, ses neveux, ses ni\u00e8ces, ses cousins, ses cousines et de nombreux ami(e)s.<\/p>\n<p>Vos marques de sympathie peuvent se traduire par un don la Fondation des maladies du c\u0153ur et de l\u2019AVC <a href=\"http:\/\/www.fmcoeur.qc.ca\">www.fmcoeur.qc.ca<\/a><\/p>\n<p>La famille a confi\u00e9 la direction des fun\u00e9railles aux services professionnels de la Maison Mallet &amp; fils du 585, boul. Laure \u00e0 Sept-\u00celes, maintenant reconnue Distinction et membre de la Corporation des Thanatologues du Qu\u00e9bec.<\/p>\n<p>Vous pouvez consulter cet avis de d\u00e9c\u00e8s sur le <a href=\"https:\/\/nouveau.maisonmallet.com\/back05_01\">www.maisonmallet.com<\/a><\/p>\n<p>Ceux et celles qui le d\u00e9sirent peuvent y envoyer des messages de sympathie.<\/p>\n<p>&nbsp;<\/p>\n<hr \/>\n<p>Envoyer vos condol\u00e9ances<\/p>\n<p>[contact-form to=\u00a0\u00bbpaulinejacqueslandry@live.fr\u00a0\u00bb subject=\u00a0\u00bbCondol\u00e9ances Pauline Brown\u00a0\u00bb][contact-field label=\u00a0\u00bbVotre nom\u00a0\u00bb type=\u00a0\u00bbname\u00a0\u00bb required=\u00a0\u00bb1&Prime;][contact-field label=\u00a0\u00bbVotre courriel\u00a0\u00bb type=\u00a0\u00bbemail\u00a0\u00bb required=\u00a0\u00bb1&Prime;][contact-field label=\u00a0\u00bbCondol\u00e9ances\u00a0\u00bb type=\u00a0\u00bbtextarea\u00a0\u00bb][\/contact-form]<\/p>\n","protected":false},"featured_media":17696,"template":"","event_cat":[6],"class_list":["post-17632","event","type-event","status-publish","has-post-thumbnail","hentry","event_cat-maison-mallet-et-fils-inc"],"_links":{"self":[{"href":"https:\/\/nouveau.maisonmallet.com\/back05_01\/index.php?rest_route=\/wp\/v2\/event\/17632","targetHints":{"allow":["GET"]}}],"collection":[{"href":"https:\/\/nouveau.maisonmallet.com\/back05_01\/index.php?rest_route=\/wp\/v2\/event"}],"about":[{"href":"https:\/\/nouveau.maisonmallet.com\/back05_01\/index.php?rest_route=\/wp\/v2\/types\/event"}],"wp:featuredmedia":[{"embeddable":true,"href":"https:\/\/nouveau.maisonmallet.com\/back05_01\/index.php?rest_route=\/wp\/v2\/media\/17696"}],"wp:attachment":[{"href":"https:\/\/nouveau.maisonmallet.com\/back05_01\/index.php?rest_route=%2Fwp%2Fv2%2Fmedia&parent=17632"}],"wp:term":[{"taxonomy":"event_cat","embeddable":true,"href":"https:\/\/nouveau.maisonmallet.com\/back05_01\/index.php?rest_route=%2Fwp%2Fv2%2Fevent_cat&post=17632"}],"curies":[{"name":"wp","href":"https:\/\/api.w.org\/{rel}","templated":true}]}}

<p>1938 &#8211; 2020</p>
<p>BROWN, Pauline (Landry)</p>
<p>&nbsp;</p>
<p>À Sept-Îles, le 24 décembre 2020, est décédée à l’âge de 82  ans, madame Pauline Brown épouse de monsieur Jacques Landry et domiciliée à Sept-Îles.</p>
<p>Les funérailles de madame Pauline Brown Landry auront lieu le mardi 10 août 2021 à 10 h 30 en l’église Marie-Immaculée située au 180, rue Papineau à Sept-Îles.</p>
<p>Selon ses volontés, elle a été confiée au crématorium de la Maison Mallet &amp; fils pour crémation.</p>
<p>La famille reçoit parents et amis le lundi 9 août 2021 de 19 h à 22 h. Le mardi 10 août 2021 jour des funérailles à compter de 9 h au Complexe Thanatologique Mallet &amp; fils du 585 Boul. Laure à Sept-Îles.</p>
<p><strong><u>Dû aux circonstances reliées à la pandémie, vous pouvez venir présenter vos condoléances en respectant la distanciation physique et le port du masque sera obligatoire.</u></strong></p>
<p>Elle laisse dans le deuil outre son époux monsieur Jacques Landry, ses fils André-Carl (Eric Martin)et Jacques Jr. (Guylaine Morin) ainsi que ses sœurs : Jacqueline (feu Yvon Lemieux), Shirley (Émilien Caron), Micheline (Roland Martin), Marlyne (Jean Mbaraga) et son frère Carl (Marie Dubé), ses beaux-frères, ses belles-sœurs, ses neveux, ses nièces, ses cousins, ses cousines et de nombreux ami(e)s.</p>
<p>Vos marques de sympathie peuvent se traduire par un don la Fondation des maladies du cœur et de l’AVC <a href="http://www.fmcoeur.qc.ca">www.fmcoeur.qc.ca</a></p>
<p>La famille a confié la direction des funérailles aux services professionnels de la Maison Mallet &amp; fils du 585, boul. Laure à Sept-Îles, maintenant reconnue Distinction et membre de la Corporation des Thanatologues du Québec.</p>
<p>Vous pouvez consulter cet avis de décès sur le <a href="https://nouveau.maisonmallet.com/back05_01">www.maisonmallet.com</a></p>
<p>Ceux et celles qui le désirent peuvent y envoyer des messages de sympathie.</p>
<p>&nbsp;</p>
<hr />
<p>Envoyer vos condoléances</p>
<p>[contact-form to= »paulinejacqueslandry@live.fr » subject= »Condoléances Pauline Brown »][contact-field label= »Votre nom » type= »name » required= »1&Prime;][contact-field label= »Votre courriel » type= »email » required= »1&Prime;][contact-field label= »Condoléances » type= »textarea »][/contact-form]</p>
