{"id":1796,"date":"2016-10-19T16:38:15","date_gmt":"2016-10-19T20:38:15","guid":{"rendered":"http:\/\/207.253.81.73\/?post_type=event&#038;p=1796"},"modified":"2019-05-10T10:48:33","modified_gmt":"2019-05-10T14:48:33","slug":"michel-caroline-gregoire","status":"publish","type":"event","link":"https:\/\/nouveau.maisonmallet.com\/back05_01\/?event=michel-caroline-gregoire","title":{"rendered":"MICHEL, Caroline (Gr\u00e9goire)"},"content":{"rendered":"<p>\u00c0 Uashat, le 19 octobre 2016, est d\u00e9c\u00e9d\u00e9e l\u2019\u00e2ge de 69 ans madame Caroline Michel \u00e9pouse de feu Charles Gr\u00e9goire et domicili\u00e9e \u00e0 Uashat.<\/p>\n<p>&nbsp;<\/p>\n<p>Les fun\u00e9railles de madame Caroline Michel Gr\u00e9goire auront lieu le samedi 22 octobre 2016 \u00e0 14 h en l\u2019\u00e9glise Kateri Tekakwitha, situ\u00e9e au 1035, rue Dequen \u00e0 Uashat et de l\u00e0 au cimeti\u00e8re de Uashat.<\/p>\n<p>&nbsp;<\/p>\n<p>La famille re\u00e7oit parents et amis le vendredi 21 octobre 2016 \u00e0 compter de 10 h au 1, rue Massen \u00e0 Uashat.<\/p>\n<p>&nbsp;<\/p>\n<p>Elle laisse dans le deuil ses filles\u00a0: Rose-Anne et Dolor\u00e8s, ses quatorze petits-enfants, ses dix arri\u00e8re-petits-enfants ainsi que ses fr\u00e8res, ses s\u0153urs, ses beaux-fr\u00e8res, ses belles-s\u0153urs, ses neveux, ses ni\u00e8ces, ses cousins, ses cousines, et de nombreux ami(e)s.<\/p>\n<p>&nbsp;<\/p>\n<p>La famille a confi\u00e9 la direction des fun\u00e9railles aux services professionnels de la Maison Mallet &amp; fils du 585, boul. Laure \u00e0 Sept-\u00celes, maintenant reconnue Distinction et membre de la Corporation des Thanatologues du Qu\u00e9bec.<\/p>\n<p>&nbsp;<\/p>\n<p>Vous pouvez consulter cet avis de d\u00e9c\u00e8s, sur le <a href=\"https:\/\/nouveau.maisonmallet.com\/back05_01\/\">www.maisonmallet.com<\/a><\/p>\n<p>Ceux et celles qui le d\u00e9sirent, peuvent y envoyer des messages de sympathie.<\/p>\n<hr \/>\n<h2>Envoyer vos condol\u00e9ances<\/h2>\n<p>[contact-form to=&rsquo;daniel.charette@cima.ca&rsquo; subject=&rsquo;Condol\u00e9ances&rsquo;][contact-field label=&rsquo;Votre nom&rsquo; type=&rsquo;name&rsquo; required=&rsquo;1&rsquo;\/][contact-field label=&rsquo;Votre courriel&rsquo; type=&#8217;email&rsquo; required=&rsquo;1&rsquo;\/][contact-field label=&rsquo;Condol\u00e9ances&rsquo; type=&rsquo;textarea&rsquo;\/][\/contact-form]<\/p>\n","protected":false},"featured_media":26,"template":"","event_cat":[6],"class_list":["post-1796","event","type-event","status-publish","has-post-thumbnail","hentry","event_cat-maison-mallet-et-fils-inc"],"_links":{"self":[{"href":"https:\/\/nouveau.maisonmallet.com\/back05_01\/index.php?rest_route=\/wp\/v2\/event\/1796","targetHints":{"allow":["GET"]}}],"collection":[{"href":"https:\/\/nouveau.maisonmallet.com\/back05_01\/index.php?rest_route=\/wp\/v2\/event"}],"about":[{"href":"https:\/\/nouveau.maisonmallet.com\/back05_01\/index.php?rest_route=\/wp\/v2\/types\/event"}],"wp:featuredmedia":[{"embeddable":true,"href":"https:\/\/nouveau.maisonmallet.com\/back05_01\/index.php?rest_route=\/wp\/v2\/media\/26"}],"wp:attachment":[{"href":"https:\/\/nouveau.maisonmallet.com\/back05_01\/index.php?rest_route=%2Fwp%2Fv2%2Fmedia&parent=1796"}],"wp:term":[{"taxonomy":"event_cat","embeddable":true,"href":"https:\/\/nouveau.maisonmallet.com\/back05_01\/index.php?rest_route=%2Fwp%2Fv2%2Fevent_cat&post=1796"}],"curies":[{"name":"wp","href":"https:\/\/api.w.org\/{rel}","templated":true}]}}

MICHEL, Caroline (Grégoire)

<p>À Uashat, le 19 octobre 2016, est décédée l’âge de 69 ans madame Caroline Michel épouse de feu Charles Grégoire et domiciliée à Uashat.</p>
<p>&nbsp;</p>
<p>Les funérailles de madame Caroline Michel Grégoire auront lieu le samedi 22 octobre 2016 à 14 h en l’église Kateri Tekakwitha, située au 1035, rue Dequen à Uashat et de là au cimetière de Uashat.</p>
<p>&nbsp;</p>
<p>La famille reçoit parents et amis le vendredi 21 octobre 2016 à compter de 10 h au 1, rue Massen à Uashat.</p>
<p>&nbsp;</p>
<p>Elle laisse dans le deuil ses filles : Rose-Anne et Dolorès, ses quatorze petits-enfants, ses dix arrière-petits-enfants ainsi que ses frères, ses sœurs, ses beaux-frères, ses belles-sœurs, ses neveux, ses nièces, ses cousins, ses cousines, et de nombreux ami(e)s.</p>
<p>&nbsp;</p>
<p>La famille a confié la direction des funérailles aux services professionnels de la Maison Mallet &amp; fils du 585, boul. Laure à Sept-Îles, maintenant reconnue Distinction et membre de la Corporation des Thanatologues du Québec.</p>
<p>&nbsp;</p>
<p>Vous pouvez consulter cet avis de décès, sur le <a href="https://nouveau.maisonmallet.com/back05_01/">www.maisonmallet.com</a></p>
<p>Ceux et celles qui le désirent, peuvent y envoyer des messages de sympathie.</p>
<hr />
<h2>Envoyer vos condoléances</h2>
<p>[contact-form to=&rsquo;daniel.charette@cima.ca&rsquo; subject=&rsquo;Condoléances&rsquo;][contact-field label=&rsquo;Votre nom&rsquo; type=&rsquo;name&rsquo; required=&rsquo;1&rsquo;/][contact-field label=&rsquo;Votre courriel&rsquo; type=&#8217;email&rsquo; required=&rsquo;1&rsquo;/][contact-field label=&rsquo;Condoléances&rsquo; type=&rsquo;textarea&rsquo;/][/contact-form]</p>
