{"id":1798,"date":"2016-10-15T16:39:25","date_gmt":"2016-10-15T20:39:25","guid":{"rendered":"http:\/\/207.253.81.73\/?post_type=event&#038;p=1798"},"modified":"2019-05-10T10:47:06","modified_gmt":"2019-05-10T14:47:06","slug":"colford-anita","status":"publish","type":"event","link":"https:\/\/nouveau.maisonmallet.com\/back05_01\/?event=colford-anita","title":{"rendered":"COLFORD, Anita"},"content":{"rendered":"<p>1951 \u2013 2016<\/p>\n<p>&nbsp;<\/p>\n<p>\u00c0 Sept-\u00celes (maison \u00c9lyme des sables), le 15 octobre 2016, est d\u00e9c\u00e9d\u00e9e \u00e0 l\u2019\u00e2ge de 65 ans, madame Anita Colford conjointe de monsieur G\u00e9rard Smith et domicili\u00e9e \u00e0 Sept-\u00celes.<\/p>\n<p>&nbsp;<\/p>\n<p>La c\u00e9r\u00e9monie comm\u00e9morative de madame Anita Colford aura lieu le mercredi 19 octobre 2016, \u00e0 14 h 30, \u00e0 la chapelle du Complexe Thanatologique Mallet &amp; fils et de l\u00e0 au cimeti\u00e8re de Pentec\u00f4te.<\/p>\n<p>&nbsp;<\/p>\n<p>Selon ses volont\u00e9s, elle a \u00e9t\u00e9 confi\u00e9e au cr\u00e9matorium de la Maison Mallet &amp; fils pour cr\u00e9mation.<\/p>\n<p>La famille re\u00e7oit parents et amis le mercredi 19 octobre 2016, jour de la c\u00e9r\u00e9monie, de 13 h \u00e0 14 h 30, au Complexe Thanatologique Mallet &amp; fils du 585, boul. Laure \u00e0 Sept-\u00celes.<\/p>\n<p>&nbsp;<\/p>\n<p>Elle laisse dans le deuil outre son conjoint monsieur G\u00e9rard Smith, ses filles, son beau-fils, sa s\u0153ur, ses beaux-fr\u00e8res, ses belles-s\u0153urs, ses neveux, ses ni\u00e8ces, ses cousins, ses cousines et de nombreux ami(e)s<\/p>\n<p>.<\/p>\n<p>Vos marques de sympathie peuvent se traduire par un don \u00e0 l\u2019\u00c9lyme des sables <a href=\"http:\/\/www.elymedessables.com\/\">www.elymedessables.com<\/a><\/p>\n<p>&nbsp;<\/p>\n<p>La famille a confi\u00e9 les arrangements aux services professionnels de la Maison Mallet &amp; fils du 585, boul. Laure \u00e0 Sept-\u00celes, maintenant reconnue Distinction et membre de la Corporation des Thanatologues du Qu\u00e9bec.<\/p>\n<p>&nbsp;<\/p>\n<p>Vous pouvez consulter cet avis de d\u00e9c\u00e8s, sur le <a href=\"https:\/\/nouveau.maisonmallet.com\/back05_01\/\">www.maisonmallet.com<\/a><\/p>\n<p>Ceux et celles qui le d\u00e9sirent peuvent y envoyer des messages de sympathie.<\/p>\n<hr \/>\n<h2>Envoyer vos condol\u00e9ances<\/h2>\n<p>[contact-form to=&rsquo;thekomaster@hotmail.com&rsquo; subject=&rsquo;Condol\u00e9ances&rsquo;][contact-field label=&rsquo;Votre nom&rsquo; type=&rsquo;name&rsquo; required=&rsquo;1&rsquo;\/][contact-field label=&rsquo;Votre courriel&rsquo; type=&#8217;email&rsquo; required=&rsquo;1&rsquo;\/][contact-field label=&rsquo;Condol\u00e9ances&rsquo; type=&rsquo;textarea&rsquo;\/][\/contact-form]<\/p>\n","protected":false},"featured_media":26,"template":"","event_cat":[6],"class_list":["post-1798","event","type-event","status-publish","has-post-thumbnail","hentry","event_cat-maison-mallet-et-fils-inc"],"_links":{"self":[{"href":"https:\/\/nouveau.maisonmallet.com\/back05_01\/index.php?rest_route=\/wp\/v2\/event\/1798","targetHints":{"allow":["GET"]}}],"collection":[{"href":"https:\/\/nouveau.maisonmallet.com\/back05_01\/index.php?rest_route=\/wp\/v2\/event"}],"about":[{"href":"https:\/\/nouveau.maisonmallet.com\/back05_01\/index.php?rest_route=\/wp\/v2\/types\/event"}],"wp:featuredmedia":[{"embeddable":true,"href":"https:\/\/nouveau.maisonmallet.com\/back05_01\/index.php?rest_route=\/wp\/v2\/media\/26"}],"wp:attachment":[{"href":"https:\/\/nouveau.maisonmallet.com\/back05_01\/index.php?rest_route=%2Fwp%2Fv2%2Fmedia&parent=1798"}],"wp:term":[{"taxonomy":"event_cat","embeddable":true,"href":"https:\/\/nouveau.maisonmallet.com\/back05_01\/index.php?rest_route=%2Fwp%2Fv2%2Fevent_cat&post=1798"}],"curies":[{"name":"wp","href":"https:\/\/api.w.org\/{rel}","templated":true}]}}

<p>1951 – 2016</p>
<p>&nbsp;</p>
<p>À Sept-Îles (maison Élyme des sables), le 15 octobre 2016, est décédée à l’âge de 65 ans, madame Anita Colford conjointe de monsieur Gérard Smith et domiciliée à Sept-Îles.</p>
<p>&nbsp;</p>
<p>La cérémonie commémorative de madame Anita Colford aura lieu le mercredi 19 octobre 2016, à 14 h 30, à la chapelle du Complexe Thanatologique Mallet &amp; fils et de là au cimetière de Pentecôte.</p>
<p>&nbsp;</p>
<p>Selon ses volontés, elle a été confiée au crématorium de la Maison Mallet &amp; fils pour crémation.</p>
<p>La famille reçoit parents et amis le mercredi 19 octobre 2016, jour de la cérémonie, de 13 h à 14 h 30, au Complexe Thanatologique Mallet &amp; fils du 585, boul. Laure à Sept-Îles.</p>
<p>&nbsp;</p>
<p>Elle laisse dans le deuil outre son conjoint monsieur Gérard Smith, ses filles, son beau-fils, sa sœur, ses beaux-frères, ses belles-sœurs, ses neveux, ses nièces, ses cousins, ses cousines et de nombreux ami(e)s</p>
<p>.</p>
<p>Vos marques de sympathie peuvent se traduire par un don à l’Élyme des sables <a href="http://www.elymedessables.com/">www.elymedessables.com</a></p>
<p>&nbsp;</p>
<p>La famille a confié les arrangements aux services professionnels de la Maison Mallet &amp; fils du 585, boul. Laure à Sept-Îles, maintenant reconnue Distinction et membre de la Corporation des Thanatologues du Québec.</p>
<p>&nbsp;</p>
<p>Vous pouvez consulter cet avis de décès, sur le <a href="https://nouveau.maisonmallet.com/back05_01/">www.maisonmallet.com</a></p>
<p>Ceux et celles qui le désirent peuvent y envoyer des messages de sympathie.</p>
<hr />
<h2>Envoyer vos condoléances</h2>
<p>[contact-form to=&rsquo;thekomaster@hotmail.com&rsquo; subject=&rsquo;Condoléances&rsquo;][contact-field label=&rsquo;Votre nom&rsquo; type=&rsquo;name&rsquo; required=&rsquo;1&rsquo;/][contact-field label=&rsquo;Votre courriel&rsquo; type=&#8217;email&rsquo; required=&rsquo;1&rsquo;/][contact-field label=&rsquo;Condoléances&rsquo; type=&rsquo;textarea&rsquo;/][/contact-form]</p>
