{"id":18049,"date":"2021-10-03T14:16:47","date_gmt":"2021-10-03T18:16:47","guid":{"rendered":"https:\/\/nouveau.maisonmallet.com\/?post_type=event&#038;p=18049"},"modified":"2021-10-04T14:05:50","modified_gmt":"2021-10-04T18:05:50","slug":"riffou-vincent","status":"publish","type":"event","link":"https:\/\/nouveau.maisonmallet.com\/back05_01\/?event=riffou-vincent","title":{"rendered":"RIFFOU, Vincent"},"content":{"rendered":"<p>1930 \u2013 2021<\/p>\n<p>RIFFOU, Vincent<\/p>\n<p>&nbsp;<\/p>\n<p>\u00c0 Port-Cartier, le 24 janvier 2021, est d\u00e9c\u00e9d\u00e9 \u00e0 l\u2019\u00e2ge de 90 ans, monsieur Vincent Riffou \u00e9poux de feue Colette Girard et domicili\u00e9 \u00e0 Port-Cartier.<\/p>\n<p>Les fun\u00e9railles de monsieur Vincent Riffou auront lieu le samedi 9 octobre 2021 \u00e0 14 h en l\u2019\u00e9glise Sacr\u00e9-C\u0153ur situ\u00e9e au 38, rue Parent \u00e0 Port-Cartier et de l\u00e0 au cimeti\u00e8re de l`endroit.<\/p>\n<p>Selon ses volont\u00e9s, il a \u00e9t\u00e9 confi\u00e9 au cr\u00e9matorium de la maison Mallet &amp; fils pour cr\u00e9mation.<\/p>\n<p>La famille re\u00e7oit parents et amis le samedi 9 octobre 2021 jour des fun\u00e9railles de 10 h \u00e0 11 h 30 et de 12 h 30 \u00e0 14 h au Complexe Thanatologique Mallet &amp; fils du 57, route 138 \u00e0 Port-Cartier.<\/p>\n<p><strong><u>D\u00fb aux circonstances reli\u00e9es \u00e0 la pand\u00e9mie, vous pouvez venir pr\u00e9senter vos condol\u00e9ances en respectant la distanciation physique et le port du masque sera obligatoire.<\/u><\/strong><\/p>\n<p>Il laisse dans le deuil ses enfants\u00a0: Andr\u00e9e (Richard Loomes), \u00c9gide (Nicole Dauth), Louis et Caroline (Daniel L\u00e9pine), Kathy (Richard Therriault), ses petits-enfants\u00a0: Dominic, Mireille, Sandrine, Mathilde, Alex et Maxim ainsi que ses s\u0153urs\u00a0: Ruth (feu Rudolf Schaefer) et Lise (Andr\u00e9 Beaudin), sa belle-s\u0153ur Louise (feu Jean Riffou), ses neveux, ses ni\u00e8ces, ses cousins, ses cousines et de nombreux ami(e)s.<\/p>\n<p>Vos marques de sympathie peuvent se traduire par un don au centre int\u00e9gr\u00e9 de sant\u00e9 et de services sociaux de la C\u00f4te-Nord de Port-Cartier pour les soins palliatifs (3, rue Shelter Bay, Port-Cartier G5B 2W9.)<\/p>\n<p>La famille a confi\u00e9 les arrangements aux services professionnels de la Maison Mallet &amp; fils du 585 Boul. Laure \u00e0 Sept-\u00celes, maintenant reconnue Distinction et membre de la Corporation des Thanatologues du Qu\u00e9bec.<\/p>\n<p>Vous pouvez consulter cet avis de d\u00e9c\u00e8s sur le\u00a0: <a href=\"https:\/\/nouveau.maisonmallet.com\/back05_01\">www.maisonmallet.com<\/a><\/p>\n<p>Ceux et celles qui le d\u00e9sirent, peuvent y envoyer des messages de sympathie.<\/p>\n<p>&nbsp;<\/p>\n<hr \/>\n<p>Envoyer vos condol\u00e9ances<\/p>\n<p>[contact-form to=\u00a0\u00bbandree@plumbline.ca\u00a0\u00bb subject=\u00a0\u00bbCondol\u00e9ances Vincent Riffou\u00a0\u00bb][contact-field label=\u00a0\u00bbVotre nom\u00a0\u00bb type=\u00a0\u00bbname\u00a0\u00bb required=\u00a0\u00bb1&Prime;][contact-field label=\u00a0\u00bbVotre courriel\u00a0\u00bb type=\u00a0\u00bbemail\u00a0\u00bb required=\u00a0\u00bb1&Prime;][contact-field label=\u00a0\u00bbCondol\u00e9ances\u00a0\u00bb type=\u00a0\u00bbtextarea\u00a0\u00bb][\/contact-form]<\/p>\n","protected":false},"featured_media":18090,"template":"","event_cat":[6],"class_list":["post-18049","event","type-event","status-publish","has-post-thumbnail","hentry","event_cat-maison-mallet-et-fils-inc"],"_links":{"self":[{"href":"https:\/\/nouveau.maisonmallet.com\/back05_01\/index.php?rest_route=\/wp\/v2\/event\/18049","targetHints":{"allow":["GET"]}}],"collection":[{"href":"https:\/\/nouveau.maisonmallet.com\/back05_01\/index.php?rest_route=\/wp\/v2\/event"}],"about":[{"href":"https:\/\/nouveau.maisonmallet.com\/back05_01\/index.php?rest_route=\/wp\/v2\/types\/event"}],"wp:featuredmedia":[{"embeddable":true,"href":"https:\/\/nouveau.maisonmallet.com\/back05_01\/index.php?rest_route=\/wp\/v2\/media\/18090"}],"wp:attachment":[{"href":"https:\/\/nouveau.maisonmallet.com\/back05_01\/index.php?rest_route=%2Fwp%2Fv2%2Fmedia&parent=18049"}],"wp:term":[{"taxonomy":"event_cat","embeddable":true,"href":"https:\/\/nouveau.maisonmallet.com\/back05_01\/index.php?rest_route=%2Fwp%2Fv2%2Fevent_cat&post=18049"}],"curies":[{"name":"wp","href":"https:\/\/api.w.org\/{rel}","templated":true}]}}

<p>1930 – 2021</p>
<p>RIFFOU, Vincent</p>
<p>&nbsp;</p>
<p>À Port-Cartier, le 24 janvier 2021, est décédé à l’âge de 90 ans, monsieur Vincent Riffou époux de feue Colette Girard et domicilié à Port-Cartier.</p>
<p>Les funérailles de monsieur Vincent Riffou auront lieu le samedi 9 octobre 2021 à 14 h en l’église Sacré-Cœur située au 38, rue Parent à Port-Cartier et de là au cimetière de l`endroit.</p>
<p>Selon ses volontés, il a été confié au crématorium de la maison Mallet &amp; fils pour crémation.</p>
<p>La famille reçoit parents et amis le samedi 9 octobre 2021 jour des funérailles de 10 h à 11 h 30 et de 12 h 30 à 14 h au Complexe Thanatologique Mallet &amp; fils du 57, route 138 à Port-Cartier.</p>
<p><strong><u>Dû aux circonstances reliées à la pandémie, vous pouvez venir présenter vos condoléances en respectant la distanciation physique et le port du masque sera obligatoire.</u></strong></p>
<p>Il laisse dans le deuil ses enfants : Andrée (Richard Loomes), Égide (Nicole Dauth), Louis et Caroline (Daniel Lépine), Kathy (Richard Therriault), ses petits-enfants : Dominic, Mireille, Sandrine, Mathilde, Alex et Maxim ainsi que ses sœurs : Ruth (feu Rudolf Schaefer) et Lise (André Beaudin), sa belle-sœur Louise (feu Jean Riffou), ses neveux, ses nièces, ses cousins, ses cousines et de nombreux ami(e)s.</p>
<p>Vos marques de sympathie peuvent se traduire par un don au centre intégré de santé et de services sociaux de la Côte-Nord de Port-Cartier pour les soins palliatifs (3, rue Shelter Bay, Port-Cartier G5B 2W9.)</p>
<p>La famille a confié les arrangements aux services professionnels de la Maison Mallet &amp; fils du 585 Boul. Laure à Sept-Îles, maintenant reconnue Distinction et membre de la Corporation des Thanatologues du Québec.</p>
<p>Vous pouvez consulter cet avis de décès sur le : <a href="https://nouveau.maisonmallet.com/back05_01">www.maisonmallet.com</a></p>
<p>Ceux et celles qui le désirent, peuvent y envoyer des messages de sympathie.</p>
<p>&nbsp;</p>
<hr />
<p>Envoyer vos condoléances</p>
<p>[contact-form to= »andree@plumbline.ca » subject= »Condoléances Vincent Riffou »][contact-field label= »Votre nom » type= »name » required= »1&Prime;][contact-field label= »Votre courriel » type= »email » required= »1&Prime;][contact-field label= »Condoléances » type= »textarea »][/contact-form]</p>
