{"id":18091,"date":"2021-01-22T14:30:53","date_gmt":"2021-01-22T19:30:53","guid":{"rendered":"https:\/\/nouveau.maisonmallet.com\/?post_type=event&#038;p=18091"},"modified":"2021-02-01T15:03:20","modified_gmt":"2021-02-01T20:03:20","slug":"jean-jos","status":"publish","type":"event","link":"https:\/\/nouveau.maisonmallet.com\/back05_01\/?event=jean-jos","title":{"rendered":"JEAN, Jos"},"content":{"rendered":"<p>1928 \u2013 2021<\/p>\n<p>JEAN, Joseph (Jos)<\/p>\n<p>&nbsp;<\/p>\n<p>\u00c0 Baie-Comeau, le 22 janvier 2021, est d\u00e9c\u00e9d\u00e9 \u00e0 l\u2019\u00e2ge de 92 ans, monsieur Jos Jean fils de feu Albert Jean et de feu Marie-Louise Paige domicili\u00e9 \u00e0 Baie-Comeau.<\/p>\n<p>Les fun\u00e9railles de monsieur Joseph Jean auront lieu \u00e0 une date ult\u00e9rieure.<\/p>\n<p>Selon ses volont\u00e9s, il a \u00e9t\u00e9 confi\u00e9 au cr\u00e9matorium de la maison Mallet &amp; fils pour cr\u00e9mation.<\/p>\n<p>Il laisse dans le deuil ses enfants : David (Claudette Gallant), Alexandre, Simon (Julie Boudreault), ses petits-enfants : Ludovic, Eddy, Am\u00e9lie (Jean-S\u00e9bastien Tremblay), Pam\u00e9la (Rudy Blais Bouchard), Nicolas, Anthony (L\u00e9a Racine) et Vincent (Alexandra Boivin), ses s\u0153urs : Emma, S\u0153ur Aurore et S\u0153ur Marie ainsi que ses fr\u00e8res : Ferdinand (Evelyne Chouinard) et Andr\u00e9 (Marise Plante), sa belle-s\u0153ur Marguerite Monpas (feu L\u00e9o Jean), ses neveux, ses ni\u00e8ces et de nombreux ami(e)s.<\/p>\n<p>Vos marques de sympathie peuvent se traduire par un don la Fondation des maladies du c\u0153ur et de l\u2019AVC <a href=\"http:\/\/www.fmcoeur.qc.ca\">www.fmcoeur.qc.ca<\/a><\/p>\n<p>La famille a confi\u00e9 les arrangements aux services professionnels de la Maison Mallet &amp; fils du 585 Boul. Laure \u00e0 Sept-\u00celes, maintenant reconnue Distinction et membre de la Corporation des Thanatologues du Qu\u00e9bec.<\/p>\n<p>Vous pouvez consulter cet avis de d\u00e9c\u00e8s sur le\u00a0: <a href=\"https:\/\/nouveau.maisonmallet.com\/back05_01\">www.maisonmallet.com<\/a><\/p>\n<p>Ceux et celles qui le d\u00e9sirent, peuvent y envoyer des messages de sympathie.<\/p>\n<p>&nbsp;<\/p>\n<p>&nbsp;<\/p>\n<hr \/>\n<p>Envoyer vos condol\u00e9ances<\/p>\n<p>[contact-form to=\u00a0\u00bbalexandre.jean@live.ca\u00a0\u00bb subject=\u00a0\u00bbCondol\u00e9ances Jos Jean\u00a0\u00bb][contact-field label=\u00a0\u00bbVotre nom\u00a0\u00bb type=\u00a0\u00bbname\u00a0\u00bb required=\u00a0\u00bb1&Prime;][contact-field label=\u00a0\u00bbVotre courriel\u00a0\u00bb type=\u00a0\u00bbemail\u00a0\u00bb required=\u00a0\u00bb1&Prime;][contact-field label=\u00a0\u00bbCondol\u00e9ances\u00a0\u00bb type=\u00a0\u00bbtextarea\u00a0\u00bb][\/contact-form]<\/p>\n","protected":false},"featured_media":18094,"template":"","event_cat":[6],"class_list":["post-18091","event","type-event","status-publish","has-post-thumbnail","hentry","event_cat-maison-mallet-et-fils-inc"],"_links":{"self":[{"href":"https:\/\/nouveau.maisonmallet.com\/back05_01\/index.php?rest_route=\/wp\/v2\/event\/18091","targetHints":{"allow":["GET"]}}],"collection":[{"href":"https:\/\/nouveau.maisonmallet.com\/back05_01\/index.php?rest_route=\/wp\/v2\/event"}],"about":[{"href":"https:\/\/nouveau.maisonmallet.com\/back05_01\/index.php?rest_route=\/wp\/v2\/types\/event"}],"wp:featuredmedia":[{"embeddable":true,"href":"https:\/\/nouveau.maisonmallet.com\/back05_01\/index.php?rest_route=\/wp\/v2\/media\/18094"}],"wp:attachment":[{"href":"https:\/\/nouveau.maisonmallet.com\/back05_01\/index.php?rest_route=%2Fwp%2Fv2%2Fmedia&parent=18091"}],"wp:term":[{"taxonomy":"event_cat","embeddable":true,"href":"https:\/\/nouveau.maisonmallet.com\/back05_01\/index.php?rest_route=%2Fwp%2Fv2%2Fevent_cat&post=18091"}],"curies":[{"name":"wp","href":"https:\/\/api.w.org\/{rel}","templated":true}]}}

<p>1928 – 2021</p>
<p>JEAN, Joseph (Jos)</p>
<p>&nbsp;</p>
<p>À Baie-Comeau, le 22 janvier 2021, est décédé à l’âge de 92 ans, monsieur Jos Jean fils de feu Albert Jean et de feu Marie-Louise Paige domicilié à Baie-Comeau.</p>
<p>Les funérailles de monsieur Joseph Jean auront lieu à une date ultérieure.</p>
<p>Selon ses volontés, il a été confié au crématorium de la maison Mallet &amp; fils pour crémation.</p>
<p>Il laisse dans le deuil ses enfants : David (Claudette Gallant), Alexandre, Simon (Julie Boudreault), ses petits-enfants : Ludovic, Eddy, Amélie (Jean-Sébastien Tremblay), Paméla (Rudy Blais Bouchard), Nicolas, Anthony (Léa Racine) et Vincent (Alexandra Boivin), ses sœurs : Emma, Sœur Aurore et Sœur Marie ainsi que ses frères : Ferdinand (Evelyne Chouinard) et André (Marise Plante), sa belle-sœur Marguerite Monpas (feu Léo Jean), ses neveux, ses nièces et de nombreux ami(e)s.</p>
<p>Vos marques de sympathie peuvent se traduire par un don la Fondation des maladies du cœur et de l’AVC <a href="http://www.fmcoeur.qc.ca">www.fmcoeur.qc.ca</a></p>
<p>La famille a confié les arrangements aux services professionnels de la Maison Mallet &amp; fils du 585 Boul. Laure à Sept-Îles, maintenant reconnue Distinction et membre de la Corporation des Thanatologues du Québec.</p>
<p>Vous pouvez consulter cet avis de décès sur le : <a href="https://nouveau.maisonmallet.com/back05_01">www.maisonmallet.com</a></p>
<p>Ceux et celles qui le désirent, peuvent y envoyer des messages de sympathie.</p>
<p>&nbsp;</p>
<p>&nbsp;</p>
<hr />
<p>Envoyer vos condoléances</p>
<p>[contact-form to= »alexandre.jean@live.ca » subject= »Condoléances Jos Jean »][contact-field label= »Votre nom » type= »name » required= »1&Prime;][contact-field label= »Votre courriel » type= »email » required= »1&Prime;][contact-field label= »Condoléances » type= »textarea »][/contact-form]</p>
