{"id":1829,"date":"2016-10-23T11:47:27","date_gmt":"2016-10-23T15:47:27","guid":{"rendered":"http:\/\/207.253.81.73\/?post_type=event&#038;p=1829"},"modified":"2019-05-10T10:49:16","modified_gmt":"2019-05-10T14:49:16","slug":"dupuis-madeleine","status":"publish","type":"event","link":"https:\/\/nouveau.maisonmallet.com\/back05_01\/?event=dupuis-madeleine","title":{"rendered":"DUPUIS, Madeleine"},"content":{"rendered":"<p>1928-2016<\/p>\n<p>&nbsp;<\/p>\n<p>\u00c0 Sept-\u00celes, le 23 octobre 2016 est d\u00e9c\u00e9d\u00e9e \u00e0 l\u2019\u00e2ge de 87 ans, madame Madeleine Dupuis et domicili\u00e9e \u00e0 Sept-\u00celes.<\/p>\n<p>Une c\u00e9r\u00e9monie en hommage de madame Madeleine Dupuis aura lieu samedi le 29 octobre \u00a0\u00e0 14h au complexe thanatologique Mallet et Fils, situ\u00e9e au 585 Boul. Laure \u00e0 Sept-\u00celes et l\u2019inhumation au cimeti\u00e8re de Sept-\u00celes.<\/p>\n<p>Selon ses volont\u00e9s, elle a \u00e9t\u00e9 confi\u00e9e au cr\u00e9matorium Mallet et fils pour cr\u00e9mation<\/p>\n<p>La famille re\u00e7oit parents et amis vendredi de 19h \u00e0 22h et samedi jour de la c\u00e9r\u00e9monie \u00e0 compter de 10h au complexe thanatologique Mallet et Fils du 585 Boul. Laure \u00e0 Sept-\u00celes.<\/p>\n<p>Elle laisse dans le deuil son fils Richard, sa fille Louise (Jean Belley), ses quatre petits-enfants\u00a0: Christophe (Myl\u00e8ne Rioux), Anthony, Michael et Charles, une arri\u00e8re-petite-fille Oc\u00e9ane, sa s\u0153ur \u00c9douardine (Eddy) Dupuis, son beau-fr\u00e8re Fernand Levesque ainsi que ses cousins, cousines, neveux et ni\u00e8ces et de nombreux \u00a0amis (es).<\/p>\n<p>Vos marques de sympathie peuvent se traduire par\u00a0un don \u00e0 Diab\u00e8te-Qu\u00e9bec www.diabete.qc.ca<\/p>\n<p>La famille a confi\u00e9 la direction de la c\u00e9r\u00e9monie aux services professionnels de la Maison Mallet et fils du 585 boul. Laure \u00e0 Sept-\u00celes.\u00a0 Membre de la corporation des thanatologues du Qu\u00e9bec.<\/p>\n<p>Vous pouvez consulter cet avis de d\u00e9c\u00e8s sur le www.maisonmallet.com<\/p>\n<p>Ceux et celles qui le d\u00e9sirent,\u00a0 peuvent y envoyer des messages de sympathie.<\/p>\n<p>&nbsp;<\/p>\n<hr \/>\n<p>Envoyer vos condol\u00e9ances<\/p>\n<p>[contact-form to=&rsquo;thekomaster@hotmail.com&rsquo; subject=&rsquo;Condol\u00e9ances&rsquo;][contact-field label=&rsquo;Votre nom&rsquo; type=&rsquo;name&rsquo; required=&rsquo;1&rsquo;\/][contact-field label=&rsquo;Votre courriel&rsquo; type=&#8217;email&rsquo; required=&rsquo;1&rsquo;\/][contact-field label=&rsquo;Condol\u00e9ances&rsquo; type=&rsquo;textarea&rsquo;\/][\/contact-form]<\/p>\n","protected":false},"featured_media":26,"template":"","event_cat":[7],"class_list":["post-1829","event","type-event","status-publish","has-post-thumbnail","hentry","event_cat-maison-l-j-g-mallet-inc"],"_links":{"self":[{"href":"https:\/\/nouveau.maisonmallet.com\/back05_01\/index.php?rest_route=\/wp\/v2\/event\/1829","targetHints":{"allow":["GET"]}}],"collection":[{"href":"https:\/\/nouveau.maisonmallet.com\/back05_01\/index.php?rest_route=\/wp\/v2\/event"}],"about":[{"href":"https:\/\/nouveau.maisonmallet.com\/back05_01\/index.php?rest_route=\/wp\/v2\/types\/event"}],"wp:featuredmedia":[{"embeddable":true,"href":"https:\/\/nouveau.maisonmallet.com\/back05_01\/index.php?rest_route=\/wp\/v2\/media\/26"}],"wp:attachment":[{"href":"https:\/\/nouveau.maisonmallet.com\/back05_01\/index.php?rest_route=%2Fwp%2Fv2%2Fmedia&parent=1829"}],"wp:term":[{"taxonomy":"event_cat","embeddable":true,"href":"https:\/\/nouveau.maisonmallet.com\/back05_01\/index.php?rest_route=%2Fwp%2Fv2%2Fevent_cat&post=1829"}],"curies":[{"name":"wp","href":"https:\/\/api.w.org\/{rel}","templated":true}]}}

<p>1928-2016</p>
<p>&nbsp;</p>
<p>À Sept-Îles, le 23 octobre 2016 est décédée à l’âge de 87 ans, madame Madeleine Dupuis et domiciliée à Sept-Îles.</p>
<p>Une cérémonie en hommage de madame Madeleine Dupuis aura lieu samedi le 29 octobre  à 14h au complexe thanatologique Mallet et Fils, située au 585 Boul. Laure à Sept-Îles et l’inhumation au cimetière de Sept-Îles.</p>
<p>Selon ses volontés, elle a été confiée au crématorium Mallet et fils pour crémation</p>
<p>La famille reçoit parents et amis vendredi de 19h à 22h et samedi jour de la cérémonie à compter de 10h au complexe thanatologique Mallet et Fils du 585 Boul. Laure à Sept-Îles.</p>
<p>Elle laisse dans le deuil son fils Richard, sa fille Louise (Jean Belley), ses quatre petits-enfants : Christophe (Mylène Rioux), Anthony, Michael et Charles, une arrière-petite-fille Océane, sa sœur Édouardine (Eddy) Dupuis, son beau-frère Fernand Levesque ainsi que ses cousins, cousines, neveux et nièces et de nombreux  amis (es).</p>
<p>Vos marques de sympathie peuvent se traduire par un don à Diabète-Québec www.diabete.qc.ca</p>
<p>La famille a confié la direction de la cérémonie aux services professionnels de la Maison Mallet et fils du 585 boul. Laure à Sept-Îles.  Membre de la corporation des thanatologues du Québec.</p>
<p>Vous pouvez consulter cet avis de décès sur le www.maisonmallet.com</p>
<p>Ceux et celles qui le désirent,  peuvent y envoyer des messages de sympathie.</p>
<p>&nbsp;</p>
<hr />
<p>Envoyer vos condoléances</p>
<p>[contact-form to=&rsquo;thekomaster@hotmail.com&rsquo; subject=&rsquo;Condoléances&rsquo;][contact-field label=&rsquo;Votre nom&rsquo; type=&rsquo;name&rsquo; required=&rsquo;1&rsquo;/][contact-field label=&rsquo;Votre courriel&rsquo; type=&#8217;email&rsquo; required=&rsquo;1&rsquo;/][contact-field label=&rsquo;Condoléances&rsquo; type=&rsquo;textarea&rsquo;/][/contact-form]</p>
