{"id":18304,"date":"2021-01-08T13:50:52","date_gmt":"2021-01-08T18:50:52","guid":{"rendered":"https:\/\/nouveau.maisonmallet.com\/?post_type=event&#038;p=18304"},"modified":"2021-02-11T13:58:36","modified_gmt":"2021-02-11T18:58:36","slug":"guillemette-rachelle","status":"publish","type":"event","link":"https:\/\/nouveau.maisonmallet.com\/back05_01\/?event=guillemette-rachelle","title":{"rendered":"GUILLEMETTE, Rachelle"},"content":{"rendered":"<p>1945 \u2013 2021<\/p>\n<p>GUILLEMETTE, Rachelle<\/p>\n<p>&nbsp;<\/p>\n<p>\u00c0 Sept-\u00celes, le 8 janvier 2021, est d\u00e9c\u00e9d\u00e9e l\u2019\u00e2ge de 75 ans, madame Rachelle Guillemette \u00e9pouse de monsieur David Guillemette et domicili\u00e9e \u00e0 la Romaine.<\/p>\n<p>Les fun\u00e9railles de madame Rachelle Guillemette auront lieu \u00e0 une date ult\u00e9rieure \u00e0 la Romaine.<\/p>\n<p>Selon ses volont\u00e9s, elle a \u00e9t\u00e9 confi\u00e9e au cr\u00e9matorium de la Maison Mallet &amp; fils pour cr\u00e9mation.<\/p>\n<p>Elle laisse dans le deuil outre son \u00e9poux monsieur David Guillemette, son fils R\u00e9jean (Lorenza Poulin), ses filles\u00a0: Claudine et Odette (Michel Gallant), sa petite fille Jessica, ses petits-fils\u00a0: Nico (Amber Lynn), Yan (Marilyne Landry), Patrice (Stefanie Morris) et Pascal, ses arri\u00e8re-petits-fils : Nayte, Ethan, Bj\u00f6rn et L\u00e9o ainsi que ses arri\u00e8re-petites-filles\u00a0: Oc\u00e9ane, Madyson, Avery et Juliette, son fr\u00e8re, sa s\u0153ur, sa belle-s\u0153ur, ses neveux, ses ni\u00e8ces, \u00a0ses cousins, ses cousines et de nombreux ami(e)s.<\/p>\n<p>La famille a confi\u00e9 les arrangements aux services professionnels de la Maison Mallet &amp; fils du 585, boul. Laure \u00e0 Sept-\u00celes, maintenant reconnue Distinction et membre de la Corporation des Thanatologues du Qu\u00e9bec.<\/p>\n<p>Vous pouvez consulter cet avis de d\u00e9c\u00e8s, sur le <a href=\"https:\/\/nouveau.maisonmallet.com\/back05_01\">www.maisonmallet.com<\/a><\/p>\n<p>Ceux et celles qui le d\u00e9sirent, peuvent y envoyer des messages de sympathie.<\/p>\n<p>&nbsp;<\/p>\n<hr \/>\n<p>Envoyer vos condol\u00e9ances<\/p>\n<p>[contact-form to=\u00a0\u00bbodette_guillemette@outlook.com\u00a0\u00bb subject=\u00a0\u00bbCondol\u00e9ances Rachelle Guillemette\u00a0\u00bb][contact-field label=\u00a0\u00bbVotre nom\u00a0\u00bb type=\u00a0\u00bbname\u00a0\u00bb required=\u00a0\u00bb1&Prime;][contact-field label=\u00a0\u00bbVotre courriel\u00a0\u00bb type=\u00a0\u00bbemail\u00a0\u00bb required=\u00a0\u00bb1&Prime;][contact-field label=\u00a0\u00bbCondol\u00e9ances\u00a0\u00bb type=\u00a0\u00bbtextarea\u00a0\u00bb][\/contact-form]<\/p>\n","protected":false},"featured_media":18363,"template":"","event_cat":[6],"class_list":["post-18304","event","type-event","status-publish","has-post-thumbnail","hentry","event_cat-maison-mallet-et-fils-inc"],"_links":{"self":[{"href":"https:\/\/nouveau.maisonmallet.com\/back05_01\/index.php?rest_route=\/wp\/v2\/event\/18304","targetHints":{"allow":["GET"]}}],"collection":[{"href":"https:\/\/nouveau.maisonmallet.com\/back05_01\/index.php?rest_route=\/wp\/v2\/event"}],"about":[{"href":"https:\/\/nouveau.maisonmallet.com\/back05_01\/index.php?rest_route=\/wp\/v2\/types\/event"}],"wp:featuredmedia":[{"embeddable":true,"href":"https:\/\/nouveau.maisonmallet.com\/back05_01\/index.php?rest_route=\/wp\/v2\/media\/18363"}],"wp:attachment":[{"href":"https:\/\/nouveau.maisonmallet.com\/back05_01\/index.php?rest_route=%2Fwp%2Fv2%2Fmedia&parent=18304"}],"wp:term":[{"taxonomy":"event_cat","embeddable":true,"href":"https:\/\/nouveau.maisonmallet.com\/back05_01\/index.php?rest_route=%2Fwp%2Fv2%2Fevent_cat&post=18304"}],"curies":[{"name":"wp","href":"https:\/\/api.w.org\/{rel}","templated":true}]}}

<p>1945 – 2021</p>
<p>GUILLEMETTE, Rachelle</p>
<p>&nbsp;</p>
<p>À Sept-Îles, le 8 janvier 2021, est décédée l’âge de 75 ans, madame Rachelle Guillemette épouse de monsieur David Guillemette et domiciliée à la Romaine.</p>
<p>Les funérailles de madame Rachelle Guillemette auront lieu à une date ultérieure à la Romaine.</p>
<p>Selon ses volontés, elle a été confiée au crématorium de la Maison Mallet &amp; fils pour crémation.</p>
<p>Elle laisse dans le deuil outre son époux monsieur David Guillemette, son fils Réjean (Lorenza Poulin), ses filles : Claudine et Odette (Michel Gallant), sa petite fille Jessica, ses petits-fils : Nico (Amber Lynn), Yan (Marilyne Landry), Patrice (Stefanie Morris) et Pascal, ses arrière-petits-fils : Nayte, Ethan, Björn et Léo ainsi que ses arrière-petites-filles : Océane, Madyson, Avery et Juliette, son frère, sa sœur, sa belle-sœur, ses neveux, ses nièces,  ses cousins, ses cousines et de nombreux ami(e)s.</p>
<p>La famille a confié les arrangements aux services professionnels de la Maison Mallet &amp; fils du 585, boul. Laure à Sept-Îles, maintenant reconnue Distinction et membre de la Corporation des Thanatologues du Québec.</p>
<p>Vous pouvez consulter cet avis de décès, sur le <a href="https://nouveau.maisonmallet.com/back05_01">www.maisonmallet.com</a></p>
<p>Ceux et celles qui le désirent, peuvent y envoyer des messages de sympathie.</p>
<p>&nbsp;</p>
<hr />
<p>Envoyer vos condoléances</p>
<p>[contact-form to= »odette_guillemette@outlook.com » subject= »Condoléances Rachelle Guillemette »][contact-field label= »Votre nom » type= »name » required= »1&Prime;][contact-field label= »Votre courriel » type= »email » required= »1&Prime;][contact-field label= »Condoléances » type= »textarea »][/contact-form]</p>
