{"id":18377,"date":"2021-02-14T13:18:37","date_gmt":"2021-02-14T18:18:37","guid":{"rendered":"https:\/\/nouveau.maisonmallet.com\/?post_type=event&#038;p=18377"},"modified":"2021-02-17T13:27:01","modified_gmt":"2021-02-17T18:27:01","slug":"chapadeau-donat","status":"publish","type":"event","link":"https:\/\/nouveau.maisonmallet.com\/back05_01\/?event=chapadeau-donat","title":{"rendered":"CHAPADEAU, Donat"},"content":{"rendered":"<p>1935 &#8211; 2021<\/p>\n<p>CHAPADEAU, Donat<\/p>\n<p>&nbsp;<\/p>\n<p>\u00c0 Sept-\u00celes, le 14 f\u00e9vrier 2021, est d\u00e9c\u00e9d\u00e9 \u00e0 l\u2019\u00e2ge de 85 ans, monsieur Donat Chapadeau \u00e9poux de madame Annette Beaudin et domicili\u00e9 \u00e0 Sept-\u00celes.<\/p>\n<p><strong><u>\u00c9tant donn\u00e9e la situation de crise entourant le COVID-19 et par souci de se conformer aux recommandations gouvernementales en mati\u00e8re de rassemblements int\u00e9rieurs et des mesures d\u2019hygi\u00e8ne strictes pour les visiteurs, les rituels fun\u00e9raires de monsieur Donat Chapadeau auront lieu dans la plus stricte intimit\u00e9 et sur invitation seulement.<\/u><\/strong><\/p>\n<p>Selon ses volont\u00e9s, il a \u00e9t\u00e9 confi\u00e9 au cr\u00e9matorium de la maison Mallet &amp; fils pour cr\u00e9mation.<\/p>\n<p>Il laisse dans le deuil outre son \u00e9pouse madame Annette Beaudin Chapadeau, ses enfants proches\u00a0: R\u00e9jean (Patricia Jones) et Katie (Carl Derosby), ses petits-enfants\u00a0: Pascal (Sophie Tremblay), Olivier (Alexia Landry), Pier-Karl (Lydia Pelletier) et St\u00e9phane (Annie Defayette) ainsi que ses arri\u00e8re-petites-filles\u00a0: L\u00e9ane et Arielle dont il \u00e9tait fier, ses s\u0153urs, ses beaux-fr\u00e8res, ses belles-s\u0153urs, ses neveux, ses ni\u00e8ces, ses oncles, ses tantes, ses cousins, ses cousines et de nombreux ami(e)s.<\/p>\n<p>Vos marques de sympathie peuvent se traduire par un don \u00e0 l\u2019\u00c9lyme des sables <a href=\"http:\/\/www.elymedessables.com\">www.elymedessables.com<\/a><\/p>\n<p>La famille a confi\u00e9 les arrangements aux services professionnels de la Maison Mallet &amp; fils du 585 Boul. Laure \u00e0 Sept-\u00celes, maintenant reconnue Distinction et membre de la Corporation des Thanatologues du Qu\u00e9bec.<\/p>\n<p>Vous pouvez consulter cet avis de d\u00e9c\u00e8s sur le <a href=\"https:\/\/nouveau.maisonmallet.com\/back05_01\">www.maisonmallet.com<\/a><\/p>\n<p>Ceux et celles qui le d\u00e9sirent, peuvent y envoyer des messages de sympathie.<\/p>\n<p>&nbsp;<\/p>\n<p>&nbsp;<\/p>\n<hr \/>\n<p>Envoyer vos condol\u00e9ances<\/p>\n<p>[contact-form to=\u00a0\u00bbcadochapadi@gmail.com\u00a0\u00bb subject=\u00a0\u00bbCondol\u00e9ances Donat Chapadeau\u00a0\u00bb][contact-field label=\u00a0\u00bbVotre nom\u00a0\u00bb type=\u00a0\u00bbname\u00a0\u00bb required=\u00a0\u00bb1&Prime;][contact-field label=\u00a0\u00bbVotre courriel\u00a0\u00bb type=\u00a0\u00bbemail\u00a0\u00bb required=\u00a0\u00bb1&Prime;][contact-field label=\u00a0\u00bbCondol\u00e9ances\u00a0\u00bb type=\u00a0\u00bbtextarea\u00a0\u00bb][\/contact-form]<\/p>\n","protected":false},"featured_media":18405,"template":"","event_cat":[6],"class_list":["post-18377","event","type-event","status-publish","has-post-thumbnail","hentry","event_cat-maison-mallet-et-fils-inc"],"_links":{"self":[{"href":"https:\/\/nouveau.maisonmallet.com\/back05_01\/index.php?rest_route=\/wp\/v2\/event\/18377","targetHints":{"allow":["GET"]}}],"collection":[{"href":"https:\/\/nouveau.maisonmallet.com\/back05_01\/index.php?rest_route=\/wp\/v2\/event"}],"about":[{"href":"https:\/\/nouveau.maisonmallet.com\/back05_01\/index.php?rest_route=\/wp\/v2\/types\/event"}],"wp:featuredmedia":[{"embeddable":true,"href":"https:\/\/nouveau.maisonmallet.com\/back05_01\/index.php?rest_route=\/wp\/v2\/media\/18405"}],"wp:attachment":[{"href":"https:\/\/nouveau.maisonmallet.com\/back05_01\/index.php?rest_route=%2Fwp%2Fv2%2Fmedia&parent=18377"}],"wp:term":[{"taxonomy":"event_cat","embeddable":true,"href":"https:\/\/nouveau.maisonmallet.com\/back05_01\/index.php?rest_route=%2Fwp%2Fv2%2Fevent_cat&post=18377"}],"curies":[{"name":"wp","href":"https:\/\/api.w.org\/{rel}","templated":true}]}}

<p>1935 &#8211; 2021</p>
<p>CHAPADEAU, Donat</p>
<p>&nbsp;</p>
<p>À Sept-Îles, le 14 février 2021, est décédé à l’âge de 85 ans, monsieur Donat Chapadeau époux de madame Annette Beaudin et domicilié à Sept-Îles.</p>
<p><strong><u>Étant donnée la situation de crise entourant le COVID-19 et par souci de se conformer aux recommandations gouvernementales en matière de rassemblements intérieurs et des mesures d’hygiène strictes pour les visiteurs, les rituels funéraires de monsieur Donat Chapadeau auront lieu dans la plus stricte intimité et sur invitation seulement.</u></strong></p>
<p>Selon ses volontés, il a été confié au crématorium de la maison Mallet &amp; fils pour crémation.</p>
<p>Il laisse dans le deuil outre son épouse madame Annette Beaudin Chapadeau, ses enfants proches : Réjean (Patricia Jones) et Katie (Carl Derosby), ses petits-enfants : Pascal (Sophie Tremblay), Olivier (Alexia Landry), Pier-Karl (Lydia Pelletier) et Stéphane (Annie Defayette) ainsi que ses arrière-petites-filles : Léane et Arielle dont il était fier, ses sœurs, ses beaux-frères, ses belles-sœurs, ses neveux, ses nièces, ses oncles, ses tantes, ses cousins, ses cousines et de nombreux ami(e)s.</p>
<p>Vos marques de sympathie peuvent se traduire par un don à l’Élyme des sables <a href="http://www.elymedessables.com">www.elymedessables.com</a></p>
<p>La famille a confié les arrangements aux services professionnels de la Maison Mallet &amp; fils du 585 Boul. Laure à Sept-Îles, maintenant reconnue Distinction et membre de la Corporation des Thanatologues du Québec.</p>
<p>Vous pouvez consulter cet avis de décès sur le <a href="https://nouveau.maisonmallet.com/back05_01">www.maisonmallet.com</a></p>
<p>Ceux et celles qui le désirent, peuvent y envoyer des messages de sympathie.</p>
<p>&nbsp;</p>
<p>&nbsp;</p>
<hr />
<p>Envoyer vos condoléances</p>
<p>[contact-form to= »cadochapadi@gmail.com » subject= »Condoléances Donat Chapadeau »][contact-field label= »Votre nom » type= »name » required= »1&Prime;][contact-field label= »Votre courriel » type= »email » required= »1&Prime;][contact-field label= »Condoléances » type= »textarea »][/contact-form]</p>
