{"id":18538,"date":"2021-02-15T09:24:43","date_gmt":"2021-02-15T14:24:43","guid":{"rendered":"https:\/\/nouveau.maisonmallet.com\/?post_type=event&#038;p=18538"},"modified":"2021-07-07T09:01:21","modified_gmt":"2021-07-07T13:01:21","slug":"cormier-jean-jules","status":"publish","type":"event","link":"https:\/\/nouveau.maisonmallet.com\/back05_01\/?event=cormier-jean-jules","title":{"rendered":"CORMIER, Jean-Jules"},"content":{"rendered":"<p>&nbsp;<\/p>\n<p>1938-2021<\/p>\n<p>CORMIER, Jean-Jules<\/p>\n<p>\u00c0 Qu\u00e9bec, le 15 f\u00e9vrier 2021, est d\u00e9c\u00e9d\u00e9 \u00e0 l\u2019\u00e2ge de 82 ans et 6 mois, monsieur Jean-Jules Cormier \u00e9poux de madame Denise Turbis et domicili\u00e9 \u00e0 Havre-Saint-Pierre.<\/p>\n<p>Les fun\u00e9railles de monsieur Jean-Jules Cormier auront lieu le samedi 26 juin 2021 \u00e0 11 h en l\u2019\u00c9glise Saint-Pierre de Havre-Saint-Pierre et de l\u00e0 au cimeti\u00e8re de l\u2019endroit.<\/p>\n<p><strong><u>\u00c9tant donn\u00e9 la situation de crise entourant la COVID-19 et par souci de se conformer aux recommandations gouvernementales en mati\u00e8re de rassemblements int\u00e9rieurs et des mesures strictes d\u2019hygi\u00e8ne vous pouvez assister aux fun\u00e9railles seulement sur invitation \u00e0 l\u2019\u00c9glise Saint-Pierre. Un maximum de 50 personnes. <\/u><\/strong><\/p>\n<p>Selon ses volont\u00e9s, il a \u00e9t\u00e9 confi\u00e9 au cr\u00e9matorium de la Maison L.J.G. Mallet pour cr\u00e9mation.<\/p>\n<p>La famille re\u00e7oit parents et amis le vendredi 25 juin de 19 h \u00e0 22 h. le samedi 26 juin 2021 jour des fun\u00e9railles \u00e0 compter de 10 h au salon de la Maison L.J.G. Mallet du 1429, rue du Canot \u00e0 Havre-Saint-Pierre.<\/p>\n<p><strong>D\u00fb aux circonstances reli\u00e9es \u00e0 la pand\u00e9mie, vous pouvez venir pr\u00e9senter vos condol\u00e9ances en respectant la distanciation sociale et le port du masque sera obligatoire.<\/strong><\/p>\n<p>Il laisse dans le deuil son fils\u00a0Dany (Reina Guillemette), ses filles\u00a0: Bianka (Gracien Boudreau) et Diane (Jean-Marie Cormier), ses petits-enfants\u00a0: Jessica, Isabelle, Karianne, R\u00e9becca, \u00c9milie, Rosalie et leur conjoint. Ses \u00a0arri\u00e8re-petits-enfants\u00a0: F\u00e9lix, \u00c9l\u00e9onore, Mathis, Louis-Philip, C\u00e9dric et Alice, son fr\u00e8re, ses s\u0153urs,\u00a0 son beau-fr\u00e8re, ses belles-s\u0153urs, ses neveux, ses ni\u00e8ces et ainsi que nombreux ami(e)s.<\/p>\n<p>Vos marques de sympathie peuvent se traduire par un don \u00e0 la Fondation sourdine au 1090, Boulevard Ren\u00e9 Levesque Ouest Qu\u00e9bec G1S 1V5. T\u00e9l\u00a0: 1-418-263-5189. Adresse internet\u00a0: sourdine.qc.ca<\/p>\n<p>La famille a confi\u00e9 la direction des fun\u00e9railles aux services professionnels de la Maison L.J.G. Mallet du 1429, rue du Canot \u00e0 Havre-Saint-Pierre, maintenant reconnue Distinction et membre de la Corporation des Thanatologues du Qu\u00e9bec.<\/p>\n<p>Vous pouvez consulter cet avis de d\u00e9c\u00e8s sur le <a href=\"https:\/\/nouveau.maisonmallet.com\/back05_01\">www.maisonmallet.com<\/a><\/p>\n<p>Ceux et celles qui le d\u00e9sirent, peuvent y envoyer des messages de sympathie.<\/p>\n<p>&nbsp;<\/p>\n<hr \/>\n<p>Envoyer vos condol\u00e9ances<\/p>\n<p>[contact-form to=\u00a0\u00bbfelixeleonore@gmail.com\u00a0\u00bb subject=\u00a0\u00bbCondol\u00e9ances Jean-Jules Cormier\u00a0\u00bb][contact-field label=\u00a0\u00bbVotre nom\u00a0\u00bb type=\u00a0\u00bbname\u00a0\u00bb required=\u00a0\u00bb1&Prime;][contact-field label=\u00a0\u00bbVotre courriel\u00a0\u00bb type=\u00a0\u00bbemail\u00a0\u00bb required=\u00a0\u00bb1&Prime;][contact-field label=\u00a0\u00bbCondol\u00e9ances\u00a0\u00bb type=\u00a0\u00bbtextarea\u00a0\u00bb][\/contact-form]<\/p>\n","protected":false},"featured_media":18610,"template":"","event_cat":[7],"class_list":["post-18538","event","type-event","status-publish","has-post-thumbnail","hentry","event_cat-maison-l-j-g-mallet-inc"],"_links":{"self":[{"href":"https:\/\/nouveau.maisonmallet.com\/back05_01\/index.php?rest_route=\/wp\/v2\/event\/18538","targetHints":{"allow":["GET"]}}],"collection":[{"href":"https:\/\/nouveau.maisonmallet.com\/back05_01\/index.php?rest_route=\/wp\/v2\/event"}],"about":[{"href":"https:\/\/nouveau.maisonmallet.com\/back05_01\/index.php?rest_route=\/wp\/v2\/types\/event"}],"wp:featuredmedia":[{"embeddable":true,"href":"https:\/\/nouveau.maisonmallet.com\/back05_01\/index.php?rest_route=\/wp\/v2\/media\/18610"}],"wp:attachment":[{"href":"https:\/\/nouveau.maisonmallet.com\/back05_01\/index.php?rest_route=%2Fwp%2Fv2%2Fmedia&parent=18538"}],"wp:term":[{"taxonomy":"event_cat","embeddable":true,"href":"https:\/\/nouveau.maisonmallet.com\/back05_01\/index.php?rest_route=%2Fwp%2Fv2%2Fevent_cat&post=18538"}],"curies":[{"name":"wp","href":"https:\/\/api.w.org\/{rel}","templated":true}]}}

<p>&nbsp;</p>
<p>1938-2021</p>
<p>CORMIER, Jean-Jules</p>
<p>À Québec, le 15 février 2021, est décédé à l’âge de 82 ans et 6 mois, monsieur Jean-Jules Cormier époux de madame Denise Turbis et domicilié à Havre-Saint-Pierre.</p>
<p>Les funérailles de monsieur Jean-Jules Cormier auront lieu le samedi 26 juin 2021 à 11 h en l’Église Saint-Pierre de Havre-Saint-Pierre et de là au cimetière de l’endroit.</p>
<p><strong><u>Étant donné la situation de crise entourant la COVID-19 et par souci de se conformer aux recommandations gouvernementales en matière de rassemblements intérieurs et des mesures strictes d’hygiène vous pouvez assister aux funérailles seulement sur invitation à l’Église Saint-Pierre. Un maximum de 50 personnes. </u></strong></p>
<p>Selon ses volontés, il a été confié au crématorium de la Maison L.J.G. Mallet pour crémation.</p>
<p>La famille reçoit parents et amis le vendredi 25 juin de 19 h à 22 h. le samedi 26 juin 2021 jour des funérailles à compter de 10 h au salon de la Maison L.J.G. Mallet du 1429, rue du Canot à Havre-Saint-Pierre.</p>
<p><strong>Dû aux circonstances reliées à la pandémie, vous pouvez venir présenter vos condoléances en respectant la distanciation sociale et le port du masque sera obligatoire.</strong></p>
<p>Il laisse dans le deuil son fils Dany (Reina Guillemette), ses filles : Bianka (Gracien Boudreau) et Diane (Jean-Marie Cormier), ses petits-enfants : Jessica, Isabelle, Karianne, Rébecca, Émilie, Rosalie et leur conjoint. Ses  arrière-petits-enfants : Félix, Éléonore, Mathis, Louis-Philip, Cédric et Alice, son frère, ses sœurs,  son beau-frère, ses belles-sœurs, ses neveux, ses nièces et ainsi que nombreux ami(e)s.</p>
<p>Vos marques de sympathie peuvent se traduire par un don à la Fondation sourdine au 1090, Boulevard René Levesque Ouest Québec G1S 1V5. Tél : 1-418-263-5189. Adresse internet : sourdine.qc.ca</p>
<p>La famille a confié la direction des funérailles aux services professionnels de la Maison L.J.G. Mallet du 1429, rue du Canot à Havre-Saint-Pierre, maintenant reconnue Distinction et membre de la Corporation des Thanatologues du Québec.</p>
<p>Vous pouvez consulter cet avis de décès sur le <a href="https://nouveau.maisonmallet.com/back05_01">www.maisonmallet.com</a></p>
<p>Ceux et celles qui le désirent, peuvent y envoyer des messages de sympathie.</p>
<p>&nbsp;</p>
<hr />
<p>Envoyer vos condoléances</p>
<p>[contact-form to= »felixeleonore@gmail.com » subject= »Condoléances Jean-Jules Cormier »][contact-field label= »Votre nom » type= »name » required= »1&Prime;][contact-field label= »Votre courriel » type= »email » required= »1&Prime;][contact-field label= »Condoléances » type= »textarea »][/contact-form]</p>
