{"id":18615,"date":"2021-02-19T09:48:41","date_gmt":"2021-02-19T14:48:41","guid":{"rendered":"https:\/\/nouveau.maisonmallet.com\/?post_type=event&#038;p=18615"},"modified":"2021-02-24T11:10:05","modified_gmt":"2021-02-24T16:10:05","slug":"bellefleur-jean-marc","status":"publish","type":"event","link":"https:\/\/nouveau.maisonmallet.com\/back05_01\/?event=bellefleur-jean-marc","title":{"rendered":"BELLEFLEUR, Jean-Marc"},"content":{"rendered":"<p>1959-2021<\/p>\n<p>BELLEFLEUR, Jean-Marc<\/p>\n<p>\u00c0 Sept-\u00celes, le 18 f\u00e9vrier 2021, est d\u00e9c\u00e9d\u00e9 \u00e0 l\u2019\u00e2ge de 61 ans et 5 mois, monsieur Jean-Marc Bellefleur fils de feu \u00c9lie Bellefleur et de feue Marie-Rose Mest\u00e9nap\u00e9o et domicili\u00e9 \u00e0 Nutashkuan.<\/p>\n<p>Les fun\u00e9railles de monsieur Jean-Marc Bellefleur auront lieu le lundi 22 f\u00e9vrier 2021 \u00e0 10 h 30 en l\u2019\u00e9glise Notre-Dame-des-Indiens de Nutashkuan et l\u2019inhumation au cimeti\u00e8re de l\u2019endroit.<\/p>\n<p>La famille re\u00e7oit parents et amis le dimanche 21 f\u00e9vrier 2021 de 13 h \u00e0 16 h, de 19 h \u00e0 22 h. Le lundi 22 f\u00e9vrier 2021 jour des fun\u00e9railles \u00e0 compter de 09 h 00 au 213, rue Pashin \u00e0 Nutashkuan.<\/p>\n<p>Il laisse dans le deuil ses fr\u00e8res\u00a0: Fran\u00e7ois (Marie-Lise Kaltush), Johnny et \u00c9mile, sa s\u0153ur \u00c9m\u00e9rence, ses neveux, ses ni\u00e8ces, ses oncles, ses tantes et de nombreux amis.<\/p>\n<p>La famille a confi\u00e9 la direction des fun\u00e9railles aux services professionnels de la Maison L.J.G. Mallet du 1429, rue du Canot \u00e0 Havre-Saint-Pierre, maintenant reconnue Distinction et membre de la Corporation des Thanatologues du Qu\u00e9bec.<\/p>\n<p>Vous pouvez consulter cet avis de d\u00e9c\u00e8s sur le <a href=\"https:\/\/nouveau.maisonmallet.com\/back05_01\">www.maisonmallet.com<\/a><\/p>\n<p>Ceux et celles qui le d\u00e9sirent, peuvent y envoyer des messages de sympathie.<\/p>\n<p>&nbsp;<\/p>\n<hr \/>\n<p>Envoyer vos condol\u00e9ances<\/p>\n<p>[contact-form to=\u00a0\u00bbcc.sante@nutashkuan.ca\u00a0\u00bb subject=\u00a0\u00bbCondol\u00e9ances Jean-Marc Bellefleur\u00a0\u00bb][contact-field label=\u00a0\u00bbVotre nom\u00a0\u00bb type=\u00a0\u00bbname\u00a0\u00bb required=\u00a0\u00bb1&Prime;][contact-field label=\u00a0\u00bbVotre courriel\u00a0\u00bb type=\u00a0\u00bbemail\u00a0\u00bb required=\u00a0\u00bb1&Prime;][contact-field label=\u00a0\u00bbCondol\u00e9ances\u00a0\u00bb type=\u00a0\u00bbtextarea\u00a0\u00bb][\/contact-form]<\/p>\n","protected":false},"featured_media":18616,"template":"","event_cat":[7],"class_list":["post-18615","event","type-event","status-publish","has-post-thumbnail","hentry","event_cat-maison-l-j-g-mallet-inc"],"_links":{"self":[{"href":"https:\/\/nouveau.maisonmallet.com\/back05_01\/index.php?rest_route=\/wp\/v2\/event\/18615","targetHints":{"allow":["GET"]}}],"collection":[{"href":"https:\/\/nouveau.maisonmallet.com\/back05_01\/index.php?rest_route=\/wp\/v2\/event"}],"about":[{"href":"https:\/\/nouveau.maisonmallet.com\/back05_01\/index.php?rest_route=\/wp\/v2\/types\/event"}],"wp:featuredmedia":[{"embeddable":true,"href":"https:\/\/nouveau.maisonmallet.com\/back05_01\/index.php?rest_route=\/wp\/v2\/media\/18616"}],"wp:attachment":[{"href":"https:\/\/nouveau.maisonmallet.com\/back05_01\/index.php?rest_route=%2Fwp%2Fv2%2Fmedia&parent=18615"}],"wp:term":[{"taxonomy":"event_cat","embeddable":true,"href":"https:\/\/nouveau.maisonmallet.com\/back05_01\/index.php?rest_route=%2Fwp%2Fv2%2Fevent_cat&post=18615"}],"curies":[{"name":"wp","href":"https:\/\/api.w.org\/{rel}","templated":true}]}}

<p>1959-2021</p>
<p>BELLEFLEUR, Jean-Marc</p>
<p>À Sept-Îles, le 18 février 2021, est décédé à l’âge de 61 ans et 5 mois, monsieur Jean-Marc Bellefleur fils de feu Élie Bellefleur et de feue Marie-Rose Mesténapéo et domicilié à Nutashkuan.</p>
<p>Les funérailles de monsieur Jean-Marc Bellefleur auront lieu le lundi 22 février 2021 à 10 h 30 en l’église Notre-Dame-des-Indiens de Nutashkuan et l’inhumation au cimetière de l’endroit.</p>
<p>La famille reçoit parents et amis le dimanche 21 février 2021 de 13 h à 16 h, de 19 h à 22 h. Le lundi 22 février 2021 jour des funérailles à compter de 09 h 00 au 213, rue Pashin à Nutashkuan.</p>
<p>Il laisse dans le deuil ses frères : François (Marie-Lise Kaltush), Johnny et Émile, sa sœur Émérence, ses neveux, ses nièces, ses oncles, ses tantes et de nombreux amis.</p>
<p>La famille a confié la direction des funérailles aux services professionnels de la Maison L.J.G. Mallet du 1429, rue du Canot à Havre-Saint-Pierre, maintenant reconnue Distinction et membre de la Corporation des Thanatologues du Québec.</p>
<p>Vous pouvez consulter cet avis de décès sur le <a href="https://nouveau.maisonmallet.com/back05_01">www.maisonmallet.com</a></p>
<p>Ceux et celles qui le désirent, peuvent y envoyer des messages de sympathie.</p>
<p>&nbsp;</p>
<hr />
<p>Envoyer vos condoléances</p>
<p>[contact-form to= »cc.sante@nutashkuan.ca » subject= »Condoléances Jean-Marc Bellefleur »][contact-field label= »Votre nom » type= »name » required= »1&Prime;][contact-field label= »Votre courriel » type= »email » required= »1&Prime;][contact-field label= »Condoléances » type= »textarea »][/contact-form]</p>
