{"id":19319,"date":"2021-03-05T14:37:52","date_gmt":"2021-03-05T19:37:52","guid":{"rendered":"https:\/\/nouveau.maisonmallet.com\/?post_type=event&#038;p=19319"},"modified":"2021-03-05T14:37:52","modified_gmt":"2021-03-05T19:37:52","slug":"theriault-johanne","status":"publish","type":"event","link":"https:\/\/nouveau.maisonmallet.com\/back05_01\/?event=theriault-johanne","title":{"rendered":"TH\u00c9RIAULT, Johanne"},"content":{"rendered":"<p>1972-2021<\/p>\n<p>TH\u00c9RIAULT, Johanne<\/p>\n<p>\u00c0 Havre-Saint-Pierre, le 3 mars 2021, est d\u00e9c\u00e9d\u00e9 \u00e0 l\u2019\u00e2ge de 48 ans 10 mois, madame Johanne Th\u00e9riault fille de feu Dollard Th\u00e9riault et de madame Laure-Anna Boudreau domicili\u00e9e \u00e0 Havre-Saint-Pierre.<\/p>\n<p>Les fun\u00e9railles de madame Johanne Th\u00e9riault auront lieu \u00e0 une date ult\u00e9rieure en l\u2019\u00e9glise Saint-Pierre de Havre-Saint-Pierre.<\/p>\n<p>Selon ses volont\u00e9s, elle a \u00e9t\u00e9 confi\u00e9e au cr\u00e9matorium de la Maison L.J.G. Mallet pour cr\u00e9mation.<\/p>\n<p>Elle laisse dans le deuil sa m\u00e8re madame Laure-Anna Boudreau, ses fr\u00e8res\u00a0: Eddy (Gis\u00e8le Pr\u00e9v\u00e9reau), Valmont et Damien (Michelle Turbis), ses s\u0153urs\u00a0: Ga\u00e9tane (Marc Blais) et C\u00e9line, ses neveux, ses ni\u00e8ces et de nombreux ami(e)s.<\/p>\n<p>Elle \u00e9tait la s\u0153ur de feu Luc (Jocelyne Boudreau) et Viateur.<\/p>\n<p>Vos marques de sympathie peuvent se traduire par un don \u00e0 l\u2019Espoir de Shelna.<\/p>\n<p>La famille a confi\u00e9 les arrangements fun\u00e9raires aux services professionnels de la Maison L.J.G. Mallet du 1429, rue du Canot \u00e0 Havre-Saint-Pierre, maintenant reconnue Distinction et membre de la Corporation des Thanatologues du Qu\u00e9bec.<\/p>\n<p>Vous pouvez consulter cet avis de d\u00e9c\u00e8s sur le <a href=\"https:\/\/nouveau.maisonmallet.com\/back05_01\">www.maisonmallet.com<\/a><\/p>\n<p>Ceux et celles qui le d\u00e9sirent, peuvent y envoyer des messages de sympathie.<\/p>\n<p>&nbsp;<\/p>\n<hr \/>\n<p>Envoyer vos condol\u00e9ances<\/p>\n<p>[contact-form to=\u00a0\u00bbvalmo45@live.fr\u00a0\u00bb subject=\u00a0\u00bbCondol\u00e9ances Johanne Th\u00e9riault\u00a0\u00bb][contact-field label=\u00a0\u00bbVotre nom\u00a0\u00bb type=\u00a0\u00bbname\u00a0\u00bb required=\u00a0\u00bb1&Prime;][contact-field label=\u00a0\u00bbVotre courriel\u00a0\u00bb type=\u00a0\u00bbemail\u00a0\u00bb required=\u00a0\u00bb1&Prime;][contact-field label=\u00a0\u00bbCondol\u00e9ances\u00a0\u00bb type=\u00a0\u00bbtextarea\u00a0\u00bb][\/contact-form]<\/p>\n","protected":false},"featured_media":19324,"template":"","event_cat":[7],"class_list":["post-19319","event","type-event","status-publish","has-post-thumbnail","hentry","event_cat-maison-l-j-g-mallet-inc"],"_links":{"self":[{"href":"https:\/\/nouveau.maisonmallet.com\/back05_01\/index.php?rest_route=\/wp\/v2\/event\/19319","targetHints":{"allow":["GET"]}}],"collection":[{"href":"https:\/\/nouveau.maisonmallet.com\/back05_01\/index.php?rest_route=\/wp\/v2\/event"}],"about":[{"href":"https:\/\/nouveau.maisonmallet.com\/back05_01\/index.php?rest_route=\/wp\/v2\/types\/event"}],"wp:featuredmedia":[{"embeddable":true,"href":"https:\/\/nouveau.maisonmallet.com\/back05_01\/index.php?rest_route=\/wp\/v2\/media\/19324"}],"wp:attachment":[{"href":"https:\/\/nouveau.maisonmallet.com\/back05_01\/index.php?rest_route=%2Fwp%2Fv2%2Fmedia&parent=19319"}],"wp:term":[{"taxonomy":"event_cat","embeddable":true,"href":"https:\/\/nouveau.maisonmallet.com\/back05_01\/index.php?rest_route=%2Fwp%2Fv2%2Fevent_cat&post=19319"}],"curies":[{"name":"wp","href":"https:\/\/api.w.org\/{rel}","templated":true}]}}

THÉRIAULT, Johanne

<p>1972-2021</p>
<p>THÉRIAULT, Johanne</p>
<p>À Havre-Saint-Pierre, le 3 mars 2021, est décédé à l’âge de 48 ans 10 mois, madame Johanne Thériault fille de feu Dollard Thériault et de madame Laure-Anna Boudreau domiciliée à Havre-Saint-Pierre.</p>
<p>Les funérailles de madame Johanne Thériault auront lieu à une date ultérieure en l’église Saint-Pierre de Havre-Saint-Pierre.</p>
<p>Selon ses volontés, elle a été confiée au crématorium de la Maison L.J.G. Mallet pour crémation.</p>
<p>Elle laisse dans le deuil sa mère madame Laure-Anna Boudreau, ses frères : Eddy (Gisèle Prévéreau), Valmont et Damien (Michelle Turbis), ses sœurs : Gaétane (Marc Blais) et Céline, ses neveux, ses nièces et de nombreux ami(e)s.</p>
<p>Elle était la sœur de feu Luc (Jocelyne Boudreau) et Viateur.</p>
<p>Vos marques de sympathie peuvent se traduire par un don à l’Espoir de Shelna.</p>
<p>La famille a confié les arrangements funéraires aux services professionnels de la Maison L.J.G. Mallet du 1429, rue du Canot à Havre-Saint-Pierre, maintenant reconnue Distinction et membre de la Corporation des Thanatologues du Québec.</p>
<p>Vous pouvez consulter cet avis de décès sur le <a href="https://nouveau.maisonmallet.com/back05_01">www.maisonmallet.com</a></p>
<p>Ceux et celles qui le désirent, peuvent y envoyer des messages de sympathie.</p>
<p>&nbsp;</p>
<hr />
<p>Envoyer vos condoléances</p>
<p>[contact-form to= »valmo45@live.fr » subject= »Condoléances Johanne Thériault »][contact-field label= »Votre nom » type= »name » required= »1&Prime;][contact-field label= »Votre courriel » type= »email » required= »1&Prime;][contact-field label= »Condoléances » type= »textarea »][/contact-form]</p>
