{"id":19321,"date":"2021-02-28T14:36:40","date_gmt":"2021-02-28T19:36:40","guid":{"rendered":"https:\/\/nouveau.maisonmallet.com\/?post_type=event&#038;p=19321"},"modified":"2021-03-05T14:48:46","modified_gmt":"2021-03-05T19:48:46","slug":"jourdain-monette-picard","status":"publish","type":"event","link":"https:\/\/nouveau.maisonmallet.com\/back05_01\/?event=jourdain-monette-picard","title":{"rendered":"JOURDAIN, Monette (Picard)"},"content":{"rendered":"<p>1945 \u2013 2021<\/p>\n<p>JOURDAIN, Monette (Picard)<\/p>\n<p>&nbsp;<\/p>\n<p>&nbsp;<\/p>\n<p>\u00c0 Sept-\u00celes, le 22 f\u00e9vrier 2021, est d\u00e9c\u00e9d\u00e9e \u00e0 l\u2019\u00e2ge de 76 ans, madame Monette Jourdain \u00e9pouse de monsieur Rheal Picard et domicili\u00e9e \u00e0 Sept-\u00celes.<\/p>\n<p>Les fun\u00e9railles de madame Monette Jourdain Picard auront lieu \u00e0 une date ult\u00e9rieur en l\u2019\u00e9glise Sainte-Trinit\u00e9 de Baie-Trinit\u00e9 et de l\u00e0 au cimeti\u00e8re des Islets-Caribou.<\/p>\n<p>Selon ses volont\u00e9s, elle a \u00e9t\u00e9 confi\u00e9e au cr\u00e9matorium de la Maison Mallet &amp; fils pour cr\u00e9mation.<\/p>\n<p>Elle laisse dans le deuil outre son \u00e9poux monsieur Rheal Picard, ses fils\u00a0: Pierre, Steve, Denis (Martine Morin), Alain (Myl\u00e8ne Gauthier) et Yanick (Nadine Roussy), sa fille France, ses onze petits-enfants, ses huit arri\u00e8re-petits-enfants, ainsi que ses s\u0153urs, ses beaux-fr\u00e8res, ses belles-s\u0153urs, ses neveux, ses ni\u00e8ces, ses cousins, ses cousines et de nombreux ami(e)s.<\/p>\n<p>Vos marques de sympathie peuvent se traduire par un don \u00e0 l\u2019Association du cancer Est du Qu\u00e9bec <a href=\"http:\/\/www.aceq.org\">www.aceq.org<\/a><\/p>\n<p>La famille a confi\u00e9 la direction des fun\u00e9railles aux services professionnels de la Maison Mallet &amp; fils du 585, Boul. Laure, \u00e0 Sept-\u00celes, maintenant reconnue Distinction et membre de la Corporation des Thanatologues du Qu\u00e9bec.<\/p>\n<p>Vous pouvez consulter cet avis de d\u00e9c\u00e8s, sur le www.maisonmallet.com<\/p>\n<p>Ceux et celle qui le d\u00e9sirent, peuvent y envoyer des messages de sympathie.<\/p>\n<p>&nbsp;<\/p>\n<p>&nbsp;<\/p>\n<hr \/>\n<p>Envoyer vos condol\u00e9ances<\/p>\n<p>[contact-form to=\u00a0\u00bbyanpic@outlook.com\u00a0\u00bb subject=\u00a0\u00bbCondol\u00e9ances Monette Jourdain\u00a0\u00bb][contact-field label=\u00a0\u00bbVotre nom\u00a0\u00bb type=\u00a0\u00bbname\u00a0\u00bb required=\u00a0\u00bb1&Prime;][contact-field label=\u00a0\u00bbVotre courriel\u00a0\u00bb type=\u00a0\u00bbemail\u00a0\u00bb required=\u00a0\u00bb1&Prime;][contact-field label=\u00a0\u00bbCondol\u00e9ances\u00a0\u00bb type=\u00a0\u00bbtextarea\u00a0\u00bb][\/contact-form]<\/p>\n","protected":false},"featured_media":19327,"template":"","event_cat":[6],"class_list":["post-19321","event","type-event","status-publish","has-post-thumbnail","hentry","event_cat-maison-mallet-et-fils-inc"],"_links":{"self":[{"href":"https:\/\/nouveau.maisonmallet.com\/back05_01\/index.php?rest_route=\/wp\/v2\/event\/19321","targetHints":{"allow":["GET"]}}],"collection":[{"href":"https:\/\/nouveau.maisonmallet.com\/back05_01\/index.php?rest_route=\/wp\/v2\/event"}],"about":[{"href":"https:\/\/nouveau.maisonmallet.com\/back05_01\/index.php?rest_route=\/wp\/v2\/types\/event"}],"wp:featuredmedia":[{"embeddable":true,"href":"https:\/\/nouveau.maisonmallet.com\/back05_01\/index.php?rest_route=\/wp\/v2\/media\/19327"}],"wp:attachment":[{"href":"https:\/\/nouveau.maisonmallet.com\/back05_01\/index.php?rest_route=%2Fwp%2Fv2%2Fmedia&parent=19321"}],"wp:term":[{"taxonomy":"event_cat","embeddable":true,"href":"https:\/\/nouveau.maisonmallet.com\/back05_01\/index.php?rest_route=%2Fwp%2Fv2%2Fevent_cat&post=19321"}],"curies":[{"name":"wp","href":"https:\/\/api.w.org\/{rel}","templated":true}]}}

<p>1945 – 2021</p>
<p>JOURDAIN, Monette (Picard)</p>
<p>&nbsp;</p>
<p>&nbsp;</p>
<p>À Sept-Îles, le 22 février 2021, est décédée à l’âge de 76 ans, madame Monette Jourdain épouse de monsieur Rheal Picard et domiciliée à Sept-Îles.</p>
<p>Les funérailles de madame Monette Jourdain Picard auront lieu à une date ultérieur en l’église Sainte-Trinité de Baie-Trinité et de là au cimetière des Islets-Caribou.</p>
<p>Selon ses volontés, elle a été confiée au crématorium de la Maison Mallet &amp; fils pour crémation.</p>
<p>Elle laisse dans le deuil outre son époux monsieur Rheal Picard, ses fils : Pierre, Steve, Denis (Martine Morin), Alain (Mylène Gauthier) et Yanick (Nadine Roussy), sa fille France, ses onze petits-enfants, ses huit arrière-petits-enfants, ainsi que ses sœurs, ses beaux-frères, ses belles-sœurs, ses neveux, ses nièces, ses cousins, ses cousines et de nombreux ami(e)s.</p>
<p>Vos marques de sympathie peuvent se traduire par un don à l’Association du cancer Est du Québec <a href="http://www.aceq.org">www.aceq.org</a></p>
<p>La famille a confié la direction des funérailles aux services professionnels de la Maison Mallet &amp; fils du 585, Boul. Laure, à Sept-Îles, maintenant reconnue Distinction et membre de la Corporation des Thanatologues du Québec.</p>
<p>Vous pouvez consulter cet avis de décès, sur le www.maisonmallet.com</p>
<p>Ceux et celle qui le désirent, peuvent y envoyer des messages de sympathie.</p>
<p>&nbsp;</p>
<p>&nbsp;</p>
<hr />
<p>Envoyer vos condoléances</p>
<p>[contact-form to= »yanpic@outlook.com » subject= »Condoléances Monette Jourdain »][contact-field label= »Votre nom » type= »name » required= »1&Prime;][contact-field label= »Votre courriel » type= »email » required= »1&Prime;][contact-field label= »Condoléances » type= »textarea »][/contact-form]</p>
