{"id":19433,"date":"2021-03-11T16:00:01","date_gmt":"2021-03-11T21:00:01","guid":{"rendered":"https:\/\/nouveau.maisonmallet.com\/?post_type=event&#038;p=19433"},"modified":"2021-03-12T16:10:12","modified_gmt":"2021-03-12T21:10:12","slug":"smith-david","status":"publish","type":"event","link":"https:\/\/nouveau.maisonmallet.com\/back05_01\/?event=smith-david","title":{"rendered":"SMITH, David"},"content":{"rendered":"<p>1998 &#8211; 2021<\/p>\n<p>SMITH, David<\/p>\n<p>\u00c0 Sept-\u00celes, le 12 f\u00e9vrier 2021, est d\u00e9c\u00e9d\u00e9 \u00e0 l\u2019\u00e2ge de 23 ans, David Smith fils de madame Ren\u00e9e Deroy et de monsieur Steve Smith domicili\u00e9 \u00e0 Sept-\u00celes.<\/p>\n<p>Les fun\u00e9railles de David Smith auront lieu \u00e0 une date ult\u00e9rieure.<\/p>\n<p>Selon ses volont\u00e9s, il a \u00e9t\u00e9 confi\u00e9 au cr\u00e9matorium de la maison Mallet &amp; fils pour cr\u00e9mation.<\/p>\n<p>Il laisse dans le deuil outre ses parents madame Ren\u00e9e Deroy et monsieur Steve Smith, sa s\u0153ur Audrey (Pierre-Olivier Chambers), sa grand-m\u00e8re madame Rachel Pelletier (feu Ren\u00e9 Deroy), sa tante Rena (Bruno Beaulieu), son oncle Roger (France Gagn\u00e9), son grand-oncle Harold ainsi que ses cousines\u00a0: M\u00e9lissa (Steeven-Craig Simard) et \u00c9milie (Michael Rioux), ses cousins\u00a0: Jean-Philippe (Kim Morissette) et Marc-Andr\u00e9 (Laurence Lepage), et de nombreux ami(e)s.<\/p>\n<p>La famille a confi\u00e9 la direction des fun\u00e9railles aux services professionnels de la Maison Mallet &amp; fils du 585 boul. Laure \u00e0 Sept-\u00celes, maintenant reconnue Distinction et membre de la Corporation des Thanatologues du Qu\u00e9bec.<\/p>\n<p>Vous pouvez consulter cet avis de d\u00e9c\u00e8s sur le <a href=\"https:\/\/nouveau.maisonmallet.com\/back05_01\">www.maisonmallet.com<\/a><\/p>\n<p>Ceux et celles qui le d\u00e9sirent, peuvent y envoyer des messages de sympathie.<\/p>\n<p>&nbsp;<\/p>\n<hr \/>\n<p>Envoyer vos condol\u00e9ances<\/p>\n<p>[contact-form to=\u00a0\u00bbsmis@globetrotter.net\u00a0\u00bb subject=\u00a0\u00bbCondol\u00e9ances David Smith\u00a0\u00bb][contact-field label=\u00a0\u00bbVotre nom\u00a0\u00bb type=\u00a0\u00bbname\u00a0\u00bb required=\u00a0\u00bb1&Prime;][contact-field label=\u00a0\u00bbVotre courriel\u00a0\u00bb type=\u00a0\u00bbemail\u00a0\u00bb required=\u00a0\u00bb1&Prime;][contact-field label=\u00a0\u00bbCondol\u00e9ances\u00a0\u00bb type=\u00a0\u00bbtextarea\u00a0\u00bb][\/contact-form]<\/p>\n","protected":false},"featured_media":19511,"template":"","event_cat":[6],"class_list":["post-19433","event","type-event","status-publish","has-post-thumbnail","hentry","event_cat-maison-mallet-et-fils-inc"],"_links":{"self":[{"href":"https:\/\/nouveau.maisonmallet.com\/back05_01\/index.php?rest_route=\/wp\/v2\/event\/19433","targetHints":{"allow":["GET"]}}],"collection":[{"href":"https:\/\/nouveau.maisonmallet.com\/back05_01\/index.php?rest_route=\/wp\/v2\/event"}],"about":[{"href":"https:\/\/nouveau.maisonmallet.com\/back05_01\/index.php?rest_route=\/wp\/v2\/types\/event"}],"wp:featuredmedia":[{"embeddable":true,"href":"https:\/\/nouveau.maisonmallet.com\/back05_01\/index.php?rest_route=\/wp\/v2\/media\/19511"}],"wp:attachment":[{"href":"https:\/\/nouveau.maisonmallet.com\/back05_01\/index.php?rest_route=%2Fwp%2Fv2%2Fmedia&parent=19433"}],"wp:term":[{"taxonomy":"event_cat","embeddable":true,"href":"https:\/\/nouveau.maisonmallet.com\/back05_01\/index.php?rest_route=%2Fwp%2Fv2%2Fevent_cat&post=19433"}],"curies":[{"name":"wp","href":"https:\/\/api.w.org\/{rel}","templated":true}]}}

<p>1998 &#8211; 2021</p>
<p>SMITH, David</p>
<p>À Sept-Îles, le 12 février 2021, est décédé à l’âge de 23 ans, David Smith fils de madame Renée Deroy et de monsieur Steve Smith domicilié à Sept-Îles.</p>
<p>Les funérailles de David Smith auront lieu à une date ultérieure.</p>
<p>Selon ses volontés, il a été confié au crématorium de la maison Mallet &amp; fils pour crémation.</p>
<p>Il laisse dans le deuil outre ses parents madame Renée Deroy et monsieur Steve Smith, sa sœur Audrey (Pierre-Olivier Chambers), sa grand-mère madame Rachel Pelletier (feu René Deroy), sa tante Rena (Bruno Beaulieu), son oncle Roger (France Gagné), son grand-oncle Harold ainsi que ses cousines : Mélissa (Steeven-Craig Simard) et Émilie (Michael Rioux), ses cousins : Jean-Philippe (Kim Morissette) et Marc-André (Laurence Lepage), et de nombreux ami(e)s.</p>
<p>La famille a confié la direction des funérailles aux services professionnels de la Maison Mallet &amp; fils du 585 boul. Laure à Sept-Îles, maintenant reconnue Distinction et membre de la Corporation des Thanatologues du Québec.</p>
<p>Vous pouvez consulter cet avis de décès sur le <a href="https://nouveau.maisonmallet.com/back05_01">www.maisonmallet.com</a></p>
<p>Ceux et celles qui le désirent, peuvent y envoyer des messages de sympathie.</p>
<p>&nbsp;</p>
<hr />
<p>Envoyer vos condoléances</p>
<p>[contact-form to= »smis@globetrotter.net » subject= »Condoléances David Smith »][contact-field label= »Votre nom » type= »name » required= »1&Prime;][contact-field label= »Votre courriel » type= »email » required= »1&Prime;][contact-field label= »Condoléances » type= »textarea »][/contact-form]</p>
