{"id":19512,"date":"2021-03-15T14:58:44","date_gmt":"2021-03-15T18:58:44","guid":{"rendered":"https:\/\/nouveau.maisonmallet.com\/?post_type=event&#038;p=19512"},"modified":"2021-03-15T20:07:42","modified_gmt":"2021-03-16T00:07:42","slug":"arsenault-lucille-cyr","status":"publish","type":"event","link":"https:\/\/nouveau.maisonmallet.com\/back05_01\/?event=arsenault-lucille-cyr","title":{"rendered":"ARSENAULT, Lucille (Cyr)"},"content":{"rendered":"<p>1928-2021<\/p>\n<p>ARSENAULT, Lucille (Cyr)<\/p>\n<p>\u00c0 Havre-Saint-Pierre, le 14 mars 2021, est d\u00e9c\u00e9d\u00e9e \u00e0 l\u2019\u00e2ge de 92 ans et 11 mois, madame Lucille Arsenault Cyr \u00e9pouse de feu L\u00e9onard Cyr et domicili\u00e9e \u00e0 Havre-Saint-Pierre.<\/p>\n<p>Les fun\u00e9railles de madame Lucille Arsenault Cyr auront lieu \u00e0 une date ult\u00e9rieure en l\u2019\u00c9glise Saint-Pierre de Havre-Saint-Pierre.<\/p>\n<p>Selon ses volont\u00e9s, elle a \u00e9t\u00e9 confi\u00e9e au cr\u00e9matorium de la Maison L.J.G. Mallet pour cr\u00e9mation.<\/p>\n<p>Elle laisse dans le deuil son fils\u00a0: Jocelyn (Danielle Petitpas), ses filles\u00a0: Yvette (Denis Laflamme), Nicole (Luc No\u00ebl), Diane (Lucien Landry), Jocelyne (Jean Harnois), Chantale (\u00c9ric Vigneault) et Shirley (Gilles Leclerc), ses petits-enfants\u00a0: Carlo, Isabelle, Fr\u00e9d\u00e9ric, Dominique, Sammie, Marc-Andr\u00e9, Jonathan, Vichy, Patrick, Jean-Fran\u00e7ois, Rapha\u00ebl, Jean-Chrystophe, Marie-Phillip et Nicolas. Ses douze arri\u00e8re-petits-enfants, son beau-fr\u00e8re, ses belles-s\u0153urs, ses neveux, ses ni\u00e8ces et ainsi que nombreux ami(e)s.<\/p>\n<p>Elle \u00e9tait la m\u00e8re de feue Mado.<\/p>\n<p>Vos marques de sympathie peuvent se traduire par un don \u00e0 la Fondation du centre de sant\u00e9 de la Minganie.<\/p>\n<p>La famille a confi\u00e9 la direction des fun\u00e9railles aux services professionnels de la Maison L.J.G. Mallet du 1429, rue du Canot \u00e0 Havre-Saint-Pierre, maintenant reconnue Distinction et membre de la Corporation des Thanatologues du Qu\u00e9bec.<\/p>\n<p>Vous pouvez consulter cet avis de d\u00e9c\u00e8s sur le <a href=\"https:\/\/nouveau.maisonmallet.com\/back05_01\">www.maisonmallet.com<\/a><\/p>\n<p>Ceux et celles qui le d\u00e9sirent, peuvent y envoyer des messages de sympathie.<\/p>\n<p>&nbsp;<\/p>\n<hr \/>\n<p>Envoyer vos condol\u00e9ances<\/p>\n<p>[contact-form to=\u00a0\u00bbleclerccyr68@yahoo.ca\u00a0\u00bb subject=\u00a0\u00bbCondol\u00e9ances Lucille Arsenault\u00a0\u00bb][contact-field label=\u00a0\u00bbVotre nom\u00a0\u00bb type=\u00a0\u00bbname\u00a0\u00bb required=\u00a0\u00bb1&Prime;][contact-field label=\u00a0\u00bbVotre courriel\u00a0\u00bb type=\u00a0\u00bbemail\u00a0\u00bb required=\u00a0\u00bb1&Prime;][contact-field label=\u00a0\u00bbCondol\u00e9ances\u00a0\u00bb type=\u00a0\u00bbtextarea\u00a0\u00bb][\/contact-form]<\/p>\n","protected":false},"featured_media":19604,"template":"","event_cat":[7],"class_list":["post-19512","event","type-event","status-publish","has-post-thumbnail","hentry","event_cat-maison-l-j-g-mallet-inc"],"_links":{"self":[{"href":"https:\/\/nouveau.maisonmallet.com\/back05_01\/index.php?rest_route=\/wp\/v2\/event\/19512","targetHints":{"allow":["GET"]}}],"collection":[{"href":"https:\/\/nouveau.maisonmallet.com\/back05_01\/index.php?rest_route=\/wp\/v2\/event"}],"about":[{"href":"https:\/\/nouveau.maisonmallet.com\/back05_01\/index.php?rest_route=\/wp\/v2\/types\/event"}],"wp:featuredmedia":[{"embeddable":true,"href":"https:\/\/nouveau.maisonmallet.com\/back05_01\/index.php?rest_route=\/wp\/v2\/media\/19604"}],"wp:attachment":[{"href":"https:\/\/nouveau.maisonmallet.com\/back05_01\/index.php?rest_route=%2Fwp%2Fv2%2Fmedia&parent=19512"}],"wp:term":[{"taxonomy":"event_cat","embeddable":true,"href":"https:\/\/nouveau.maisonmallet.com\/back05_01\/index.php?rest_route=%2Fwp%2Fv2%2Fevent_cat&post=19512"}],"curies":[{"name":"wp","href":"https:\/\/api.w.org\/{rel}","templated":true}]}}

<p>1928-2021</p>
<p>ARSENAULT, Lucille (Cyr)</p>
<p>À Havre-Saint-Pierre, le 14 mars 2021, est décédée à l’âge de 92 ans et 11 mois, madame Lucille Arsenault Cyr épouse de feu Léonard Cyr et domiciliée à Havre-Saint-Pierre.</p>
<p>Les funérailles de madame Lucille Arsenault Cyr auront lieu à une date ultérieure en l’Église Saint-Pierre de Havre-Saint-Pierre.</p>
<p>Selon ses volontés, elle a été confiée au crématorium de la Maison L.J.G. Mallet pour crémation.</p>
<p>Elle laisse dans le deuil son fils : Jocelyn (Danielle Petitpas), ses filles : Yvette (Denis Laflamme), Nicole (Luc Noël), Diane (Lucien Landry), Jocelyne (Jean Harnois), Chantale (Éric Vigneault) et Shirley (Gilles Leclerc), ses petits-enfants : Carlo, Isabelle, Frédéric, Dominique, Sammie, Marc-André, Jonathan, Vichy, Patrick, Jean-François, Raphaël, Jean-Chrystophe, Marie-Phillip et Nicolas. Ses douze arrière-petits-enfants, son beau-frère, ses belles-sœurs, ses neveux, ses nièces et ainsi que nombreux ami(e)s.</p>
<p>Elle était la mère de feue Mado.</p>
<p>Vos marques de sympathie peuvent se traduire par un don à la Fondation du centre de santé de la Minganie.</p>
<p>La famille a confié la direction des funérailles aux services professionnels de la Maison L.J.G. Mallet du 1429, rue du Canot à Havre-Saint-Pierre, maintenant reconnue Distinction et membre de la Corporation des Thanatologues du Québec.</p>
<p>Vous pouvez consulter cet avis de décès sur le <a href="https://nouveau.maisonmallet.com/back05_01">www.maisonmallet.com</a></p>
<p>Ceux et celles qui le désirent, peuvent y envoyer des messages de sympathie.</p>
<p>&nbsp;</p>
<hr />
<p>Envoyer vos condoléances</p>
<p>[contact-form to= »leclerccyr68@yahoo.ca » subject= »Condoléances Lucille Arsenault »][contact-field label= »Votre nom » type= »name » required= »1&Prime;][contact-field label= »Votre courriel » type= »email » required= »1&Prime;][contact-field label= »Condoléances » type= »textarea »][/contact-form]</p>
