{"id":19748,"date":"2021-09-12T15:00:41","date_gmt":"2021-09-12T19:00:41","guid":{"rendered":"https:\/\/nouveau.maisonmallet.com\/?post_type=event&#038;p=19748"},"modified":"2021-09-12T15:14:44","modified_gmt":"2021-09-12T19:14:44","slug":"theriault-maryse","status":"publish","type":"event","link":"https:\/\/nouveau.maisonmallet.com\/back05_01\/?event=theriault-maryse","title":{"rendered":"TH\u00c9RIAULT, Maryse"},"content":{"rendered":"<p>1960-2021<\/p>\n<p>Th\u00e9riault, Maryse<\/p>\n<p>\u00c0 Havre-Saint-Pierre, le 21 mars 2021, est d\u00e9c\u00e9d\u00e9e \u00e0 l\u2019\u00e2ge de 61 ans et 1 mois, madame Maryse Th\u00e9riault conjointe de monsieur Jean-Claude Boudreau et domicili\u00e9e \u00e0 Havre-Saint-Pierre.<\/p>\n<p>Les fun\u00e9railles de madame Maryse Th\u00e9riault auront lieu samedi 18 septembre 2021 \u00e0 11 h 00 en l\u2019\u00c9glise Saint-Pierre de Havre-Saint-Pierre.<\/p>\n<p>Selon ses volont\u00e9s, elle a \u00e9t\u00e9 confi\u00e9e au cr\u00e9matorium de la Maison L.J.G. Mallet pour cr\u00e9mation.<\/p>\n<p>La famille re\u00e7oit parents et amis le vendredi 17 septembre 2021 de 19 h 00 \u00e0 22 h00. Le samedi 18 septembre 2021 jour des fun\u00e9railles \u00e0 compter de 10 h 00 au salon de la maison L.J.G. Mallet du 1429, rue du Canot \u00e0 Havre-Saint-Pierre.<\/p>\n<p>Elle laisse dans le deuil outre son conjoint monsieur Jean-Claude Boudreau, sa fille Christina (Fr\u00e9d\u00e9ric Vigneau), ses fr\u00e8res : Adrien (Carole Paradis) et Marius (Lauraine Cormier), ses s\u0153urs : France (R\u00e9al Boudreau), Diane (Bertrand M\u00e9thot), Jos\u00e9e (Daniel Boudreau), Sylvie (R\u00e9gis Duguay), Julie (Paul Drouin) et Luce, ses beaux-fr\u00e8res, ses belles-s\u0153urs, ses neveux, ses ni\u00e8ces et ainsi que nombreux ami(e)s.<\/p>\n<p>Elle \u00e9tait la soeur de feu Daniel (Julie Maloney)<\/p>\n<p><strong>D\u00fb au circonstances reli\u00e9es \u00e0 la pand\u00e9mie, vous pouvez venir pr\u00e9senter vos condol\u00e9ances en respectant la distanciation physique et le port du masque sera <\/strong><b>obligatoire.<\/b><\/p>\n<p>Vos marques de sympathie peuvent se traduire par un don \u00e0 la Fondation du centre de sant\u00e9 de la Minganie.<\/p>\n<p>La famille a confi\u00e9 la direction des fun\u00e9railles aux services professionnels de la Maison L.J.G. Mallet du 1429, rue du Canot \u00e0 Havre-Saint-Pierre, maintenant reconnue Distinction et membre de la Corporation des Thanatologues du Qu\u00e9bec.<\/p>\n<p>Vous pouvez consulter cet avis de d\u00e9c\u00e8s sur le <a href=\"https:\/\/nouveau.maisonmallet.com\/back05_01\">www.maisonmallet.com<\/a><\/p>\n<p>Ceux et celles qui le d\u00e9sirent, peuvent y envoyer des messages de sympathie.<\/p>\n<p>&nbsp;<\/p>\n<p>&nbsp;<\/p>\n<hr \/>\n<p>Envoyer vos condol\u00e9ances<\/p>\n<p>[contact-form to=\u00a0\u00bbchristina.boudreau.1@ulaval.ca\u00a0\u00bb subject=\u00a0\u00bbCondol\u00e9ances Maryse Th\u00e9riault\u00a0\u00bb][contact-field label=\u00a0\u00bbVotre nom\u00a0\u00bb type=\u00a0\u00bbname\u00a0\u00bb required=\u00a0\u00bb1&Prime;][contact-field label=\u00a0\u00bbVotre courriel\u00a0\u00bb type=\u00a0\u00bbemail\u00a0\u00bb required=\u00a0\u00bb1&Prime;][contact-field label=\u00a0\u00bbCondol\u00e9ances\u00a0\u00bb type=\u00a0\u00bbtextarea\u00a0\u00bb][\/contact-form]<\/p>\n","protected":false},"featured_media":19842,"template":"","event_cat":[7],"class_list":["post-19748","event","type-event","status-publish","has-post-thumbnail","hentry","event_cat-maison-l-j-g-mallet-inc"],"_links":{"self":[{"href":"https:\/\/nouveau.maisonmallet.com\/back05_01\/index.php?rest_route=\/wp\/v2\/event\/19748","targetHints":{"allow":["GET"]}}],"collection":[{"href":"https:\/\/nouveau.maisonmallet.com\/back05_01\/index.php?rest_route=\/wp\/v2\/event"}],"about":[{"href":"https:\/\/nouveau.maisonmallet.com\/back05_01\/index.php?rest_route=\/wp\/v2\/types\/event"}],"wp:featuredmedia":[{"embeddable":true,"href":"https:\/\/nouveau.maisonmallet.com\/back05_01\/index.php?rest_route=\/wp\/v2\/media\/19842"}],"wp:attachment":[{"href":"https:\/\/nouveau.maisonmallet.com\/back05_01\/index.php?rest_route=%2Fwp%2Fv2%2Fmedia&parent=19748"}],"wp:term":[{"taxonomy":"event_cat","embeddable":true,"href":"https:\/\/nouveau.maisonmallet.com\/back05_01\/index.php?rest_route=%2Fwp%2Fv2%2Fevent_cat&post=19748"}],"curies":[{"name":"wp","href":"https:\/\/api.w.org\/{rel}","templated":true}]}}

THÉRIAULT, Maryse

<p>1960-2021</p>
<p>Thériault, Maryse</p>
<p>À Havre-Saint-Pierre, le 21 mars 2021, est décédée à l’âge de 61 ans et 1 mois, madame Maryse Thériault conjointe de monsieur Jean-Claude Boudreau et domiciliée à Havre-Saint-Pierre.</p>
<p>Les funérailles de madame Maryse Thériault auront lieu samedi 18 septembre 2021 à 11 h 00 en l’Église Saint-Pierre de Havre-Saint-Pierre.</p>
<p>Selon ses volontés, elle a été confiée au crématorium de la Maison L.J.G. Mallet pour crémation.</p>
<p>La famille reçoit parents et amis le vendredi 17 septembre 2021 de 19 h 00 à 22 h00. Le samedi 18 septembre 2021 jour des funérailles à compter de 10 h 00 au salon de la maison L.J.G. Mallet du 1429, rue du Canot à Havre-Saint-Pierre.</p>
<p>Elle laisse dans le deuil outre son conjoint monsieur Jean-Claude Boudreau, sa fille Christina (Frédéric Vigneau), ses frères : Adrien (Carole Paradis) et Marius (Lauraine Cormier), ses sœurs : France (Réal Boudreau), Diane (Bertrand Méthot), Josée (Daniel Boudreau), Sylvie (Régis Duguay), Julie (Paul Drouin) et Luce, ses beaux-frères, ses belles-sœurs, ses neveux, ses nièces et ainsi que nombreux ami(e)s.</p>
<p>Elle était la soeur de feu Daniel (Julie Maloney)</p>
<p><strong>Dû au circonstances reliées à la pandémie, vous pouvez venir présenter vos condoléances en respectant la distanciation physique et le port du masque sera </strong><b>obligatoire.</b></p>
<p>Vos marques de sympathie peuvent se traduire par un don à la Fondation du centre de santé de la Minganie.</p>
<p>La famille a confié la direction des funérailles aux services professionnels de la Maison L.J.G. Mallet du 1429, rue du Canot à Havre-Saint-Pierre, maintenant reconnue Distinction et membre de la Corporation des Thanatologues du Québec.</p>
<p>Vous pouvez consulter cet avis de décès sur le <a href="https://nouveau.maisonmallet.com/back05_01">www.maisonmallet.com</a></p>
<p>Ceux et celles qui le désirent, peuvent y envoyer des messages de sympathie.</p>
<p>&nbsp;</p>
<p>&nbsp;</p>
<hr />
<p>Envoyer vos condoléances</p>
<p>[contact-form to= »christina.boudreau.1@ulaval.ca » subject= »Condoléances Maryse Thériault »][contact-field label= »Votre nom » type= »name » required= »1&Prime;][contact-field label= »Votre courriel » type= »email » required= »1&Prime;][contact-field label= »Condoléances » type= »textarea »][/contact-form]</p>
