{"id":19777,"date":"2021-10-03T10:23:11","date_gmt":"2021-10-03T14:23:11","guid":{"rendered":"https:\/\/nouveau.maisonmallet.com\/?post_type=event&#038;p=19777"},"modified":"2021-10-04T14:00:57","modified_gmt":"2021-10-04T18:00:57","slug":"modele-nom-prenom-25","status":"publish","type":"event","link":"https:\/\/nouveau.maisonmallet.com\/back05_01\/?event=modele-nom-prenom-25","title":{"rendered":"MAILLOUX, Jean-Louis"},"content":{"rendered":"<p>1938 &#8211; 2021<\/p>\n<p>MAILLOUX, Jean-Louis<\/p>\n<p>&nbsp;<\/p>\n<p>\u00c0 Sept-\u00celes (r\u00e9sidence Gustave Gauvreau), le 11 mars 2021, est d\u00e9c\u00e9d\u00e9 \u00e0 l\u2019\u00e2ge de 82 ans, monsieur Jean-Louis Mailloux \u00e9poux de feue Gis\u00e8le Dupuis et domicili\u00e9 \u00e0 Sept-\u00celes.<\/p>\n<p>Les fun\u00e9railles de monsieur Jean-Louis Mailloux auront lieu le samedi 9 octobre 2021 \u00e0 10 h 30 en l\u2019\u00e9glise Marie-Immacul\u00e9e situ\u00e9e au 180, rue Papineau \u00e0 Sept-\u00celes et de l\u00e0 au cimeti\u00e8re Catholique de Sept-\u00celes.<\/p>\n<p>Selon ses volont\u00e9s, il a \u00e9t\u00e9 confi\u00e9 au cr\u00e9matorium de la maison Mallet &amp; fils pour cr\u00e9mation.<\/p>\n<p>La famille re\u00e7oit parents et amis le vendredi 8 octobre 2021 de 19 h \u00e0 22 h. Le samedi 9 octobre 2021 jour des fun\u00e9railles \u00e0 compter de 9 h au Complexe Thanatologique Mallet &amp; fils du 585 Boul. Laure \u00e0 Sept-\u00celes.<\/p>\n<p><strong><u>D\u00fb aux circonstances reli\u00e9es \u00e0 la pand\u00e9mie, vous pouvez venir pr\u00e9senter vos condol\u00e9ances en respectant la distanciation physique et le port du masque sera obligatoire.<\/u><\/strong><\/p>\n<p>Il laisse dans le deuil ses filles\u00a0: Lena (Daniel Ch\u00e9nard), Marl\u00e8ne et Cathy (Claude Simard), son fils St\u00e9phane (Jean-Pierre Gagnon), ses petites-filles\u00a0: Sandrine (Francis Laberge), Marilou (David Bottos), Anne-Sophie (Jimmy Vibert), son petit-fils Christophe (R\u00e9becka Garand) ainsi que ses s\u0153urs\u00a0: Reine, Carole (Marie-Noelle Bayle) et Lynda (Jean-Yves Savard), ses beaux-fr\u00e8res, ses belles-s\u0153urs, ses neveux, ses ni\u00e8ces, et de nombreux ami(e)s.<\/p>\n<p>Vos marques de sympathie peuvent se traduire par un don \u00e0 La fondation r\u00e9gionale h\u00f4pital Sept-\u00celes <a href=\"http:\/\/www.fondationsept-iles.qc.ca\">www.fondationsept-iles.qc.ca<\/a><\/p>\n<p>La famille a confi\u00e9 la direction des fun\u00e9railles aux services professionnels de la Maison Mallet &amp; fils du 585 boul. Laure \u00e0 Sept-\u00celes, maintenant reconnue Distinction et membre de la Corporation des Thanatologues du Qu\u00e9bec.<\/p>\n<p>Vous pouvez consulter cet avis de d\u00e9c\u00e8s sur le <a href=\"https:\/\/nouveau.maisonmallet.com\/back05_01\">www.maisonmallet.com<\/a><\/p>\n<p>Ceux et celles qui le d\u00e9sirent, peuvent y envoyer des messages de sympathie.<\/p>\n<p>&nbsp;<\/p>\n<hr \/>\n<p>Envoyer vos condol\u00e9ances<\/p>\n<p>[contact-form to=\u00a0\u00bblmdc@cgocable.ca\u00a0\u00bb subject=\u00a0\u00bbCondol\u00e9ances Jean-Louis Mailloux\u00a0\u00bb][contact-field label=\u00a0\u00bbVotre nom\u00a0\u00bb type=\u00a0\u00bbname\u00a0\u00bb required=\u00a0\u00bb1&Prime;][contact-field label=\u00a0\u00bbVotre courriel\u00a0\u00bb type=\u00a0\u00bbemail\u00a0\u00bb required=\u00a0\u00bb1&Prime;][contact-field label=\u00a0\u00bbCondol\u00e9ances\u00a0\u00bb type=\u00a0\u00bbtextarea\u00a0\u00bb][\/contact-form]<\/p>\n","protected":false},"featured_media":19779,"template":"","event_cat":[6],"class_list":["post-19777","event","type-event","status-publish","has-post-thumbnail","hentry","event_cat-maison-mallet-et-fils-inc"],"_links":{"self":[{"href":"https:\/\/nouveau.maisonmallet.com\/back05_01\/index.php?rest_route=\/wp\/v2\/event\/19777","targetHints":{"allow":["GET"]}}],"collection":[{"href":"https:\/\/nouveau.maisonmallet.com\/back05_01\/index.php?rest_route=\/wp\/v2\/event"}],"about":[{"href":"https:\/\/nouveau.maisonmallet.com\/back05_01\/index.php?rest_route=\/wp\/v2\/types\/event"}],"wp:featuredmedia":[{"embeddable":true,"href":"https:\/\/nouveau.maisonmallet.com\/back05_01\/index.php?rest_route=\/wp\/v2\/media\/19779"}],"wp:attachment":[{"href":"https:\/\/nouveau.maisonmallet.com\/back05_01\/index.php?rest_route=%2Fwp%2Fv2%2Fmedia&parent=19777"}],"wp:term":[{"taxonomy":"event_cat","embeddable":true,"href":"https:\/\/nouveau.maisonmallet.com\/back05_01\/index.php?rest_route=%2Fwp%2Fv2%2Fevent_cat&post=19777"}],"curies":[{"name":"wp","href":"https:\/\/api.w.org\/{rel}","templated":true}]}}

<p>1938 &#8211; 2021</p>
<p>MAILLOUX, Jean-Louis</p>
<p>&nbsp;</p>
<p>À Sept-Îles (résidence Gustave Gauvreau), le 11 mars 2021, est décédé à l’âge de 82 ans, monsieur Jean-Louis Mailloux époux de feue Gisèle Dupuis et domicilié à Sept-Îles.</p>
<p>Les funérailles de monsieur Jean-Louis Mailloux auront lieu le samedi 9 octobre 2021 à 10 h 30 en l’église Marie-Immaculée située au 180, rue Papineau à Sept-Îles et de là au cimetière Catholique de Sept-Îles.</p>
<p>Selon ses volontés, il a été confié au crématorium de la maison Mallet &amp; fils pour crémation.</p>
<p>La famille reçoit parents et amis le vendredi 8 octobre 2021 de 19 h à 22 h. Le samedi 9 octobre 2021 jour des funérailles à compter de 9 h au Complexe Thanatologique Mallet &amp; fils du 585 Boul. Laure à Sept-Îles.</p>
<p><strong><u>Dû aux circonstances reliées à la pandémie, vous pouvez venir présenter vos condoléances en respectant la distanciation physique et le port du masque sera obligatoire.</u></strong></p>
<p>Il laisse dans le deuil ses filles : Lena (Daniel Chénard), Marlène et Cathy (Claude Simard), son fils Stéphane (Jean-Pierre Gagnon), ses petites-filles : Sandrine (Francis Laberge), Marilou (David Bottos), Anne-Sophie (Jimmy Vibert), son petit-fils Christophe (Rébecka Garand) ainsi que ses sœurs : Reine, Carole (Marie-Noelle Bayle) et Lynda (Jean-Yves Savard), ses beaux-frères, ses belles-sœurs, ses neveux, ses nièces, et de nombreux ami(e)s.</p>
<p>Vos marques de sympathie peuvent se traduire par un don à La fondation régionale hôpital Sept-Îles <a href="http://www.fondationsept-iles.qc.ca">www.fondationsept-iles.qc.ca</a></p>
<p>La famille a confié la direction des funérailles aux services professionnels de la Maison Mallet &amp; fils du 585 boul. Laure à Sept-Îles, maintenant reconnue Distinction et membre de la Corporation des Thanatologues du Québec.</p>
<p>Vous pouvez consulter cet avis de décès sur le <a href="https://nouveau.maisonmallet.com/back05_01">www.maisonmallet.com</a></p>
<p>Ceux et celles qui le désirent, peuvent y envoyer des messages de sympathie.</p>
<p>&nbsp;</p>
<hr />
<p>Envoyer vos condoléances</p>
<p>[contact-form to= »lmdc@cgocable.ca » subject= »Condoléances Jean-Louis Mailloux »][contact-field label= »Votre nom » type= »name » required= »1&Prime;][contact-field label= »Votre courriel » type= »email » required= »1&Prime;][contact-field label= »Condoléances » type= »textarea »][/contact-form]</p>
