{"id":19889,"date":"2021-03-24T14:00:58","date_gmt":"2021-03-24T18:00:58","guid":{"rendered":"https:\/\/nouveau.maisonmallet.com\/?post_type=event&#038;p=19889"},"modified":"2021-08-30T20:13:49","modified_gmt":"2021-08-31T00:13:49","slug":"lebrun-alice-cormier","status":"publish","type":"event","link":"https:\/\/nouveau.maisonmallet.com\/back05_01\/?event=lebrun-alice-cormier","title":{"rendered":"LEBRUN, Alice (Cormier)"},"content":{"rendered":"<p>1948-2021<\/p>\n<p>LEBRUN, Alice (Cormier)<\/p>\n<p>\u00c0 Havre-Saint-Pierre, le 24 mars 2021, est d\u00e9c\u00e9d\u00e9e \u00e0 l\u2019\u00e2ge de 73 ans madame Alice Lebrun Cormier \u00e9pouse de monsieur Maurice Cormier et domicili\u00e9e \u00e0 Havre-Saint-Pierre.<\/p>\n<p>Les fun\u00e9railles de madame Alice Lebrun Cormier auront lieu le jeudi 5 ao\u00fbt 2021 \u00e0 11 h en l\u2019\u00c9glise Saint-Pierre de Havre-Saint-Pierre et de l\u00e0 au cimeti\u00e8re de l\u2019endroit.<\/p>\n<p>Selon ses volont\u00e9s, elle a \u00e9t\u00e9 confi\u00e9e au cr\u00e9matorium de la Maison L.J.G. Mallet pour cr\u00e9mation.<\/p>\n<p>La famille re\u00e7oit parents et amis le mercredi 4 ao\u00fbt 2021 de 19 h \u00e0 22 h. Et le jeudi 5 ao\u00fbt 2021 jour des fun\u00e9railles \u00e0 compter de 10 h au salon de la Maison L.J.G. Mallet du 1429, rue du Canot \u00e0 Havre-Saint-Pierre.<\/p>\n<p><strong>D\u00fb aux circonstances reli\u00e9es \u00e0 la pand\u00e9mie, vous pouvez venir pr\u00e9senter vos condol\u00e9ances en respectant la distanciation sociale et le port du masque sera obligatoire.<\/strong><\/p>\n<p>Elle laisse dans le deuil outre son \u00e9poux monsieur Maurice Cormier, son fils Ken (Val\u00e9rie Boudreau), sa fille Dominique, ses petits-enfants\u00a0: Ariane (Maxime), Gabriel, \u00c9mie et Clo\u00e9, ses fr\u00e8res\u00a0: Gilles (Denise), Pierre (Maryse), ses s\u0153urs Denise (Richard), Lise (Roger), beaux-fr\u00e8res, ses belles-s\u0153urs, ses neveux, ses ni\u00e8ces, ses cousins, ses cousines et ainsi que nombreux ami(e)s.Vos marques de sympathie peuvent se traduire par un don \u00e0 la Fondation du centre de sant\u00e9 de la Minganie.<\/p>\n<p>La famille a confi\u00e9 la direction des fun\u00e9railles aux services professionnels de la Maison L.J.G. Mallet du 1429, rue du Canot \u00e0 Havre-Saint-Pierre, maintenant reconnue Distinction et membre de la Corporation des Thanatologues du Qu\u00e9bec.<\/p>\n<p>Vous pouvez consulter cet avis de d\u00e9c\u00e8s sur le <a href=\"https:\/\/nouveau.maisonmallet.com\/back05_01\">www.maisonmallet.com<\/a><\/p>\n<p>Ceux et celles qui le d\u00e9sirent, peuvent y envoyer des messages de sympathie.<\/p>\n<p>&nbsp;<\/p>\n<p>&nbsp;<\/p>\n<hr \/>\n<p>Envoyer vos condol\u00e9ances<\/p>\n<p>[contact-form to=\u00a0\u00bbcora255@hotmail.com\u00a0\u00bb subject=\u00a0\u00bbCondol\u00e9ances Alice Lebrun\u00a0\u00bb][contact-field label=\u00a0\u00bbVotre nom\u00a0\u00bb type=\u00a0\u00bbname\u00a0\u00bb required=\u00a0\u00bb1&Prime;][contact-field label=\u00a0\u00bbVotre courriel\u00a0\u00bb type=\u00a0\u00bbemail\u00a0\u00bb required=\u00a0\u00bb1&Prime;][contact-field label=\u00a0\u00bbCondol\u00e9ances\u00a0\u00bb type=\u00a0\u00bbtextarea\u00a0\u00bb][\/contact-form]<\/p>\n","protected":false},"featured_media":19984,"template":"","event_cat":[7],"class_list":["post-19889","event","type-event","status-publish","has-post-thumbnail","hentry","event_cat-maison-l-j-g-mallet-inc"],"_links":{"self":[{"href":"https:\/\/nouveau.maisonmallet.com\/back05_01\/index.php?rest_route=\/wp\/v2\/event\/19889","targetHints":{"allow":["GET"]}}],"collection":[{"href":"https:\/\/nouveau.maisonmallet.com\/back05_01\/index.php?rest_route=\/wp\/v2\/event"}],"about":[{"href":"https:\/\/nouveau.maisonmallet.com\/back05_01\/index.php?rest_route=\/wp\/v2\/types\/event"}],"wp:featuredmedia":[{"embeddable":true,"href":"https:\/\/nouveau.maisonmallet.com\/back05_01\/index.php?rest_route=\/wp\/v2\/media\/19984"}],"wp:attachment":[{"href":"https:\/\/nouveau.maisonmallet.com\/back05_01\/index.php?rest_route=%2Fwp%2Fv2%2Fmedia&parent=19889"}],"wp:term":[{"taxonomy":"event_cat","embeddable":true,"href":"https:\/\/nouveau.maisonmallet.com\/back05_01\/index.php?rest_route=%2Fwp%2Fv2%2Fevent_cat&post=19889"}],"curies":[{"name":"wp","href":"https:\/\/api.w.org\/{rel}","templated":true}]}}

<p>1948-2021</p>
<p>LEBRUN, Alice (Cormier)</p>
<p>À Havre-Saint-Pierre, le 24 mars 2021, est décédée à l’âge de 73 ans madame Alice Lebrun Cormier épouse de monsieur Maurice Cormier et domiciliée à Havre-Saint-Pierre.</p>
<p>Les funérailles de madame Alice Lebrun Cormier auront lieu le jeudi 5 août 2021 à 11 h en l’Église Saint-Pierre de Havre-Saint-Pierre et de là au cimetière de l’endroit.</p>
<p>Selon ses volontés, elle a été confiée au crématorium de la Maison L.J.G. Mallet pour crémation.</p>
<p>La famille reçoit parents et amis le mercredi 4 août 2021 de 19 h à 22 h. Et le jeudi 5 août 2021 jour des funérailles à compter de 10 h au salon de la Maison L.J.G. Mallet du 1429, rue du Canot à Havre-Saint-Pierre.</p>
<p><strong>Dû aux circonstances reliées à la pandémie, vous pouvez venir présenter vos condoléances en respectant la distanciation sociale et le port du masque sera obligatoire.</strong></p>
<p>Elle laisse dans le deuil outre son époux monsieur Maurice Cormier, son fils Ken (Valérie Boudreau), sa fille Dominique, ses petits-enfants : Ariane (Maxime), Gabriel, Émie et Cloé, ses frères : Gilles (Denise), Pierre (Maryse), ses sœurs Denise (Richard), Lise (Roger), beaux-frères, ses belles-sœurs, ses neveux, ses nièces, ses cousins, ses cousines et ainsi que nombreux ami(e)s.Vos marques de sympathie peuvent se traduire par un don à la Fondation du centre de santé de la Minganie.</p>
<p>La famille a confié la direction des funérailles aux services professionnels de la Maison L.J.G. Mallet du 1429, rue du Canot à Havre-Saint-Pierre, maintenant reconnue Distinction et membre de la Corporation des Thanatologues du Québec.</p>
<p>Vous pouvez consulter cet avis de décès sur le <a href="https://nouveau.maisonmallet.com/back05_01">www.maisonmallet.com</a></p>
<p>Ceux et celles qui le désirent, peuvent y envoyer des messages de sympathie.</p>
<p>&nbsp;</p>
<p>&nbsp;</p>
<hr />
<p>Envoyer vos condoléances</p>
<p>[contact-form to= »cora255@hotmail.com » subject= »Condoléances Alice Lebrun »][contact-field label= »Votre nom » type= »name » required= »1&Prime;][contact-field label= »Votre courriel » type= »email » required= »1&Prime;][contact-field label= »Condoléances » type= »textarea »][/contact-form]</p>
