{"id":19994,"date":"2021-03-25T10:02:19","date_gmt":"2021-03-25T14:02:19","guid":{"rendered":"https:\/\/nouveau.maisonmallet.com\/?post_type=event&#038;p=19994"},"modified":"2021-03-26T10:17:32","modified_gmt":"2021-03-26T14:17:32","slug":"ross-jean-blackman","status":"publish","type":"event","link":"https:\/\/nouveau.maisonmallet.com\/back05_01\/?event=ross-jean-blackman","title":{"rendered":"ROSS, Jean (Blackman)"},"content":{"rendered":"<p>1927 \u2013 2021<\/p>\n<p>ROSS, Jean (Blackman)<\/p>\n<p>&nbsp;<\/p>\n<p>\u00c0 Port-Cartier, le 7 mars 2021, est d\u00e9c\u00e9d\u00e9e \u00e0 l\u2019\u00e2ge de 93 ans, madame Jean Ross \u00e9pouse de feu Charles Blackman et domicili\u00e9e \u00e0 Port-Cartier.<\/p>\n<p>Selon ses volont\u00e9s, elle a \u00e9t\u00e9 confi\u00e9e au cr\u00e9matorium de la Maison Mallet &amp; fils pour cr\u00e9mation.<\/p>\n<p>Elle laisse dans le deuil ses enfants\u00a0: Wayne, Cecilia Denise et Lynn (Alfredo Desimone), ses petits-enfants\u00a0: Justin, Ana-Marie, Cynthia, Jason, Carl et Nicholas ainsi que son arri\u00e8re-petit-fils Logan et de nombreux ami(e)s.<\/p>\n<p>La famille a confi\u00e9 les arrangements aux services professionnels de la Maison Mallet &amp; fils du 57, route 138 \u00e0 Port-Cartier, maintenant reconnue Distinction et membre de la Corporation des Thanatologues du Qu\u00e9bec.<\/p>\n<p>Vous pouvez consulter cet avis de d\u00e9c\u00e8s, sur le <a href=\"https:\/\/nouveau.maisonmallet.com\/back05_01\">www.maisonmallet.com<\/a><\/p>\n<p>Ceux et celles qui le d\u00e9sirent, peuvent y envoyer des messages de sympathie.<\/p>\n<p>&nbsp;<\/p>\n<p>&nbsp;<\/p>\n<p>&nbsp;<\/p>\n<p>&nbsp;<\/p>\n<hr \/>\n<p>Envoyer vos condol\u00e9ances<\/p>\n<p>[contact-form to=\u00a0\u00bbprettylady27@hotmail.com\u00a0\u00bb subject=\u00a0\u00bbCondol\u00e9ances Jean Ross\u00a0\u00bb][contact-field label=\u00a0\u00bbVotre nom\u00a0\u00bb type=\u00a0\u00bbname\u00a0\u00bb required=\u00a0\u00bb1&Prime;][contact-field label=\u00a0\u00bbVotre courriel\u00a0\u00bb type=\u00a0\u00bbemail\u00a0\u00bb required=\u00a0\u00bb1&Prime;][contact-field label=\u00a0\u00bbCondol\u00e9ances\u00a0\u00bb type=\u00a0\u00bbtextarea\u00a0\u00bb][\/contact-form]<\/p>\n","protected":false},"featured_media":20044,"template":"","event_cat":[6],"class_list":["post-19994","event","type-event","status-publish","has-post-thumbnail","hentry","event_cat-maison-mallet-et-fils-inc"],"_links":{"self":[{"href":"https:\/\/nouveau.maisonmallet.com\/back05_01\/index.php?rest_route=\/wp\/v2\/event\/19994","targetHints":{"allow":["GET"]}}],"collection":[{"href":"https:\/\/nouveau.maisonmallet.com\/back05_01\/index.php?rest_route=\/wp\/v2\/event"}],"about":[{"href":"https:\/\/nouveau.maisonmallet.com\/back05_01\/index.php?rest_route=\/wp\/v2\/types\/event"}],"wp:featuredmedia":[{"embeddable":true,"href":"https:\/\/nouveau.maisonmallet.com\/back05_01\/index.php?rest_route=\/wp\/v2\/media\/20044"}],"wp:attachment":[{"href":"https:\/\/nouveau.maisonmallet.com\/back05_01\/index.php?rest_route=%2Fwp%2Fv2%2Fmedia&parent=19994"}],"wp:term":[{"taxonomy":"event_cat","embeddable":true,"href":"https:\/\/nouveau.maisonmallet.com\/back05_01\/index.php?rest_route=%2Fwp%2Fv2%2Fevent_cat&post=19994"}],"curies":[{"name":"wp","href":"https:\/\/api.w.org\/{rel}","templated":true}]}}

<p>1927 – 2021</p>
<p>ROSS, Jean (Blackman)</p>
<p>&nbsp;</p>
<p>À Port-Cartier, le 7 mars 2021, est décédée à l’âge de 93 ans, madame Jean Ross épouse de feu Charles Blackman et domiciliée à Port-Cartier.</p>
<p>Selon ses volontés, elle a été confiée au crématorium de la Maison Mallet &amp; fils pour crémation.</p>
<p>Elle laisse dans le deuil ses enfants : Wayne, Cecilia Denise et Lynn (Alfredo Desimone), ses petits-enfants : Justin, Ana-Marie, Cynthia, Jason, Carl et Nicholas ainsi que son arrière-petit-fils Logan et de nombreux ami(e)s.</p>
<p>La famille a confié les arrangements aux services professionnels de la Maison Mallet &amp; fils du 57, route 138 à Port-Cartier, maintenant reconnue Distinction et membre de la Corporation des Thanatologues du Québec.</p>
<p>Vous pouvez consulter cet avis de décès, sur le <a href="https://nouveau.maisonmallet.com/back05_01">www.maisonmallet.com</a></p>
<p>Ceux et celles qui le désirent, peuvent y envoyer des messages de sympathie.</p>
<p>&nbsp;</p>
<p>&nbsp;</p>
<p>&nbsp;</p>
<p>&nbsp;</p>
<hr />
<p>Envoyer vos condoléances</p>
<p>[contact-form to= »prettylady27@hotmail.com » subject= »Condoléances Jean Ross »][contact-field label= »Votre nom » type= »name » required= »1&Prime;][contact-field label= »Votre courriel » type= »email » required= »1&Prime;][contact-field label= »Condoléances » type= »textarea »][/contact-form]</p>
