{"id":2001,"date":"2018-07-25T14:18:08","date_gmt":"2018-07-25T18:18:08","guid":{"rendered":"http:\/\/207.253.81.73\/?post_type=event&#038;p=2001"},"modified":"2018-07-25T16:34:05","modified_gmt":"2018-07-25T20:34:05","slug":"dupuis-joe-3","status":"publish","type":"event","link":"https:\/\/nouveau.maisonmallet.com\/back05_01\/?event=dupuis-joe-3","title":{"rendered":"ARSENAULT, Ghislaine (Leblanc)"},"content":{"rendered":"<p>1941-2018<\/p>\n<p>\u00c0 Qu\u00e9bec, le 18 juillet 2018, est d\u00e9c\u00e9d\u00e9e \u00e0 l\u2019\u00e2ge de 77 ans, madame Ghislaine Arsenault \u00e9pouse de monsieur Sylvain Leblanc et domicili\u00e9e \u00e0 Sept-\u00celes.<\/p>\n<p>Les fun\u00e9railles de madame Ghislaine Arsenault Leblanc auront lieu le samedi 28 juillet 2018 \u00e0 10 h 30 en l\u2019\u00e9glise St-Joseph situ\u00e9e au 535, ave. Brochu \u00e0 Sept-\u00celes et de l\u00e0 au Cimeti\u00e8re Catholique de Sept-\u00celes.<\/p>\n<p>La famille re\u00e7oit parents et amis le vendredi 27 juillet 2018 de 13 h \u00e0 16 h et de 19 h \u00e0 22 h. Le samedi 28 juillet 2018 jour des fun\u00e9railles \u00e0 compter de 9 h au Complexe Thanatologique Mallet &amp; fils du 585, boul. Laure \u00e0 Sept-\u00celes.<\/p>\n<p>Elle laisse dans le deuil outre son \u00e9poux monsieur Sylvain Leblanc, ses fils\u00a0: Michel (Sylvie Sergerie) et Eric (Nancy Macintosh), sa petite-fille \u00c9milie (Eric Girouard), ses petits-fils\u00a0: Michael, Alex et Jimmy, ses arri\u00e8re-petites-filles\u00a0: Zo\u00e9 et No\u00e9mie ainsi que ses s\u0153urs\u00a0: Marie (Edwin Tardif) et Monique, son fr\u00e8re Laurier (Lucette Poitras), ses beaux-fr\u00e8res, ses belles-s\u0153urs, ses neveux, ses ni\u00e8ces, ses cousins, ses cousines et de nombreux ami(e)s.<\/p>\n<p>Vos marques de sympathie peuvent se traduire par un don la Fondation des maladies du c\u0153ur et de l\u2019AVC <a href=\"http:\/\/www.fmcoeur.qc.ca\/\">www.fmcoeur.qc.ca<\/a><\/p>\n<p>La famille a confi\u00e9 la direction des fun\u00e9railles aux services professionnels de la Maison Mallet &amp; fils du 585 boul. Laure \u00e0 Sept-\u00celes, maintenant reconnue Distinction et membre de la Corporation des Thanatologues du Qu\u00e9bec.<\/p>\n<p>&nbsp;<\/p>\n<p><strong>Ceux et celles qui le d\u00e9sirent,\u00a0 peuvent y envoyer des messages de sympathie.<\/strong><\/p>\n<p>&nbsp;<\/p>\n<hr \/>\n<p>Envoyer vos condol\u00e9ances<\/p>\n<p>[contact-form to=\u00a0\u00bbdaniel.charette@cima.ca\u00a0\u00bb subject=\u00a0\u00bbCondol\u00e9ances\u00a0\u00bb][contact-field label=\u00a0\u00bbVotre nom\u00a0\u00bb type=\u00a0\u00bbname\u00a0\u00bb required=\u00a0\u00bb1&Prime;][contact-field label=\u00a0\u00bbVotre courriel\u00a0\u00bb type=\u00a0\u00bbemail\u00a0\u00bb required=\u00a0\u00bb1&Prime;][contact-field label=\u00a0\u00bbCondol\u00e9ances\u00a0\u00bb type=\u00a0\u00bbtextarea\u00a0\u00bb][\/contact-form]<\/p>\n","protected":false},"featured_media":26,"template":"","event_cat":[6],"class_list":["post-2001","event","type-event","status-publish","has-post-thumbnail","hentry","event_cat-maison-mallet-et-fils-inc"],"_links":{"self":[{"href":"https:\/\/nouveau.maisonmallet.com\/back05_01\/index.php?rest_route=\/wp\/v2\/event\/2001","targetHints":{"allow":["GET"]}}],"collection":[{"href":"https:\/\/nouveau.maisonmallet.com\/back05_01\/index.php?rest_route=\/wp\/v2\/event"}],"about":[{"href":"https:\/\/nouveau.maisonmallet.com\/back05_01\/index.php?rest_route=\/wp\/v2\/types\/event"}],"wp:featuredmedia":[{"embeddable":true,"href":"https:\/\/nouveau.maisonmallet.com\/back05_01\/index.php?rest_route=\/wp\/v2\/media\/26"}],"wp:attachment":[{"href":"https:\/\/nouveau.maisonmallet.com\/back05_01\/index.php?rest_route=%2Fwp%2Fv2%2Fmedia&parent=2001"}],"wp:term":[{"taxonomy":"event_cat","embeddable":true,"href":"https:\/\/nouveau.maisonmallet.com\/back05_01\/index.php?rest_route=%2Fwp%2Fv2%2Fevent_cat&post=2001"}],"curies":[{"name":"wp","href":"https:\/\/api.w.org\/{rel}","templated":true}]}}

<p>1941-2018</p>
<p>À Québec, le 18 juillet 2018, est décédée à l’âge de 77 ans, madame Ghislaine Arsenault épouse de monsieur Sylvain Leblanc et domiciliée à Sept-Îles.</p>
<p>Les funérailles de madame Ghislaine Arsenault Leblanc auront lieu le samedi 28 juillet 2018 à 10 h 30 en l’église St-Joseph située au 535, ave. Brochu à Sept-Îles et de là au Cimetière Catholique de Sept-Îles.</p>
<p>La famille reçoit parents et amis le vendredi 27 juillet 2018 de 13 h à 16 h et de 19 h à 22 h. Le samedi 28 juillet 2018 jour des funérailles à compter de 9 h au Complexe Thanatologique Mallet &amp; fils du 585, boul. Laure à Sept-Îles.</p>
<p>Elle laisse dans le deuil outre son époux monsieur Sylvain Leblanc, ses fils : Michel (Sylvie Sergerie) et Eric (Nancy Macintosh), sa petite-fille Émilie (Eric Girouard), ses petits-fils : Michael, Alex et Jimmy, ses arrière-petites-filles : Zoé et Noémie ainsi que ses sœurs : Marie (Edwin Tardif) et Monique, son frère Laurier (Lucette Poitras), ses beaux-frères, ses belles-sœurs, ses neveux, ses nièces, ses cousins, ses cousines et de nombreux ami(e)s.</p>
<p>Vos marques de sympathie peuvent se traduire par un don la Fondation des maladies du cœur et de l’AVC <a href="http://www.fmcoeur.qc.ca/">www.fmcoeur.qc.ca</a></p>
<p>La famille a confié la direction des funérailles aux services professionnels de la Maison Mallet &amp; fils du 585 boul. Laure à Sept-Îles, maintenant reconnue Distinction et membre de la Corporation des Thanatologues du Québec.</p>
<p>&nbsp;</p>
<p><strong>Ceux et celles qui le désirent,  peuvent y envoyer des messages de sympathie.</strong></p>
<p>&nbsp;</p>
<hr />
<p>Envoyer vos condoléances</p>
<p>[contact-form to= »daniel.charette@cima.ca » subject= »Condoléances »][contact-field label= »Votre nom » type= »name » required= »1&Prime;][contact-field label= »Votre courriel » type= »email » required= »1&Prime;][contact-field label= »Condoléances » type= »textarea »][/contact-form]</p>
