{"id":2015,"date":"2018-07-25T15:04:34","date_gmt":"2018-07-25T19:04:34","guid":{"rendered":"http:\/\/207.253.81.73\/?post_type=event&#038;p=2015"},"modified":"2019-04-29T14:27:05","modified_gmt":"2019-04-29T18:27:05","slug":"dupuis-joe-4","status":"publish","type":"event","link":"https:\/\/nouveau.maisonmallet.com\/back05_01\/?event=dupuis-joe-4","title":{"rendered":"ASTER, Joseph-Marcel"},"content":{"rendered":"<p>1951-2018<\/p>\n<p>\u00c0 Sept-\u00celes, le 23 juillet 2018, est d\u00e9c\u00e9d\u00e9 \u00e0 l\u2019\u00e2ge de 67 ans, monsieur Joseph-Marcel Aster conjoint de madame Th\u00e9r\u00e8se Fontaine et domicili\u00e9 \u00e0 Mani-Utenam.<\/p>\n<p>Les fun\u00e9railles de monsieur Joseph-Marcel Aster auront lieu le lundi 30 juillet 2018 \u00e0 14 h en l\u2019\u00e9glise Notre-Dame du Cap situ\u00e9e au 139, rue de l\u2019\u00c9glise \u00e0 Mani-Utenam et de l\u00e0 au cimeti\u00e8re de Mani-Utenam.<\/p>\n<p>La famille re\u00e7oit parents et amis le samedi 28 juillet 2018 \u00e0 compter de 15 h au 45, rue Tshi-Nuen \u00e0 Mani-Utenam.<\/p>\n<p>Il laisse dans le deuil outre sa conjointe madame Th\u00e9r\u00e8se Fontaine, son fils Yan-S\u00e9bastien, sa fille Annie (Dan-Georges Mckenzie), ses petits-fils\u00a0: Shtenu et Noah ainsi que ses fr\u00e8res, ses s\u0153urs, ses beaux-fr\u00e8res, ses belles-s\u0153urs, ses neveux, ses ni\u00e8ces, ses cousins, ses cousines et de nombreux ami(e)s.<\/p>\n<p>Il \u00e9tait le p\u00e8re de feu Jean-Fran\u00e7ois (Shtenu)<\/p>\n<p>La famille a confi\u00e9 la direction des fun\u00e9railles aux services professionnels de la Maison Mallet &amp; fils du 585, boul. Laure \u00e0 Sept-\u00celes, maintenant reconnue Distinction et membre de la Corporation des Thanatologues du Qu\u00e9bec.<\/p>\n<p>&nbsp;<\/p>\n<p>&nbsp;<\/p>\n<p><strong>Ceux et celles qui le d\u00e9sirent,\u00a0 peuvent y envoyer des messages de sympathie.<\/strong><\/p>\n<p>&nbsp;<\/p>\n<hr \/>\n<p>Envoyer vos condol\u00e9ances<\/p>\n<p>[contact-form to=\u00a0\u00bbmarc@maisonmallet.com\u00a0\u00bb subject=\u00a0\u00bbCondol\u00e9ances\u00a0\u00bb][contact-field label=\u00a0\u00bbVotre nom\u00a0\u00bb type=\u00a0\u00bbname\u00a0\u00bb required=\u00a0\u00bb1&Prime;][contact-field label=\u00a0\u00bbVotre courriel\u00a0\u00bb type=\u00a0\u00bbemail\u00a0\u00bb required=\u00a0\u00bb1&Prime;][contact-field label=\u00a0\u00bbCondol\u00e9ances\u00a0\u00bb type=\u00a0\u00bbtextarea\u00a0\u00bb][\/contact-form]<\/p>\n","protected":false},"featured_media":2283,"template":"","event_cat":[6],"class_list":["post-2015","event","type-event","status-publish","has-post-thumbnail","hentry","event_cat-maison-mallet-et-fils-inc"],"_links":{"self":[{"href":"https:\/\/nouveau.maisonmallet.com\/back05_01\/index.php?rest_route=\/wp\/v2\/event\/2015","targetHints":{"allow":["GET"]}}],"collection":[{"href":"https:\/\/nouveau.maisonmallet.com\/back05_01\/index.php?rest_route=\/wp\/v2\/event"}],"about":[{"href":"https:\/\/nouveau.maisonmallet.com\/back05_01\/index.php?rest_route=\/wp\/v2\/types\/event"}],"wp:featuredmedia":[{"embeddable":true,"href":"https:\/\/nouveau.maisonmallet.com\/back05_01\/index.php?rest_route=\/wp\/v2\/media\/2283"}],"wp:attachment":[{"href":"https:\/\/nouveau.maisonmallet.com\/back05_01\/index.php?rest_route=%2Fwp%2Fv2%2Fmedia&parent=2015"}],"wp:term":[{"taxonomy":"event_cat","embeddable":true,"href":"https:\/\/nouveau.maisonmallet.com\/back05_01\/index.php?rest_route=%2Fwp%2Fv2%2Fevent_cat&post=2015"}],"curies":[{"name":"wp","href":"https:\/\/api.w.org\/{rel}","templated":true}]}}

<p>1951-2018</p>
<p>À Sept-Îles, le 23 juillet 2018, est décédé à l’âge de 67 ans, monsieur Joseph-Marcel Aster conjoint de madame Thérèse Fontaine et domicilié à Mani-Utenam.</p>
<p>Les funérailles de monsieur Joseph-Marcel Aster auront lieu le lundi 30 juillet 2018 à 14 h en l’église Notre-Dame du Cap située au 139, rue de l’Église à Mani-Utenam et de là au cimetière de Mani-Utenam.</p>
<p>La famille reçoit parents et amis le samedi 28 juillet 2018 à compter de 15 h au 45, rue Tshi-Nuen à Mani-Utenam.</p>
<p>Il laisse dans le deuil outre sa conjointe madame Thérèse Fontaine, son fils Yan-Sébastien, sa fille Annie (Dan-Georges Mckenzie), ses petits-fils : Shtenu et Noah ainsi que ses frères, ses sœurs, ses beaux-frères, ses belles-sœurs, ses neveux, ses nièces, ses cousins, ses cousines et de nombreux ami(e)s.</p>
<p>Il était le père de feu Jean-François (Shtenu)</p>
<p>La famille a confié la direction des funérailles aux services professionnels de la Maison Mallet &amp; fils du 585, boul. Laure à Sept-Îles, maintenant reconnue Distinction et membre de la Corporation des Thanatologues du Québec.</p>
<p>&nbsp;</p>
<p>&nbsp;</p>
<p><strong>Ceux et celles qui le désirent,  peuvent y envoyer des messages de sympathie.</strong></p>
<p>&nbsp;</p>
<hr />
<p>Envoyer vos condoléances</p>
<p>[contact-form to= »marc@maisonmallet.com » subject= »Condoléances »][contact-field label= »Votre nom » type= »name » required= »1&Prime;][contact-field label= »Votre courriel » type= »email » required= »1&Prime;][contact-field label= »Condoléances » type= »textarea »][/contact-form]</p>
