{"id":2016,"date":"2018-07-25T15:13:23","date_gmt":"2018-07-25T19:13:23","guid":{"rendered":"http:\/\/207.253.81.73\/?post_type=event&#038;p=2016"},"modified":"2019-05-01T10:20:38","modified_gmt":"2019-05-01T14:20:38","slug":"dupuis-joe-5","status":"publish","type":"event","link":"https:\/\/nouveau.maisonmallet.com\/back05_01\/?event=dupuis-joe-5","title":{"rendered":"PAG\u00c9, Simone (Tremblay)"},"content":{"rendered":"<p>1931-2018<\/p>\n<p>\u00c0 Port-Cartier, le 18 juillet 2018, est d\u00e9c\u00e9d\u00e9e \u00e0 l\u2019\u00e2ge de 87 ans, madame Simone Pag\u00e9 \u00e9pouse de feu \u00c9lie Tremblay et domicili\u00e9e \u00e0 Port-Cartier.<\/p>\n<p>Les fun\u00e9railles de madame Simone Pag\u00e9 Tremblay auront lieu le mardi 24 juillet 2018 \u00e0 14 h en l\u2019\u00e9glise St-Esprit de Rivi\u00e8re Pentec\u00f4te.<\/p>\n<p>Selon ses volont\u00e9s, elle a \u00e9t\u00e9 confi\u00e9e au cr\u00e9matorium de la Maison Mallet &amp; fils pour cr\u00e9mation.<\/p>\n<p>La famille re\u00e7oit parents et amis le mardi 24 juillet 2018 jour des fun\u00e9railles \u00e0 compter de 13 h \u00e0 l`\u00e9glise St-Esprit de Rivi\u00e8re Pentec\u00f4te.<\/p>\n<p>Elle laisse dans le deuil ses filles\u00a0: Nicole (Jean-Marc Tanguay) et Diane (Denis Gauthier), ses petites-filles\u00a0: Katia (Luc Paquet) et Caroline (Gabriel Palardy), ses arri\u00e8re petits-fils\u00a0: Matis, F\u00e9lix et Cohen, ses petites-filles\u00a0: Alia et Romane ainsi que sa s\u0153ur Aline Pag\u00e9 (feu Ren\u00e9 Martin), ses beaux-fr\u00e8res, ses belles-s\u0153urs, ses neveux, ses ni\u00e8ces, ses cousins, ses cousines et de nombreux ami(e)s.<\/p>\n<p>Vos marques de sympathie peuvent se traduire par un don \u00e0 l\u2019Association du cancer est du Qu\u00e9bec <a href=\"http:\/\/www.aceq.org\/\">www.aceq.org<\/a><\/p>\n<p>La famille a confi\u00e9 la direction des fun\u00e9railles aux services professionnels de la Maison Mallet &amp; fils du 57, route 138 \u00e0 Port-Cartier, maintenant reconnue Distinction et membre de la Corporation des Thanatologues du Qu\u00e9bec.<\/p>\n<p>&nbsp;<\/p>\n<p>&nbsp;<\/p>\n<p><strong>Ceux et celles qui le d\u00e9sirent,\u00a0 peuvent y envoyer des messages de sympathie.<\/strong><\/p>\n<p>&nbsp;<\/p>\n<hr \/>\n<p>Envoyer vos condol\u00e9ances<\/p>\n<p>[contact-form to=\u00a0\u00bbmarc@maisonmallet.com\u00a0\u00bb subject=\u00a0\u00bbCondol\u00e9ances\u00a0\u00bb][contact-field label=\u00a0\u00bbVotre nom\u00a0\u00bb type=\u00a0\u00bbname\u00a0\u00bb required=\u00a0\u00bb1&Prime;][contact-field label=\u00a0\u00bbVotre courriel\u00a0\u00bb type=\u00a0\u00bbemail\u00a0\u00bb required=\u00a0\u00bb1&Prime;][contact-field label=\u00a0\u00bbCondol\u00e9ances\u00a0\u00bb type=\u00a0\u00bbtextarea\u00a0\u00bb][\/contact-form]<\/p>\n","protected":false},"featured_media":2308,"template":"","event_cat":[6],"class_list":["post-2016","event","type-event","status-publish","has-post-thumbnail","hentry","event_cat-maison-mallet-et-fils-inc"],"_links":{"self":[{"href":"https:\/\/nouveau.maisonmallet.com\/back05_01\/index.php?rest_route=\/wp\/v2\/event\/2016","targetHints":{"allow":["GET"]}}],"collection":[{"href":"https:\/\/nouveau.maisonmallet.com\/back05_01\/index.php?rest_route=\/wp\/v2\/event"}],"about":[{"href":"https:\/\/nouveau.maisonmallet.com\/back05_01\/index.php?rest_route=\/wp\/v2\/types\/event"}],"wp:featuredmedia":[{"embeddable":true,"href":"https:\/\/nouveau.maisonmallet.com\/back05_01\/index.php?rest_route=\/wp\/v2\/media\/2308"}],"wp:attachment":[{"href":"https:\/\/nouveau.maisonmallet.com\/back05_01\/index.php?rest_route=%2Fwp%2Fv2%2Fmedia&parent=2016"}],"wp:term":[{"taxonomy":"event_cat","embeddable":true,"href":"https:\/\/nouveau.maisonmallet.com\/back05_01\/index.php?rest_route=%2Fwp%2Fv2%2Fevent_cat&post=2016"}],"curies":[{"name":"wp","href":"https:\/\/api.w.org\/{rel}","templated":true}]}}

PAGÉ, Simone (Tremblay)

<p>1931-2018</p>
<p>À Port-Cartier, le 18 juillet 2018, est décédée à l’âge de 87 ans, madame Simone Pagé épouse de feu Élie Tremblay et domiciliée à Port-Cartier.</p>
<p>Les funérailles de madame Simone Pagé Tremblay auront lieu le mardi 24 juillet 2018 à 14 h en l’église St-Esprit de Rivière Pentecôte.</p>
<p>Selon ses volontés, elle a été confiée au crématorium de la Maison Mallet &amp; fils pour crémation.</p>
<p>La famille reçoit parents et amis le mardi 24 juillet 2018 jour des funérailles à compter de 13 h à l`église St-Esprit de Rivière Pentecôte.</p>
<p>Elle laisse dans le deuil ses filles : Nicole (Jean-Marc Tanguay) et Diane (Denis Gauthier), ses petites-filles : Katia (Luc Paquet) et Caroline (Gabriel Palardy), ses arrière petits-fils : Matis, Félix et Cohen, ses petites-filles : Alia et Romane ainsi que sa sœur Aline Pagé (feu René Martin), ses beaux-frères, ses belles-sœurs, ses neveux, ses nièces, ses cousins, ses cousines et de nombreux ami(e)s.</p>
<p>Vos marques de sympathie peuvent se traduire par un don à l’Association du cancer est du Québec <a href="http://www.aceq.org/">www.aceq.org</a></p>
<p>La famille a confié la direction des funérailles aux services professionnels de la Maison Mallet &amp; fils du 57, route 138 à Port-Cartier, maintenant reconnue Distinction et membre de la Corporation des Thanatologues du Québec.</p>
<p>&nbsp;</p>
<p>&nbsp;</p>
<p><strong>Ceux et celles qui le désirent,  peuvent y envoyer des messages de sympathie.</strong></p>
<p>&nbsp;</p>
<hr />
<p>Envoyer vos condoléances</p>
<p>[contact-form to= »marc@maisonmallet.com » subject= »Condoléances »][contact-field label= »Votre nom » type= »name » required= »1&Prime;][contact-field label= »Votre courriel » type= »email » required= »1&Prime;][contact-field label= »Condoléances » type= »textarea »][/contact-form]</p>
