{"id":20215,"date":"2021-04-07T09:33:56","date_gmt":"2021-04-07T13:33:56","guid":{"rendered":"https:\/\/nouveau.maisonmallet.com\/?post_type=event&#038;p=20215"},"modified":"2021-04-07T14:50:23","modified_gmt":"2021-04-07T18:50:23","slug":"richard-adrien","status":"publish","type":"event","link":"https:\/\/nouveau.maisonmallet.com\/back05_01\/?event=richard-adrien","title":{"rendered":"RICHARD, Adrien"},"content":{"rendered":"<p>1956-2021<\/p>\n<p>RICHARD, Adrien<\/p>\n<p>\u00c0 Qu\u00e9bec, le 2 avril 2021, est d\u00e9c\u00e9d\u00e9 \u00e0 l\u2019\u00e2ge de 64 ans et 3 mois, monsieur Adrien Richard fils de feu Alonzo Richard et de feue Lucille Lalande et domicili\u00e9 \u00e0 Qu\u00e9bec.<\/p>\n<p>Les fun\u00e9railles de monsieur Adrien Richard aura lieu \u00e0 une date ult\u00e9rieure en l\u2019\u00c9glise Saint-Pierre de Havre-Saint-Pierre.<\/p>\n<p>Selon ses volont\u00e9s, il a \u00e9t\u00e9 confi\u00e9 au cr\u00e9matorium de la Maison L.J.G. Mallet pour cr\u00e9mation.<\/p>\n<p>Il laisse dans le deuil ses fr\u00e8res : Jean-Marie (Jacinthe Landry), Alain (Florence Vigneault), Fran\u00e7ois (Claude Morin) et Robert (Diane Turbis), \u00a0ses s\u0153urs : Claudette et Marie-Th\u00e9r\u00e8se, ses beaux-fr\u00e8res, ses belles-s\u0153urs, ses neveux, ses ni\u00e8ces et ainsi que nombreux ami(e)s.<\/p>\n<p>Vos marques de sympathie peuvent se traduire par un don \u00e0 la Fondation du centre de sant\u00e9 de la Minganie.<\/p>\n<p>La famille a confi\u00e9 la direction des fun\u00e9railles aux services professionnels de la Maison L.J.G. Mallet du 1429, rue du Canot \u00e0 Havre-Saint-Pierre, maintenant reconnue Distinction et membre de la Corporation des Thanatologues du Qu\u00e9bec.<\/p>\n<p>Vous pouvez consulter cet avis de d\u00e9c\u00e8s sur le <a href=\"https:\/\/nouveau.maisonmallet.com\/back05_01\">www.maisonmallet.com<\/a><\/p>\n<p>Ceux et celles qui le d\u00e9sirent, peuvent y envoyer des messages de sympathie.<\/p>\n<p>&nbsp;<\/p>\n<p>&nbsp;<\/p>\n<hr \/>\n<p>Envoyer vos condol\u00e9ances<\/p>\n<p>[contact-form to=\u00a0\u00bblulucayen@hotmail.com\u00a0\u00bb subject=\u00a0\u00bbCondol\u00e9ances Adrien Richard\u00a0\u00bb][contact-field label=\u00a0\u00bbVotre nom\u00a0\u00bb type=\u00a0\u00bbname\u00a0\u00bb required=\u00a0\u00bb1&Prime;][contact-field label=\u00a0\u00bbVotre courriel\u00a0\u00bb type=\u00a0\u00bbemail\u00a0\u00bb required=\u00a0\u00bb1&Prime;][contact-field label=\u00a0\u00bbCondol\u00e9ances\u00a0\u00bb type=\u00a0\u00bbtextarea\u00a0\u00bb][\/contact-form]<\/p>\n","protected":false},"featured_media":20286,"template":"","event_cat":[7],"class_list":["post-20215","event","type-event","status-publish","has-post-thumbnail","hentry","event_cat-maison-l-j-g-mallet-inc"],"_links":{"self":[{"href":"https:\/\/nouveau.maisonmallet.com\/back05_01\/index.php?rest_route=\/wp\/v2\/event\/20215","targetHints":{"allow":["GET"]}}],"collection":[{"href":"https:\/\/nouveau.maisonmallet.com\/back05_01\/index.php?rest_route=\/wp\/v2\/event"}],"about":[{"href":"https:\/\/nouveau.maisonmallet.com\/back05_01\/index.php?rest_route=\/wp\/v2\/types\/event"}],"wp:featuredmedia":[{"embeddable":true,"href":"https:\/\/nouveau.maisonmallet.com\/back05_01\/index.php?rest_route=\/wp\/v2\/media\/20286"}],"wp:attachment":[{"href":"https:\/\/nouveau.maisonmallet.com\/back05_01\/index.php?rest_route=%2Fwp%2Fv2%2Fmedia&parent=20215"}],"wp:term":[{"taxonomy":"event_cat","embeddable":true,"href":"https:\/\/nouveau.maisonmallet.com\/back05_01\/index.php?rest_route=%2Fwp%2Fv2%2Fevent_cat&post=20215"}],"curies":[{"name":"wp","href":"https:\/\/api.w.org\/{rel}","templated":true}]}}

<p>1956-2021</p>
<p>RICHARD, Adrien</p>
<p>À Québec, le 2 avril 2021, est décédé à l’âge de 64 ans et 3 mois, monsieur Adrien Richard fils de feu Alonzo Richard et de feue Lucille Lalande et domicilié à Québec.</p>
<p>Les funérailles de monsieur Adrien Richard aura lieu à une date ultérieure en l’Église Saint-Pierre de Havre-Saint-Pierre.</p>
<p>Selon ses volontés, il a été confié au crématorium de la Maison L.J.G. Mallet pour crémation.</p>
<p>Il laisse dans le deuil ses frères : Jean-Marie (Jacinthe Landry), Alain (Florence Vigneault), François (Claude Morin) et Robert (Diane Turbis),  ses sœurs : Claudette et Marie-Thérèse, ses beaux-frères, ses belles-sœurs, ses neveux, ses nièces et ainsi que nombreux ami(e)s.</p>
<p>Vos marques de sympathie peuvent se traduire par un don à la Fondation du centre de santé de la Minganie.</p>
<p>La famille a confié la direction des funérailles aux services professionnels de la Maison L.J.G. Mallet du 1429, rue du Canot à Havre-Saint-Pierre, maintenant reconnue Distinction et membre de la Corporation des Thanatologues du Québec.</p>
<p>Vous pouvez consulter cet avis de décès sur le <a href="https://nouveau.maisonmallet.com/back05_01">www.maisonmallet.com</a></p>
<p>Ceux et celles qui le désirent, peuvent y envoyer des messages de sympathie.</p>
<p>&nbsp;</p>
<p>&nbsp;</p>
<hr />
<p>Envoyer vos condoléances</p>
<p>[contact-form to= »lulucayen@hotmail.com » subject= »Condoléances Adrien Richard »][contact-field label= »Votre nom » type= »name » required= »1&Prime;][contact-field label= »Votre courriel » type= »email » required= »1&Prime;][contact-field label= »Condoléances » type= »textarea »][/contact-form]</p>
