{"id":2027,"date":"2018-11-20T12:30:06","date_gmt":"2018-11-20T17:30:06","guid":{"rendered":"http:\/\/207.253.81.73\/?post_type=event&#038;p=2027"},"modified":"2018-12-21T10:30:58","modified_gmt":"2018-12-21T15:30:58","slug":"scherrer-francoise19101933","status":"publish","type":"event","link":"https:\/\/nouveau.maisonmallet.com\/back05_01\/?event=scherrer-francoise19101933","title":{"rendered":"SCHERRER, Fran\u00e7oise"},"content":{"rendered":"<p>1933-2018<\/p>\n<p>SCHERRER, Fran\u00e7oise<\/p>\n<p>\u00c0 Ste-Anne-de-Beaupr\u00e9, le 15 novembre 2018, est d\u00e9c\u00e9d\u00e9e \u00e0 l\u2019\u00e2ge de 85 ans, madame Fran\u00e7oise Scherrer fille de feu Philias Scherrer et de feue Stella Boudreault domicili\u00e9e \u00e0 Ste-Anne-de-Beaupr\u00e9 autre fois de Havre-St-Pierre.<\/p>\n<p>Les fun\u00e9railles de madame Fran\u00e7oise Scherrer auront lieu le mardi 27 novembre 2018 \u00e0 15 h en l\u2019\u00e9glise St-Pierre de Havre-St-Pierre.<\/p>\n<p>Selon ses volont\u00e9s, elle a \u00e9t\u00e9 confi\u00e9e au cr\u00e9matorium de la maison L.J.G. Mallet pour cr\u00e9mation.<\/p>\n<p>La famille re\u00e7oit parents et amis le mardi 27 novembre 2018 jour des fun\u00e9railles \u00e0 compter de 14 h 30 \u00e0 l\u2019\u00e9glise St-Pierre de Havre-Saint-Pierre.<\/p>\n<p>Elle laisse dans le deuil son fr\u00e8re Jean-Paul (Yvonnette Richard), sa s\u0153ur Bernadette (Marius Cormier) ainsi que ses belles-s\u0153urs, ses neveux, ses ni\u00e8ces, ses cousins, ses cousines et ses ami(e)s.<\/p>\n<p>La famille a confi\u00e9 la direction des fun\u00e9railles aux services professionnels de la Maison L.J.G. Mallet du 1429, rue du Canot \u00e0 Havre-St-Pierre, membre de la Corporation des thanatologues du Qu\u00e9bec.<\/p>\n<p>Vous pouvez consulter cet avis de d\u00e9c\u00e8s, sur le <a href=\"https:\/\/nouveau.maisonmallet.com\/back05_01\/\">www.maisonmallet.com<\/a><\/p>\n<p>Ceux et celles qui le d\u00e9sirent, peuvent y envoyer des messages de sympathie.<\/p>\n<p>Envoyer vos condol\u00e9ances<\/p>\n<p>[contact-form to=\u00a0\u00bbmarc@maisonmallet.com\u00a0\u00bb subject=\u00a0\u00bbCondol\u00e9ances\u00a0\u00bb][contact-field label=\u00a0\u00bbVotre nom\u00a0\u00bb type=\u00a0\u00bbname\u00a0\u00bb required=\u00a0\u00bb1&Prime;][contact-field label=\u00a0\u00bbVotre courriel\u00a0\u00bb type=\u00a0\u00bbemail\u00a0\u00bb required=\u00a0\u00bb1&Prime;][contact-field label=\u00a0\u00bbCondol\u00e9ances\u00a0\u00bb type=\u00a0\u00bbtextarea\u00a0\u00bb][\/contact-form]<\/p>\n","protected":false},"featured_media":2109,"template":"","event_cat":[7],"class_list":["post-2027","event","type-event","status-publish","has-post-thumbnail","hentry","event_cat-maison-l-j-g-mallet-inc"],"_links":{"self":[{"href":"https:\/\/nouveau.maisonmallet.com\/back05_01\/index.php?rest_route=\/wp\/v2\/event\/2027","targetHints":{"allow":["GET"]}}],"collection":[{"href":"https:\/\/nouveau.maisonmallet.com\/back05_01\/index.php?rest_route=\/wp\/v2\/event"}],"about":[{"href":"https:\/\/nouveau.maisonmallet.com\/back05_01\/index.php?rest_route=\/wp\/v2\/types\/event"}],"wp:featuredmedia":[{"embeddable":true,"href":"https:\/\/nouveau.maisonmallet.com\/back05_01\/index.php?rest_route=\/wp\/v2\/media\/2109"}],"wp:attachment":[{"href":"https:\/\/nouveau.maisonmallet.com\/back05_01\/index.php?rest_route=%2Fwp%2Fv2%2Fmedia&parent=2027"}],"wp:term":[{"taxonomy":"event_cat","embeddable":true,"href":"https:\/\/nouveau.maisonmallet.com\/back05_01\/index.php?rest_route=%2Fwp%2Fv2%2Fevent_cat&post=2027"}],"curies":[{"name":"wp","href":"https:\/\/api.w.org\/{rel}","templated":true}]}}

SCHERRER, Françoise

<p>1933-2018</p>
<p>SCHERRER, Françoise</p>
<p>À Ste-Anne-de-Beaupré, le 15 novembre 2018, est décédée à l’âge de 85 ans, madame Françoise Scherrer fille de feu Philias Scherrer et de feue Stella Boudreault domiciliée à Ste-Anne-de-Beaupré autre fois de Havre-St-Pierre.</p>
<p>Les funérailles de madame Françoise Scherrer auront lieu le mardi 27 novembre 2018 à 15 h en l’église St-Pierre de Havre-St-Pierre.</p>
<p>Selon ses volontés, elle a été confiée au crématorium de la maison L.J.G. Mallet pour crémation.</p>
<p>La famille reçoit parents et amis le mardi 27 novembre 2018 jour des funérailles à compter de 14 h 30 à l’église St-Pierre de Havre-Saint-Pierre.</p>
<p>Elle laisse dans le deuil son frère Jean-Paul (Yvonnette Richard), sa sœur Bernadette (Marius Cormier) ainsi que ses belles-sœurs, ses neveux, ses nièces, ses cousins, ses cousines et ses ami(e)s.</p>
<p>La famille a confié la direction des funérailles aux services professionnels de la Maison L.J.G. Mallet du 1429, rue du Canot à Havre-St-Pierre, membre de la Corporation des thanatologues du Québec.</p>
<p>Vous pouvez consulter cet avis de décès, sur le <a href="https://nouveau.maisonmallet.com/back05_01/">www.maisonmallet.com</a></p>
<p>Ceux et celles qui le désirent, peuvent y envoyer des messages de sympathie.</p>
<p>Envoyer vos condoléances</p>
<p>[contact-form to= »marc@maisonmallet.com » subject= »Condoléances »][contact-field label= »Votre nom » type= »name » required= »1&Prime;][contact-field label= »Votre courriel » type= »email » required= »1&Prime;][contact-field label= »Condoléances » type= »textarea »][/contact-form]</p>
