{"id":20285,"date":"2021-03-23T07:15:35","date_gmt":"2021-03-23T11:15:35","guid":{"rendered":"https:\/\/nouveau.maisonmallet.com\/?post_type=event&#038;p=20285"},"modified":"2021-08-30T20:18:07","modified_gmt":"2021-08-31T00:18:07","slug":"cyr-anne-marie-doyle","status":"publish","type":"event","link":"https:\/\/nouveau.maisonmallet.com\/back05_01\/?event=cyr-anne-marie-doyle","title":{"rendered":"CYR, Anne-Marie (Doyle)"},"content":{"rendered":"<p>&nbsp;<\/p>\n<p>1937-2021<\/p>\n<p>CYR, Anne-Marie (Doyle)<\/p>\n<p>\u00c0 Sept-\u00celes, le 23 mars 2021, est d\u00e9c\u00e9d\u00e9 \u00e0 l\u2019\u00e2ge de 83, madame Anne-Marie Cyr Doyle et domicili\u00e9e \u00e0 Havre-Saint-Pierre.<\/p>\n<p>La c\u00e9r\u00e9monie comm\u00e9morative de madame Anne-Marie Cyr Doyle aura lieu le samedi 17 juillet 2021 \u00e0 15 h au salon de la Maison L.J.G. Mallet du 1429, rue du Canot \u00e0 Havre-Saint-Pierre et de au cimeti\u00e8re de l\u2019endroit.<\/p>\n<p>Selon ses volont\u00e9s, elle a \u00e9t\u00e9 confi\u00e9e au cr\u00e9matorium de la Maison L.J.G. Mallet pour cr\u00e9mation.<\/p>\n<p>La famille re\u00e7oit parents et amis le samedi 17 juillet 2021 jour de la c\u00e9r\u00e9monie \u00e0 compter de 13 h 00 au salon de la Maison L.J.G. Mallet du 1429, rue du Canot \u00e0 Havre-Saint-Pierre.<\/p>\n<p><strong>D\u00fb aux circonstances reli\u00e9es \u00e0 la pand\u00e9mie, vous pouvez venir pr\u00e9senter vos condol\u00e9ances en respectant la distanciation sociale et le port du masque sera obligatoire.<\/strong><\/p>\n<p>Elle laisse dans le deuil sa fille Francine (Andr\u00e9 Landry), son fils Pierre (Nathalie Vibert), ses petits-fils\u00a0: Olivier (Kim Rivard), Jo\u00ebl (Klo\u00e9 Brie) et\u00a0 S\u00e9bastien, ses petites-filles Marie-H\u00e9l\u00e8ne (Milton-Ricardo P\u00ebna) et Lucie (Gabriel Forest Leblanc), son petit-fils Ryan ainsi que son fr\u00e8re Camil (\u00c9dith Tanguay), ses beaux-fr\u00e8res, ses belles-s\u0153urs, ses neveux, ses ni\u00e8ces, ses cousins, ses cousines et de nombreux ami(e)s.<\/p>\n<p>La famille a confi\u00e9 les arrangements aux services professionnels de la Maison L.J.G. Mallet du 1429, rue du Canot \u00e0 Havre-Saint-Pierre, maintenant reconnue Distinction et membre de la Corporation des Thanatologues du Qu\u00e9bec.<\/p>\n<p>Vous pouvez consulter cet avis de d\u00e9c\u00e8s sur le <a href=\"https:\/\/nouveau.maisonmallet.com\/back05_01\">www.maisonmallet.com<\/a><\/p>\n<p>Ceux et celles qui le d\u00e9sirent, peuvent y envoyer des messages de sympathie.<\/p>\n<hr \/>\n<p>Envoyer vos condol\u00e9ances<\/p>\n<p>[contact-form to=\u00a0\u00bbfrancinedoyle2@hotmail.com\u00a0\u00bb subject=\u00a0\u00bbCondol\u00e9ances anne-marie cyr\u00a0\u00bb][contact-field label=\u00a0\u00bbVotre nom\u00a0\u00bb type=\u00a0\u00bbname\u00a0\u00bb required=\u00a0\u00bb1&Prime;][contact-field label=\u00a0\u00bbVotre courriel\u00a0\u00bb type=\u00a0\u00bbemail\u00a0\u00bb required=\u00a0\u00bb1&Prime;][contact-field label=\u00a0\u00bbCondol\u00e9ances\u00a0\u00bb type=\u00a0\u00bbtextarea\u00a0\u00bb][\/contact-form]<\/p>\n","protected":false},"featured_media":20288,"template":"","event_cat":[7],"class_list":["post-20285","event","type-event","status-publish","has-post-thumbnail","hentry","event_cat-maison-l-j-g-mallet-inc"],"_links":{"self":[{"href":"https:\/\/nouveau.maisonmallet.com\/back05_01\/index.php?rest_route=\/wp\/v2\/event\/20285","targetHints":{"allow":["GET"]}}],"collection":[{"href":"https:\/\/nouveau.maisonmallet.com\/back05_01\/index.php?rest_route=\/wp\/v2\/event"}],"about":[{"href":"https:\/\/nouveau.maisonmallet.com\/back05_01\/index.php?rest_route=\/wp\/v2\/types\/event"}],"wp:featuredmedia":[{"embeddable":true,"href":"https:\/\/nouveau.maisonmallet.com\/back05_01\/index.php?rest_route=\/wp\/v2\/media\/20288"}],"wp:attachment":[{"href":"https:\/\/nouveau.maisonmallet.com\/back05_01\/index.php?rest_route=%2Fwp%2Fv2%2Fmedia&parent=20285"}],"wp:term":[{"taxonomy":"event_cat","embeddable":true,"href":"https:\/\/nouveau.maisonmallet.com\/back05_01\/index.php?rest_route=%2Fwp%2Fv2%2Fevent_cat&post=20285"}],"curies":[{"name":"wp","href":"https:\/\/api.w.org\/{rel}","templated":true}]}}

<p>&nbsp;</p>
<p>1937-2021</p>
<p>CYR, Anne-Marie (Doyle)</p>
<p>À Sept-Îles, le 23 mars 2021, est décédé à l’âge de 83, madame Anne-Marie Cyr Doyle et domiciliée à Havre-Saint-Pierre.</p>
<p>La cérémonie commémorative de madame Anne-Marie Cyr Doyle aura lieu le samedi 17 juillet 2021 à 15 h au salon de la Maison L.J.G. Mallet du 1429, rue du Canot à Havre-Saint-Pierre et de au cimetière de l’endroit.</p>
<p>Selon ses volontés, elle a été confiée au crématorium de la Maison L.J.G. Mallet pour crémation.</p>
<p>La famille reçoit parents et amis le samedi 17 juillet 2021 jour de la cérémonie à compter de 13 h 00 au salon de la Maison L.J.G. Mallet du 1429, rue du Canot à Havre-Saint-Pierre.</p>
<p><strong>Dû aux circonstances reliées à la pandémie, vous pouvez venir présenter vos condoléances en respectant la distanciation sociale et le port du masque sera obligatoire.</strong></p>
<p>Elle laisse dans le deuil sa fille Francine (André Landry), son fils Pierre (Nathalie Vibert), ses petits-fils : Olivier (Kim Rivard), Joël (Kloé Brie) et  Sébastien, ses petites-filles Marie-Hélène (Milton-Ricardo Pëna) et Lucie (Gabriel Forest Leblanc), son petit-fils Ryan ainsi que son frère Camil (Édith Tanguay), ses beaux-frères, ses belles-sœurs, ses neveux, ses nièces, ses cousins, ses cousines et de nombreux ami(e)s.</p>
<p>La famille a confié les arrangements aux services professionnels de la Maison L.J.G. Mallet du 1429, rue du Canot à Havre-Saint-Pierre, maintenant reconnue Distinction et membre de la Corporation des Thanatologues du Québec.</p>
<p>Vous pouvez consulter cet avis de décès sur le <a href="https://nouveau.maisonmallet.com/back05_01">www.maisonmallet.com</a></p>
<p>Ceux et celles qui le désirent, peuvent y envoyer des messages de sympathie.</p>
<hr />
<p>Envoyer vos condoléances</p>
<p>[contact-form to= »francinedoyle2@hotmail.com » subject= »Condoléances anne-marie cyr »][contact-field label= »Votre nom » type= »name » required= »1&Prime;][contact-field label= »Votre courriel » type= »email » required= »1&Prime;][contact-field label= »Condoléances » type= »textarea »][/contact-form]</p>
