{"id":2038,"date":"2018-11-16T20:16:03","date_gmt":"2018-11-17T01:16:03","guid":{"rendered":"http:\/\/207.253.81.73\/?post_type=event&#038;p=2038"},"modified":"2018-11-20T21:48:03","modified_gmt":"2018-11-21T02:48:03","slug":"beaulieu-jean-luc16101935","status":"publish","type":"event","link":"https:\/\/nouveau.maisonmallet.com\/back05_01\/?event=beaulieu-jean-luc16101935","title":{"rendered":"BEAULIEU, Jean-Luc"},"content":{"rendered":"<p>1935-2018<\/p>\n<p>BEAULIEU, Jean-Luc<\/p>\n<p>&nbsp;<\/p>\n<p>\u00c0 Sept-\u00celes, le 16 novembre 2018, est d\u00e9c\u00e9d\u00e9 \u00e0 l\u2019\u00e2ge de 83 ans, monsieur Jean-Luc Beaulieu \u00e9poux de feue Mariette Deraspe et domicili\u00e9 \u00e0 Sept-\u00celes.<\/p>\n<p>Les fun\u00e9railles de monsieur Jean-Luc Beaulieu auront lieu le samedi 1<sup>er<\/sup> d\u00e9cembre 2018 \u00e0 10 h en l\u2019\u00e9glise Ste-Famille situ\u00e9e au 15 rue Comeau \u00e0 Sept-\u00celes.<\/p>\n<p>Selon ses volont\u00e9s, il a \u00e9t\u00e9 confi\u00e9 au cr\u00e9matorium de la maison Mallet &amp; fils pour cr\u00e9mation.<\/p>\n<p>La famille re\u00e7oit parents et amis le vendredi 30 novembre 2018 de 13 h \u00e0 16 h et de 19 h \u00e0 22 h. Le samedi 1<sup>er<\/sup> d\u00e9cembre 2018 jour des fun\u00e9railles \u00e0 compter de 8\u00a0h\u00a030 au Complexe Thanatologique Mallet &amp; fils du 585 boul. Laure \u00e0 Sept-\u00celes.<\/p>\n<p>Il laisse dans le deuil ses filles Linda (Jean-Marc Bergeron) et Martine (Jocelyn D\u2019Amour), ses petits-fils\u00a0: Gabriel (Marie-\u00c8ve Leblanc), Jean-Fran\u00e7ois (Gabrielle Lebel) et Louis-Philippe, sa petite-fille Marie-Pier (Douglas Lavigne) ainsi que ses s\u0153urs\u00a0: Simone, Madeleine et Cl\u00e9mence, ses fr\u00e8res\u00a0:Yvon, Eug\u00e8ne, Julien et Bertrand, ses beaux-fr\u00e8res, ses belles-s\u0153urs, ses neveux, ses ni\u00e8ces, ses cousins, ses cousines et de nombreux ami(e)s.<\/p>\n<p>Vos marques de sympathie peuvent se traduire par un don \u00e0 La fondation r\u00e9gionale h\u00f4pital Sept-\u00celes <a href=\"http:\/\/www.fondationsept-iles.qc.ca\/\">www.fondationsept-iles.qc.ca<\/a><\/p>\n<p>La famille a confi\u00e9 la direction des fun\u00e9railles aux services professionnels de la Maison Mallet &amp; fils du 585 boul. Laure \u00e0 Sept-\u00celes, maintenant reconnue Distinction et membre de la Corporation des Thanatologues du Qu\u00e9bec.<\/p>\n<p>Vous pouvez consulter cet avis de d\u00e9c\u00e8s sur le <a href=\"https:\/\/nouveau.maisonmallet.com\/back05_01\/\">www.maisonmallet.com<\/a><\/p>\n<p>Ceux et celles qui le d\u00e9sirent, peuvent y envoyer des messages de sympathie.<\/p>\n<p>&nbsp;<\/p>\n<hr \/>\n<p>Envoyer vos condol\u00e9ances<\/p>\n<p>[contact-form to=\u00a0\u00bbmarc@maisonmallet.com\u00a0\u00bb subject=\u00a0\u00bbCondol\u00e9ances\u00a0\u00bb][contact-field label=\u00a0\u00bbVotre nom\u00a0\u00bb type=\u00a0\u00bbname\u00a0\u00bb required=\u00a0\u00bb1&Prime;][contact-field label=\u00a0\u00bbVotre courriel\u00a0\u00bb type=\u00a0\u00bbemail\u00a0\u00bb required=\u00a0\u00bb1&Prime;][contact-field label=\u00a0\u00bbCondol\u00e9ances\u00a0\u00bb type=\u00a0\u00bbtextarea\u00a0\u00bb][\/contact-form]<\/p>\n","protected":false},"featured_media":2050,"template":"","event_cat":[6],"class_list":["post-2038","event","type-event","status-publish","has-post-thumbnail","hentry","event_cat-maison-mallet-et-fils-inc"],"_links":{"self":[{"href":"https:\/\/nouveau.maisonmallet.com\/back05_01\/index.php?rest_route=\/wp\/v2\/event\/2038","targetHints":{"allow":["GET"]}}],"collection":[{"href":"https:\/\/nouveau.maisonmallet.com\/back05_01\/index.php?rest_route=\/wp\/v2\/event"}],"about":[{"href":"https:\/\/nouveau.maisonmallet.com\/back05_01\/index.php?rest_route=\/wp\/v2\/types\/event"}],"wp:featuredmedia":[{"embeddable":true,"href":"https:\/\/nouveau.maisonmallet.com\/back05_01\/index.php?rest_route=\/wp\/v2\/media\/2050"}],"wp:attachment":[{"href":"https:\/\/nouveau.maisonmallet.com\/back05_01\/index.php?rest_route=%2Fwp%2Fv2%2Fmedia&parent=2038"}],"wp:term":[{"taxonomy":"event_cat","embeddable":true,"href":"https:\/\/nouveau.maisonmallet.com\/back05_01\/index.php?rest_route=%2Fwp%2Fv2%2Fevent_cat&post=2038"}],"curies":[{"name":"wp","href":"https:\/\/api.w.org\/{rel}","templated":true}]}}

<p>1935-2018</p>
<p>BEAULIEU, Jean-Luc</p>
<p>&nbsp;</p>
<p>À Sept-Îles, le 16 novembre 2018, est décédé à l’âge de 83 ans, monsieur Jean-Luc Beaulieu époux de feue Mariette Deraspe et domicilié à Sept-Îles.</p>
<p>Les funérailles de monsieur Jean-Luc Beaulieu auront lieu le samedi 1<sup>er</sup> décembre 2018 à 10 h en l’église Ste-Famille située au 15 rue Comeau à Sept-Îles.</p>
<p>Selon ses volontés, il a été confié au crématorium de la maison Mallet &amp; fils pour crémation.</p>
<p>La famille reçoit parents et amis le vendredi 30 novembre 2018 de 13 h à 16 h et de 19 h à 22 h. Le samedi 1<sup>er</sup> décembre 2018 jour des funérailles à compter de 8 h 30 au Complexe Thanatologique Mallet &amp; fils du 585 boul. Laure à Sept-Îles.</p>
<p>Il laisse dans le deuil ses filles Linda (Jean-Marc Bergeron) et Martine (Jocelyn D’Amour), ses petits-fils : Gabriel (Marie-Ève Leblanc), Jean-François (Gabrielle Lebel) et Louis-Philippe, sa petite-fille Marie-Pier (Douglas Lavigne) ainsi que ses sœurs : Simone, Madeleine et Clémence, ses frères :Yvon, Eugène, Julien et Bertrand, ses beaux-frères, ses belles-sœurs, ses neveux, ses nièces, ses cousins, ses cousines et de nombreux ami(e)s.</p>
<p>Vos marques de sympathie peuvent se traduire par un don à La fondation régionale hôpital Sept-Îles <a href="http://www.fondationsept-iles.qc.ca/">www.fondationsept-iles.qc.ca</a></p>
<p>La famille a confié la direction des funérailles aux services professionnels de la Maison Mallet &amp; fils du 585 boul. Laure à Sept-Îles, maintenant reconnue Distinction et membre de la Corporation des Thanatologues du Québec.</p>
<p>Vous pouvez consulter cet avis de décès sur le <a href="https://nouveau.maisonmallet.com/back05_01/">www.maisonmallet.com</a></p>
<p>Ceux et celles qui le désirent, peuvent y envoyer des messages de sympathie.</p>
<p>&nbsp;</p>
<hr />
<p>Envoyer vos condoléances</p>
<p>[contact-form to= »marc@maisonmallet.com » subject= »Condoléances »][contact-field label= »Votre nom » type= »name » required= »1&Prime;][contact-field label= »Votre courriel » type= »email » required= »1&Prime;][contact-field label= »Condoléances » type= »textarea »][/contact-form]</p>
