{"id":2042,"date":"2018-11-06T20:38:24","date_gmt":"2018-11-07T01:38:24","guid":{"rendered":"http:\/\/207.253.81.73\/?post_type=event&#038;p=2042"},"modified":"2018-12-01T21:30:03","modified_gmt":"2018-12-02T02:30:03","slug":"gaudreault-gino18071969","status":"publish","type":"event","link":"https:\/\/nouveau.maisonmallet.com\/back05_01\/?event=gaudreault-gino18071969","title":{"rendered":"GAUDREAULT, Gino"},"content":{"rendered":"<p>1969-2018<\/p>\n<p>GAUDREAULT, Gino<\/p>\n<p>&nbsp;<\/p>\n<p>\u00c0 Port-Cartier, le 6 novembre 2018, est d\u00e9c\u00e9d\u00e9 \u00e0 l\u2019\u00e2ge de 49 ans, monsieur Gino Gaudreault fils de feu Fernand Gaudreault et de Evelyne Derosby domicili\u00e9 \u00e0 Baie-Trinit\u00e9.<\/p>\n<p>Les fun\u00e9railles de monsieur Gino Gaudreault auront lieu le samedi 10 novembre 2018 \u00e0 10 h en l\u2019\u00e9glise Sainte-Trinit\u00e9 de Baie-Trinit\u00e9 et de l\u00e0 au cimeti\u00e8re de Baie-Trinit\u00e9.<\/p>\n<p>Selon ses volont\u00e9s, il a \u00e9t\u00e9 confi\u00e9 au cr\u00e9matorium de la Maison Mallet &amp; fils pour cr\u00e9mation.<\/p>\n<p>La famille re\u00e7oit parents et amis le samedi 10 novembre 2018 jour des fun\u00e9railles \u00e0 compter de 9 h \u00e0 l`\u00e9glise Sainte-Trinit\u00e9 de Baie-Trinit\u00e9.<\/p>\n<p>Il laisse dans le deuil son fils Xavier, sa fille S\u00e9r\u00e9na, sa m\u00e8re madame Evelyne Derosby ( feu Fernand Gaudreault) ainsi que ses s\u0153urs\u00a0: Marl\u00e8ne, Suzanne (R\u00e9al Boudreault) Nancy, Gina, (Jacky Lefran\u00e7ois) et Carole (Jules Cot\u00e9), ses fr\u00e8res\u00a0: Denis (Martine Lachance), Daniel, Carlos et David, ses neveux, ses ni\u00e8ces, ses cousins, ses cousines et de nombreux ami(e)s.<\/p>\n<p>Vos marques de sympathie peuvent se traduire par un don la Fondation des maladies du c\u0153ur et de l\u2019AVC <a href=\"http:\/\/www.fmcoeur.qc.ca\/\">www.fmcoeur.qc.ca<\/a><\/p>\n<p>La famille a confi\u00e9 les arrangements aux services professionnels de la Maison Mallet &amp; fils du 585, Boul. Laure, \u00e0 Sept-\u00celes, maintenant reconnue Distinction et membre de la Corporation des Thanatologues du Qu\u00e9bec.<\/p>\n<p>Vous pouvez consulter cet avis de d\u00e9c\u00e8s, sur le www.maisonmallet.com<\/p>\n<p>Ceux et celle qui le d\u00e9sirent, peuvent y envoyer des messages de sympathie.<\/p>\n<p>&nbsp;<\/p>\n<p>&nbsp;<\/p>\n<hr \/>\n<p>Envoyer vos condol\u00e9ances<\/p>\n<p>[contact-form to=\u00a0\u00bbmarc@maisonmallet.com\u00a0\u00bb subject=\u00a0\u00bbCondol\u00e9ances\u00a0\u00bb][contact-field label=\u00a0\u00bbVotre nom\u00a0\u00bb type=\u00a0\u00bbname\u00a0\u00bb required=\u00a0\u00bb1&Prime;][contact-field label=\u00a0\u00bbVotre courriel\u00a0\u00bb type=\u00a0\u00bbemail\u00a0\u00bb required=\u00a0\u00bb1&Prime;][contact-field label=\u00a0\u00bbCondol\u00e9ances\u00a0\u00bb type=\u00a0\u00bbtextarea\u00a0\u00bb][\/contact-form]<\/p>\n","protected":false},"featured_media":2093,"template":"","event_cat":[6],"class_list":["post-2042","event","type-event","status-publish","has-post-thumbnail","hentry","event_cat-maison-mallet-et-fils-inc"],"_links":{"self":[{"href":"https:\/\/nouveau.maisonmallet.com\/back05_01\/index.php?rest_route=\/wp\/v2\/event\/2042","targetHints":{"allow":["GET"]}}],"collection":[{"href":"https:\/\/nouveau.maisonmallet.com\/back05_01\/index.php?rest_route=\/wp\/v2\/event"}],"about":[{"href":"https:\/\/nouveau.maisonmallet.com\/back05_01\/index.php?rest_route=\/wp\/v2\/types\/event"}],"wp:featuredmedia":[{"embeddable":true,"href":"https:\/\/nouveau.maisonmallet.com\/back05_01\/index.php?rest_route=\/wp\/v2\/media\/2093"}],"wp:attachment":[{"href":"https:\/\/nouveau.maisonmallet.com\/back05_01\/index.php?rest_route=%2Fwp%2Fv2%2Fmedia&parent=2042"}],"wp:term":[{"taxonomy":"event_cat","embeddable":true,"href":"https:\/\/nouveau.maisonmallet.com\/back05_01\/index.php?rest_route=%2Fwp%2Fv2%2Fevent_cat&post=2042"}],"curies":[{"name":"wp","href":"https:\/\/api.w.org\/{rel}","templated":true}]}}

<p>1969-2018</p>
<p>GAUDREAULT, Gino</p>
<p>&nbsp;</p>
<p>À Port-Cartier, le 6 novembre 2018, est décédé à l’âge de 49 ans, monsieur Gino Gaudreault fils de feu Fernand Gaudreault et de Evelyne Derosby domicilié à Baie-Trinité.</p>
<p>Les funérailles de monsieur Gino Gaudreault auront lieu le samedi 10 novembre 2018 à 10 h en l’église Sainte-Trinité de Baie-Trinité et de là au cimetière de Baie-Trinité.</p>
<p>Selon ses volontés, il a été confié au crématorium de la Maison Mallet &amp; fils pour crémation.</p>
<p>La famille reçoit parents et amis le samedi 10 novembre 2018 jour des funérailles à compter de 9 h à l`église Sainte-Trinité de Baie-Trinité.</p>
<p>Il laisse dans le deuil son fils Xavier, sa fille Séréna, sa mère madame Evelyne Derosby ( feu Fernand Gaudreault) ainsi que ses sœurs : Marlène, Suzanne (Réal Boudreault) Nancy, Gina, (Jacky Lefrançois) et Carole (Jules Coté), ses frères : Denis (Martine Lachance), Daniel, Carlos et David, ses neveux, ses nièces, ses cousins, ses cousines et de nombreux ami(e)s.</p>
<p>Vos marques de sympathie peuvent se traduire par un don la Fondation des maladies du cœur et de l’AVC <a href="http://www.fmcoeur.qc.ca/">www.fmcoeur.qc.ca</a></p>
<p>La famille a confié les arrangements aux services professionnels de la Maison Mallet &amp; fils du 585, Boul. Laure, à Sept-Îles, maintenant reconnue Distinction et membre de la Corporation des Thanatologues du Québec.</p>
<p>Vous pouvez consulter cet avis de décès, sur le www.maisonmallet.com</p>
<p>Ceux et celle qui le désirent, peuvent y envoyer des messages de sympathie.</p>
<p>&nbsp;</p>
<p>&nbsp;</p>
<hr />
<p>Envoyer vos condoléances</p>
<p>[contact-form to= »marc@maisonmallet.com » subject= »Condoléances »][contact-field label= »Votre nom » type= »name » required= »1&Prime;][contact-field label= »Votre courriel » type= »email » required= »1&Prime;][contact-field label= »Condoléances » type= »textarea »][/contact-form]</p>
