{"id":2053,"date":"2018-10-18T10:15:57","date_gmt":"2018-10-18T14:15:57","guid":{"rendered":"http:\/\/207.253.81.73\/?post_type=event&#038;p=2053"},"modified":"2019-05-01T10:15:56","modified_gmt":"2019-05-01T14:15:56","slug":"ovild-methot31-03-1924","status":"publish","type":"event","link":"https:\/\/nouveau.maisonmallet.com\/back05_01\/?event=ovild-methot31-03-1924","title":{"rendered":"M\u00c9THOT, Ovilda"},"content":{"rendered":"<p>1924-2018<\/p>\n<p>M\u00c9THOT, Ovilda<\/p>\n<p>&nbsp;<\/p>\n<p>\u00c0 Baie-Comeau, le 18 octobre 2018, est d\u00e9c\u00e9d\u00e9 \u00e0 l\u2019\u00e2ge de 94 ans, monsieur Ovilda M\u00e9thot\u00a0\u00e9poux de feue Anna Cormier\u00a0et\u00a0domicili\u00e9 \u00e0 Sept-\u00celes.<\/p>\n<p>Les fun\u00e9railles de monsieur Ovilda M\u00e9thot auront lieu le samedi 27 octobre 2018 \u00e0 10 h en l\u2019\u00e9glise St-Joseph situ\u00e9e au 535, av. Brochu \u00e0 Sept-\u00celes et de l\u00e0 au Columbarium de la Maison Mallet &amp; fils.<\/p>\n<p>La famille re\u00e7oit parents et amis le vendredi 26 octobre 2018 de 19 h \u00e0 22 h. Le samedi 27 octobre 2018, jour des fun\u00e9railles, \u00e0 compter de 8 h 30 au Complexe Thanatologique Mallet &amp; fils du 585, boul. Laure \u00e0 Sept-\u00celes.<\/p>\n<p>Il laisse dans le deuil son fils Ga\u00e9tan (\u00c9dith Savard), ses petites-filles\u00a0: Nathalie et Am\u00e9lie (Alexandre Deroy), son petit-fils Pierre-Olivier (Roxanne Savard) ainsi que sa s\u0153ur Ir\u00e8ne, ses beaux-fr\u00e8res, ses belles-s\u0153urs, ses neveux, ses ni\u00e8ces, ses cousins, ses cousines et de nombreux ami(e)s.<\/p>\n<p>Il \u00e9tait le p\u00e8re de feue Danielle.<\/p>\n<p>Vos marques de sympathie peuvent se traduire par un don \u00e0 l\u2019\u00c9lyme des sables\u00a0<a href=\"http:\/\/www.elymedessables.com\/\">www.elymedessables.com<\/a><\/p>\n<p>La famille a confi\u00e9 la direction des fun\u00e9railles aux services professionnels de la Maison Mallet et fils du 585 boul. Laure \u00e0 Sept-\u00celes, maintenant reconnue Distinction et membre de la Corporation des Thanatologues du Qu\u00e9bec.<\/p>\n<p>Vous pouvez consulter cet avis de d\u00e9c\u00e8s sur le\u00a0<a href=\"https:\/\/nouveau.maisonmallet.com\/back05_01\/\">www.maisonmallet.com<\/a><\/p>\n<p>Ceux et celles qui le d\u00e9sirent, peuvent y envoyer des messages de sympathie.<\/p>\n<p>&nbsp;<\/p>\n<p>&nbsp;<\/p>\n<hr \/>\n<p>Envoyer vos condol\u00e9ances<\/p>\n<p>[contact-form to=\u00a0\u00bbmarc@maisonmallet.com\u00a0\u00bb subject=\u00a0\u00bbCondol\u00e9ances\u00a0\u00bb][contact-field label=\u00a0\u00bbVotre nom\u00a0\u00bb type=\u00a0\u00bbname\u00a0\u00bb required=\u00a0\u00bb1&Prime;][contact-field label=\u00a0\u00bbVotre courriel\u00a0\u00bb type=\u00a0\u00bbemail\u00a0\u00bb required=\u00a0\u00bb1&Prime;][contact-field label=\u00a0\u00bbCondol\u00e9ances\u00a0\u00bb type=\u00a0\u00bbtextarea\u00a0\u00bb][\/contact-form]<\/p>\n","protected":false},"featured_media":2307,"template":"","event_cat":[6],"class_list":["post-2053","event","type-event","status-publish","has-post-thumbnail","hentry","event_cat-maison-mallet-et-fils-inc"],"_links":{"self":[{"href":"https:\/\/nouveau.maisonmallet.com\/back05_01\/index.php?rest_route=\/wp\/v2\/event\/2053","targetHints":{"allow":["GET"]}}],"collection":[{"href":"https:\/\/nouveau.maisonmallet.com\/back05_01\/index.php?rest_route=\/wp\/v2\/event"}],"about":[{"href":"https:\/\/nouveau.maisonmallet.com\/back05_01\/index.php?rest_route=\/wp\/v2\/types\/event"}],"wp:featuredmedia":[{"embeddable":true,"href":"https:\/\/nouveau.maisonmallet.com\/back05_01\/index.php?rest_route=\/wp\/v2\/media\/2307"}],"wp:attachment":[{"href":"https:\/\/nouveau.maisonmallet.com\/back05_01\/index.php?rest_route=%2Fwp%2Fv2%2Fmedia&parent=2053"}],"wp:term":[{"taxonomy":"event_cat","embeddable":true,"href":"https:\/\/nouveau.maisonmallet.com\/back05_01\/index.php?rest_route=%2Fwp%2Fv2%2Fevent_cat&post=2053"}],"curies":[{"name":"wp","href":"https:\/\/api.w.org\/{rel}","templated":true}]}}

MÉTHOT, Ovilda

<p>1924-2018</p>
<p>MÉTHOT, Ovilda</p>
<p>&nbsp;</p>
<p>À Baie-Comeau, le 18 octobre 2018, est décédé à l’âge de 94 ans, monsieur Ovilda Méthot époux de feue Anna Cormier et domicilié à Sept-Îles.</p>
<p>Les funérailles de monsieur Ovilda Méthot auront lieu le samedi 27 octobre 2018 à 10 h en l’église St-Joseph située au 535, av. Brochu à Sept-Îles et de là au Columbarium de la Maison Mallet &amp; fils.</p>
<p>La famille reçoit parents et amis le vendredi 26 octobre 2018 de 19 h à 22 h. Le samedi 27 octobre 2018, jour des funérailles, à compter de 8 h 30 au Complexe Thanatologique Mallet &amp; fils du 585, boul. Laure à Sept-Îles.</p>
<p>Il laisse dans le deuil son fils Gaétan (Édith Savard), ses petites-filles : Nathalie et Amélie (Alexandre Deroy), son petit-fils Pierre-Olivier (Roxanne Savard) ainsi que sa sœur Irène, ses beaux-frères, ses belles-sœurs, ses neveux, ses nièces, ses cousins, ses cousines et de nombreux ami(e)s.</p>
<p>Il était le père de feue Danielle.</p>
<p>Vos marques de sympathie peuvent se traduire par un don à l’Élyme des sables <a href="http://www.elymedessables.com/">www.elymedessables.com</a></p>
<p>La famille a confié la direction des funérailles aux services professionnels de la Maison Mallet et fils du 585 boul. Laure à Sept-Îles, maintenant reconnue Distinction et membre de la Corporation des Thanatologues du Québec.</p>
<p>Vous pouvez consulter cet avis de décès sur le <a href="https://nouveau.maisonmallet.com/back05_01/">www.maisonmallet.com</a></p>
<p>Ceux et celles qui le désirent, peuvent y envoyer des messages de sympathie.</p>
<p>&nbsp;</p>
<p>&nbsp;</p>
<hr />
<p>Envoyer vos condoléances</p>
<p>[contact-form to= »marc@maisonmallet.com » subject= »Condoléances »][contact-field label= »Votre nom » type= »name » required= »1&Prime;][contact-field label= »Votre courriel » type= »email » required= »1&Prime;][contact-field label= »Condoléances » type= »textarea »][/contact-form]</p>
