{"id":2054,"date":"2018-10-16T10:26:13","date_gmt":"2018-10-16T14:26:13","guid":{"rendered":"http:\/\/207.253.81.73\/?post_type=event&#038;p=2054"},"modified":"2018-11-21T10:49:59","modified_gmt":"2018-11-21T15:49:59","slug":"levesque-jeanmarc22031944","status":"publish","type":"event","link":"https:\/\/nouveau.maisonmallet.com\/back05_01\/?event=levesque-jeanmarc22031944","title":{"rendered":"L\u00c9VESQUE, Jean-Marc"},"content":{"rendered":"<p>1944-2018<\/p>\n<p>L\u00c9VESQUE, Jean-Marc<\/p>\n<p>&nbsp;<\/p>\n<p>\u00c0 Port-Cartier, le 16 octobre 2018, est d\u00e9c\u00e9d\u00e9 \u00e0 l\u2019\u00e2ge de 74 ans, monsieur Jean-Marc L\u00e9vesque \u00e9poux de madame Lola Plourde et domicili\u00e9 \u00e0 Port-Cartier.<\/p>\n<p>Les fun\u00e9railles de monsieur Jean-Marc L\u00e9vesque auront lieu le samedi 27 octobre 2018 \u00e0 14 h 30 en l\u2019\u00e9glise Sacr\u00e9-C\u0153ur situ\u00e9e au 38, rue Parent \u00e0 Port-Cartier et de l\u00e0 au cimeti\u00e8re de l\u2019endroit.<\/p>\n<p>La famille re\u00e7oit parents et amis le vendredi 26 octobre 2018 de 19 h \u00e0 22 h. Le samedi 27 octobre 2018 jour des fun\u00e9railles \u00e0 compter de 10 h au Complexe Thanatologique Mallet &amp; fils du 57, route 138 \u00e0 Port-Cartier.<\/p>\n<p>Il laisse dans le deuil outre son \u00e9pouse madame Lola Plourde L\u00e9vesque, ses filles\u00a0: Chantal (Merlin Harisson) et Doris (Denis Gagnon), son fils Eric, sa petite-fille Val\u00e9rie et son petit-fils Alex ainsi que sa s\u0153ur Marie-Paule, son beau-fr\u00e8re Romain (Laurencia Bond), ses belles-s\u0153urs\u00a0: Rachel, Raymonde, Marjo et Louise, ses neveux, ses ni\u00e8ces, ses cousins, ses cousines et de nombreux ami(e)s.<\/p>\n<p>La famille a confi\u00e9 la direction des fun\u00e9railles aux services professionnels de la maison Mallet &amp; fils du 57, route 138 \u00e0 Port-Cartier, maintenant reconnue Distinction et membre de la Corporation des Thanatologues du Qu\u00e9bec.<\/p>\n<p>Vous pouvez consulter cet avis de d\u00e9c\u00e8s, sur le\u00a0<a href=\"https:\/\/nouveau.maisonmallet.com\/back05_01\/\">www.maisonmallet.com<\/a><\/p>\n<p>Ceux et celles qui le d\u00e9sirent, peuvent y envoyer des messages de sympathie.<\/p>\n<p>&nbsp;<\/p>\n<hr \/>\n<p>Envoyer vos condol\u00e9ances<\/p>\n<p>[contact-form to=\u00a0\u00bbmarc@maisonmallet.com\u00a0\u00bb subject=\u00a0\u00bbCondol\u00e9ances\u00a0\u00bb][contact-field label=\u00a0\u00bbVotre nom\u00a0\u00bb type=\u00a0\u00bbname\u00a0\u00bb required=\u00a0\u00bb1&Prime;][contact-field label=\u00a0\u00bbVotre courriel\u00a0\u00bb type=\u00a0\u00bbemail\u00a0\u00bb required=\u00a0\u00bb1&Prime;][contact-field label=\u00a0\u00bbCondol\u00e9ances\u00a0\u00bb type=\u00a0\u00bbtextarea\u00a0\u00bb][\/contact-form]<\/p>\n","protected":false},"featured_media":26,"template":"","event_cat":[6],"class_list":["post-2054","event","type-event","status-publish","has-post-thumbnail","hentry","event_cat-maison-mallet-et-fils-inc"],"_links":{"self":[{"href":"https:\/\/nouveau.maisonmallet.com\/back05_01\/index.php?rest_route=\/wp\/v2\/event\/2054","targetHints":{"allow":["GET"]}}],"collection":[{"href":"https:\/\/nouveau.maisonmallet.com\/back05_01\/index.php?rest_route=\/wp\/v2\/event"}],"about":[{"href":"https:\/\/nouveau.maisonmallet.com\/back05_01\/index.php?rest_route=\/wp\/v2\/types\/event"}],"wp:featuredmedia":[{"embeddable":true,"href":"https:\/\/nouveau.maisonmallet.com\/back05_01\/index.php?rest_route=\/wp\/v2\/media\/26"}],"wp:attachment":[{"href":"https:\/\/nouveau.maisonmallet.com\/back05_01\/index.php?rest_route=%2Fwp%2Fv2%2Fmedia&parent=2054"}],"wp:term":[{"taxonomy":"event_cat","embeddable":true,"href":"https:\/\/nouveau.maisonmallet.com\/back05_01\/index.php?rest_route=%2Fwp%2Fv2%2Fevent_cat&post=2054"}],"curies":[{"name":"wp","href":"https:\/\/api.w.org\/{rel}","templated":true}]}}

LÉVESQUE, Jean-Marc

<p>1944-2018</p>
<p>LÉVESQUE, Jean-Marc</p>
<p>&nbsp;</p>
<p>À Port-Cartier, le 16 octobre 2018, est décédé à l’âge de 74 ans, monsieur Jean-Marc Lévesque époux de madame Lola Plourde et domicilié à Port-Cartier.</p>
<p>Les funérailles de monsieur Jean-Marc Lévesque auront lieu le samedi 27 octobre 2018 à 14 h 30 en l’église Sacré-Cœur située au 38, rue Parent à Port-Cartier et de là au cimetière de l’endroit.</p>
<p>La famille reçoit parents et amis le vendredi 26 octobre 2018 de 19 h à 22 h. Le samedi 27 octobre 2018 jour des funérailles à compter de 10 h au Complexe Thanatologique Mallet &amp; fils du 57, route 138 à Port-Cartier.</p>
<p>Il laisse dans le deuil outre son épouse madame Lola Plourde Lévesque, ses filles : Chantal (Merlin Harisson) et Doris (Denis Gagnon), son fils Eric, sa petite-fille Valérie et son petit-fils Alex ainsi que sa sœur Marie-Paule, son beau-frère Romain (Laurencia Bond), ses belles-sœurs : Rachel, Raymonde, Marjo et Louise, ses neveux, ses nièces, ses cousins, ses cousines et de nombreux ami(e)s.</p>
<p>La famille a confié la direction des funérailles aux services professionnels de la maison Mallet &amp; fils du 57, route 138 à Port-Cartier, maintenant reconnue Distinction et membre de la Corporation des Thanatologues du Québec.</p>
<p>Vous pouvez consulter cet avis de décès, sur le <a href="https://nouveau.maisonmallet.com/back05_01/">www.maisonmallet.com</a></p>
<p>Ceux et celles qui le désirent, peuvent y envoyer des messages de sympathie.</p>
<p>&nbsp;</p>
<hr />
<p>Envoyer vos condoléances</p>
<p>[contact-form to= »marc@maisonmallet.com » subject= »Condoléances »][contact-field label= »Votre nom » type= »name » required= »1&Prime;][contact-field label= »Votre courriel » type= »email » required= »1&Prime;][contact-field label= »Condoléances » type= »textarea »][/contact-form]</p>
