{"id":2056,"date":"2018-10-09T10:40:16","date_gmt":"2018-10-09T14:40:16","guid":{"rendered":"http:\/\/207.253.81.73\/?post_type=event&#038;p=2056"},"modified":"2019-04-30T15:28:53","modified_gmt":"2019-04-30T19:28:53","slug":"boudreaulteudore25031932","status":"publish","type":"event","link":"https:\/\/nouveau.maisonmallet.com\/back05_01\/?event=boudreaulteudore25031932","title":{"rendered":"BOUDREAULT, Eudore"},"content":{"rendered":"<p>1932-2018<\/p>\n<p>BOUDREAULT, Eudore<\/p>\n<p>&nbsp;<\/p>\n<p>\u00c0 Sept-\u00celes, le 9 octobre 2018, est d\u00e9c\u00e9d\u00e9 \u00e0 l\u2019\u00e2ge de 86 ans, monsieur Eudore Boudreault \u00e9poux de madame Aliette Richard et domicili\u00e9 \u00e0 Sept-\u00celes.<\/p>\n<p>Les fun\u00e9railles de monsieur Eudore Boudreault auront lieu le samedi 13 octobre 2018 \u00e0 10 h 30 en l\u2019\u00e9glise St-C\u0153ur de Marie situ\u00e9e au 175, rue de l\u2019\u00e9glise \u00e0 Clarke-City et de l\u00e0 au cimeti\u00e8re de l\u2019endroit.<\/p>\n<p>La famille re\u00e7oit parents et amis le vendredi 12 octobre 2018 de 19 h \u00e0 22 h au Complexe Thanatologique Mallet &amp; fils du 585, boul. Laure \u00e0 Sept-\u00celes.<\/p>\n<p>Il laisse dans le deuil outre son \u00e9pouse madame Aliette Richard Boudreault, ses filles Jacinthe (Lucien Vollant) et H\u00e9l\u00e8ne, ses fils\u00a0: Jean-Marie (Manon Lussier) et Jacques (Lorraine Poulin), ses petites-filles\u00a0: Cathie (Yannick H\u00e9bert), Chantal (Eric Dallaire), Cindy (Jimmy Imbeault), Genevi\u00e8ve (Aaron Dale) et Chlo\u00e9 (Simon Vincent), ses petits-fils\u00a0: St\u00e9phane (Jessica Thibault), Fr\u00e9d\u00e9ric (Myl\u00e8ne Corneau) et Simon, ses six arri\u00e8re-petits-enfants ainsi que sa s\u0153ur Aline ses beaux-fr\u00e8res, ses belles-s\u0153urs, ses neveux, ses ni\u00e8ces, ses cousins, ses cousines et de nombreux ami(e)s.<\/p>\n<p>Vos marques de sympathie peuvent se traduire par un don \u00e0 l\u2019\u00c9lyme des sables\u00a0<a href=\"http:\/\/www.elymedessables.com\/\">www.elymedessables.com<\/a><\/p>\n<p>La famille a confi\u00e9 la direction des fun\u00e9railles aux services professionnels de la Maison Mallet &amp; fils du 585 boul. Laure \u00e0 Sept-\u00celes, maintenant reconnue Distinction et membre de la Corporation des Thanatologues du Qu\u00e9bec.<\/p>\n<p>Vous pouvez consulter cet avis de d\u00e9c\u00e8s sur le\u00a0<a href=\"https:\/\/nouveau.maisonmallet.com\/back05_01\/\">www.maisonmallet.com<\/a><\/p>\n<p>Ceux et celles qui le d\u00e9sirent peuvent y envoyer des t\u00e9moignages de sympathie.<\/p>\n<p>&nbsp;<\/p>\n<hr \/>\n<p>Envoyer vos condol\u00e9ances<\/p>\n<p>[contact-form to=\u00a0\u00bbmarc@maisonmallet.com\u00a0\u00bb subject=\u00a0\u00bbCondol\u00e9ances\u00a0\u00bb][contact-field label=\u00a0\u00bbVotre nom\u00a0\u00bb type=\u00a0\u00bbname\u00a0\u00bb required=\u00a0\u00bb1&Prime;][contact-field label=\u00a0\u00bbVotre courriel\u00a0\u00bb type=\u00a0\u00bbemail\u00a0\u00bb required=\u00a0\u00bb1&Prime;][contact-field label=\u00a0\u00bbCondol\u00e9ances\u00a0\u00bb type=\u00a0\u00bbtextarea\u00a0\u00bb][\/contact-form]<\/p>\n","protected":false},"featured_media":2288,"template":"","event_cat":[6],"class_list":["post-2056","event","type-event","status-publish","has-post-thumbnail","hentry","event_cat-maison-mallet-et-fils-inc"],"_links":{"self":[{"href":"https:\/\/nouveau.maisonmallet.com\/back05_01\/index.php?rest_route=\/wp\/v2\/event\/2056","targetHints":{"allow":["GET"]}}],"collection":[{"href":"https:\/\/nouveau.maisonmallet.com\/back05_01\/index.php?rest_route=\/wp\/v2\/event"}],"about":[{"href":"https:\/\/nouveau.maisonmallet.com\/back05_01\/index.php?rest_route=\/wp\/v2\/types\/event"}],"wp:featuredmedia":[{"embeddable":true,"href":"https:\/\/nouveau.maisonmallet.com\/back05_01\/index.php?rest_route=\/wp\/v2\/media\/2288"}],"wp:attachment":[{"href":"https:\/\/nouveau.maisonmallet.com\/back05_01\/index.php?rest_route=%2Fwp%2Fv2%2Fmedia&parent=2056"}],"wp:term":[{"taxonomy":"event_cat","embeddable":true,"href":"https:\/\/nouveau.maisonmallet.com\/back05_01\/index.php?rest_route=%2Fwp%2Fv2%2Fevent_cat&post=2056"}],"curies":[{"name":"wp","href":"https:\/\/api.w.org\/{rel}","templated":true}]}}

<p>1932-2018</p>
<p>BOUDREAULT, Eudore</p>
<p>&nbsp;</p>
<p>À Sept-Îles, le 9 octobre 2018, est décédé à l’âge de 86 ans, monsieur Eudore Boudreault époux de madame Aliette Richard et domicilié à Sept-Îles.</p>
<p>Les funérailles de monsieur Eudore Boudreault auront lieu le samedi 13 octobre 2018 à 10 h 30 en l’église St-Cœur de Marie située au 175, rue de l’église à Clarke-City et de là au cimetière de l’endroit.</p>
<p>La famille reçoit parents et amis le vendredi 12 octobre 2018 de 19 h à 22 h au Complexe Thanatologique Mallet &amp; fils du 585, boul. Laure à Sept-Îles.</p>
<p>Il laisse dans le deuil outre son épouse madame Aliette Richard Boudreault, ses filles Jacinthe (Lucien Vollant) et Hélène, ses fils : Jean-Marie (Manon Lussier) et Jacques (Lorraine Poulin), ses petites-filles : Cathie (Yannick Hébert), Chantal (Eric Dallaire), Cindy (Jimmy Imbeault), Geneviève (Aaron Dale) et Chloé (Simon Vincent), ses petits-fils : Stéphane (Jessica Thibault), Frédéric (Mylène Corneau) et Simon, ses six arrière-petits-enfants ainsi que sa sœur Aline ses beaux-frères, ses belles-sœurs, ses neveux, ses nièces, ses cousins, ses cousines et de nombreux ami(e)s.</p>
<p>Vos marques de sympathie peuvent se traduire par un don à l’Élyme des sables <a href="http://www.elymedessables.com/">www.elymedessables.com</a></p>
<p>La famille a confié la direction des funérailles aux services professionnels de la Maison Mallet &amp; fils du 585 boul. Laure à Sept-Îles, maintenant reconnue Distinction et membre de la Corporation des Thanatologues du Québec.</p>
<p>Vous pouvez consulter cet avis de décès sur le <a href="https://nouveau.maisonmallet.com/back05_01/">www.maisonmallet.com</a></p>
<p>Ceux et celles qui le désirent peuvent y envoyer des témoignages de sympathie.</p>
<p>&nbsp;</p>
<hr />
<p>Envoyer vos condoléances</p>
<p>[contact-form to= »marc@maisonmallet.com » subject= »Condoléances »][contact-field label= »Votre nom » type= »name » required= »1&Prime;][contact-field label= »Votre courriel » type= »email » required= »1&Prime;][contact-field label= »Condoléances » type= »textarea »][/contact-form]</p>
