{"id":2057,"date":"2018-09-16T10:51:08","date_gmt":"2018-09-16T14:51:08","guid":{"rendered":"http:\/\/207.253.81.73\/?post_type=event&#038;p=2057"},"modified":"2018-11-21T10:53:37","modified_gmt":"2018-11-21T15:53:37","slug":"romain-sylvain19031928","status":"publish","type":"event","link":"https:\/\/nouveau.maisonmallet.com\/back05_01\/?event=romain-sylvain19031928","title":{"rendered":"ROMAIN, Sylvain"},"content":{"rendered":"<p>1928-2018<\/p>\n<p>ROMAIN, Sylvain<\/p>\n<p>&nbsp;<\/p>\n<p>\u00c0 Sept-\u00celes (maison \u00c9lyme des Sables), le 16 septembre 2018, est d\u00e9c\u00e9d\u00e9 \u00e0 l\u2019\u00e2ge de 90 ans, monsieur Sylvain Romain \u00e9poux de feue Madeleine Taro et domicili\u00e9 \u00e0 Sept-\u00celes.<\/p>\n<p>Les fun\u00e9railles de monsieur Sylvain Romain auront lieu le lundi 8 octobre 2018 \u00e0 10 h en l\u2019\u00e9glise St-C\u0153ur de Marie situ\u00e9e au 175, rue de l\u2019\u00e9glise \u00e0 Clarke-City.<\/p>\n<p>Selon ses volont\u00e9s, il a \u00e9t\u00e9 confi\u00e9 au cr\u00e9matorium de la maison Mallet &amp; fils pour cr\u00e9mation.<\/p>\n<p>La famille re\u00e7oit parents et amis le lundi 8 octobre 2018 jour des fun\u00e9railles \u00e0 compter de 9 h 30 \u00e0 l\u2019\u00c9glise St-C\u0153ur de Marie de Clarke-City.<\/p>\n<p>Il laisse dans le deuil sa fille Yveline (Sylvain Demassieux), son petit-fils Martin (Virginie Provost), sa petite-fille Marie-Julie (Michael Gauthier), ses arri\u00e8re-petits-fils\u00a0: Logan, Louis-Alexandre, Antoine et Laurent, son arri\u00e8re-petite-fille \u00c9lise ainsi que F\u00e9lix Bonnin, sa s\u0153ur Genevi\u00e8ve, sa ni\u00e8ce Annick Romain, ses filleules\u00a0: Yvonne et Isabelle, ses belles-s\u0153urs\u00a0: Marie, Annick (Humphrey Humphreys) et \u00c9liane, ses neveux, ses ni\u00e8ces, ses cousins, ses cousines et de nombreux ami(e)s.<\/p>\n<p>Vos marques de sympathie peuvent se traduire par un don \u00e0 La fondation r\u00e9gionale h\u00f4pital Sept-\u00celes\u00a0<a href=\"http:\/\/www.fondationsept-iles.qc.ca\/\">www.fondationsept-iles.qc.ca<\/a>\u00a0, \u00e0 l\u2019\u00c9lyme des sables\u00a0<a href=\"http:\/\/www.elymedessables.com\/\">www.elymedessables.com<\/a>\u00a0, ou \u00e0 la soci\u00e9t\u00e9 Alzheimer Cote-Nord\u00a0<a href=\"http:\/\/www.alzheimerquebec.ca\/\">www.alzheimerquebec.ca<\/a><\/p>\n<p>La famille a confi\u00e9 la direction des fun\u00e9railles aux services professionnels de la Maison Mallet &amp; fils du 585 boul. Laure \u00e0 Sept-\u00celes, maintenant reconnue Distinction et membre de la Corporation des Thanatologues du Qu\u00e9bec.<\/p>\n<p>Vous pouvez consulter cet avis de d\u00e9c\u00e8s sur le\u00a0<a href=\"https:\/\/nouveau.maisonmallet.com\/back05_01\/\">www.maisonmallet.com<\/a><\/p>\n<p><strong>Ceux et celles qui le d\u00e9sirent,\u00a0 peuvent y envoyer des messages de sympathie.<\/strong><\/p>\n<p>&nbsp;<\/p>\n<hr \/>\n<p>Envoyer vos condol\u00e9ances<\/p>\n<p>[contact-form to=\u00a0\u00bbmarc@maisonmallet.com\u00a0\u00bb subject=\u00a0\u00bbCondol\u00e9ances\u00a0\u00bb][contact-field label=\u00a0\u00bbVotre nom\u00a0\u00bb type=\u00a0\u00bbname\u00a0\u00bb required=\u00a0\u00bb1&Prime;][contact-field label=\u00a0\u00bbVotre courriel\u00a0\u00bb type=\u00a0\u00bbemail\u00a0\u00bb required=\u00a0\u00bb1&Prime;][contact-field label=\u00a0\u00bbCondol\u00e9ances\u00a0\u00bb type=\u00a0\u00bbtextarea\u00a0\u00bb][\/contact-form]<\/p>\n","protected":false},"featured_media":26,"template":"","event_cat":[6],"class_list":["post-2057","event","type-event","status-publish","has-post-thumbnail","hentry","event_cat-maison-mallet-et-fils-inc"],"_links":{"self":[{"href":"https:\/\/nouveau.maisonmallet.com\/back05_01\/index.php?rest_route=\/wp\/v2\/event\/2057","targetHints":{"allow":["GET"]}}],"collection":[{"href":"https:\/\/nouveau.maisonmallet.com\/back05_01\/index.php?rest_route=\/wp\/v2\/event"}],"about":[{"href":"https:\/\/nouveau.maisonmallet.com\/back05_01\/index.php?rest_route=\/wp\/v2\/types\/event"}],"wp:featuredmedia":[{"embeddable":true,"href":"https:\/\/nouveau.maisonmallet.com\/back05_01\/index.php?rest_route=\/wp\/v2\/media\/26"}],"wp:attachment":[{"href":"https:\/\/nouveau.maisonmallet.com\/back05_01\/index.php?rest_route=%2Fwp%2Fv2%2Fmedia&parent=2057"}],"wp:term":[{"taxonomy":"event_cat","embeddable":true,"href":"https:\/\/nouveau.maisonmallet.com\/back05_01\/index.php?rest_route=%2Fwp%2Fv2%2Fevent_cat&post=2057"}],"curies":[{"name":"wp","href":"https:\/\/api.w.org\/{rel}","templated":true}]}}

<p>1928-2018</p>
<p>ROMAIN, Sylvain</p>
<p>&nbsp;</p>
<p>À Sept-Îles (maison Élyme des Sables), le 16 septembre 2018, est décédé à l’âge de 90 ans, monsieur Sylvain Romain époux de feue Madeleine Taro et domicilié à Sept-Îles.</p>
<p>Les funérailles de monsieur Sylvain Romain auront lieu le lundi 8 octobre 2018 à 10 h en l’église St-Cœur de Marie située au 175, rue de l’église à Clarke-City.</p>
<p>Selon ses volontés, il a été confié au crématorium de la maison Mallet &amp; fils pour crémation.</p>
<p>La famille reçoit parents et amis le lundi 8 octobre 2018 jour des funérailles à compter de 9 h 30 à l’Église St-Cœur de Marie de Clarke-City.</p>
<p>Il laisse dans le deuil sa fille Yveline (Sylvain Demassieux), son petit-fils Martin (Virginie Provost), sa petite-fille Marie-Julie (Michael Gauthier), ses arrière-petits-fils : Logan, Louis-Alexandre, Antoine et Laurent, son arrière-petite-fille Élise ainsi que Félix Bonnin, sa sœur Geneviève, sa nièce Annick Romain, ses filleules : Yvonne et Isabelle, ses belles-sœurs : Marie, Annick (Humphrey Humphreys) et Éliane, ses neveux, ses nièces, ses cousins, ses cousines et de nombreux ami(e)s.</p>
<p>Vos marques de sympathie peuvent se traduire par un don à La fondation régionale hôpital Sept-Îles <a href="http://www.fondationsept-iles.qc.ca/">www.fondationsept-iles.qc.ca</a> , à l’Élyme des sables <a href="http://www.elymedessables.com/">www.elymedessables.com</a> , ou à la société Alzheimer Cote-Nord <a href="http://www.alzheimerquebec.ca/">www.alzheimerquebec.ca</a></p>
<p>La famille a confié la direction des funérailles aux services professionnels de la Maison Mallet &amp; fils du 585 boul. Laure à Sept-Îles, maintenant reconnue Distinction et membre de la Corporation des Thanatologues du Québec.</p>
<p>Vous pouvez consulter cet avis de décès sur le <a href="https://nouveau.maisonmallet.com/back05_01/">www.maisonmallet.com</a></p>
<p><strong>Ceux et celles qui le désirent,  peuvent y envoyer des messages de sympathie.</strong></p>
<p>&nbsp;</p>
<hr />
<p>Envoyer vos condoléances</p>
<p>[contact-form to= »marc@maisonmallet.com » subject= »Condoléances »][contact-field label= »Votre nom » type= »name » required= »1&Prime;][contact-field label= »Votre courriel » type= »email » required= »1&Prime;][contact-field label= »Condoléances » type= »textarea »][/contact-form]</p>
