{"id":20601,"date":"2021-04-16T14:55:27","date_gmt":"2021-04-16T18:55:27","guid":{"rendered":"https:\/\/nouveau.maisonmallet.com\/?post_type=event&#038;p=20601"},"modified":"2021-07-07T09:33:14","modified_gmt":"2021-07-07T13:33:14","slug":"st_laurent-raymond","status":"publish","type":"event","link":"https:\/\/nouveau.maisonmallet.com\/back05_01\/?event=st_laurent-raymond","title":{"rendered":"ST-LAURENT, Raymond"},"content":{"rendered":"<p>1940 &#8211; 2021<\/p>\n<p>ST-LAURENT, Raymond<\/p>\n<p>&nbsp;<\/p>\n<p>&nbsp;<\/p>\n<p>\u00c0 Sept-\u00celes (maison \u00c9lyme des sables), le 16 avril 2021, est d\u00e9c\u00e9d\u00e9 \u00e0 l\u2019\u00e2ge de 81 ans, monsieur Raymond St-Laurent \u00e9poux de madame Ginette Couillard et domicili\u00e9 \u00e0 Sept-\u00celes.<\/p>\n<p>Selon ses volont\u00e9s, il a \u00e9t\u00e9 confi\u00e9 au cr\u00e9matorium de la maison Mallet &amp; fils pour cr\u00e9mation.<\/p>\n<p><strong><u>\u00c9tant donn\u00e9e la situation de crise entourant le COVID-19 et par souci de se conformer aux recommandations gouvernementales en mati\u00e8re de rassemblements int\u00e9rieurs et des mesures d\u2019hygi\u00e8ne strictes pour les visiteurs, les rituels fun\u00e9raires de monsieur Raymond St-Laurent auront lieu dans la plus stricte intimit\u00e9 et sur invitation seulement.<\/u><\/strong><\/p>\n<p>Une c\u00e9r\u00e9monie aura lieu dans son village natal de St-Anaclet \u00e0 une date ult\u00e9rieure et l`inhumation au cimeti\u00e8re de l`endroit.<\/p>\n<p>Il laisse dans le deuil outre son \u00e9pouse madame Ginette Couillard, ses fils : Robert et Guillaume (Sarah-Jeanne Morency), sa fille Josianne (Jimmy Jean), son petit-fils Alexis, ses fr\u00e8res : Jean-Louis (No\u00eblla Blanchette) et Napol\u00e9on (feue Yvette Labrie), ses s\u0153urs : Ad\u00e9lia (feu Marcel Pelletier), Gis\u00e8le (Jacques Carrier), Huguette et Louiselle (Hermel St-Amand), son beau-fr\u00e8re Gilles (Christiane Morneau) ainsi que ses belles-s\u0153urs : Rita (feu Louis Henry), Lucille et Dolores (feu Marien Dufour), ses neveux, ses ni\u00e8ces, et ses ami(e)s.<\/p>\n<p>Vos marques de sympathie peuvent se traduire par un don \u00e0 l\u2019\u00c9lyme des sables <a href=\"http:\/\/www.elymedessables.com\">www.elymedessables.com<\/a><\/p>\n<p>La famille a confi\u00e9 la direction des fun\u00e9railles aux services professionnels de la Maison Mallet &amp; fils du 585 boul. Laure \u00e0 Sept-\u00celes, maintenant reconnue Distinction et membre de la Corporation des Thanatologues du Qu\u00e9bec.<\/p>\n<p>Vous pouvez consulter cet avis de d\u00e9c\u00e8s sur le <a href=\"https:\/\/nouveau.maisonmallet.com\/back05_01\">www.maisonmallet.com<\/a><\/p>\n<p>Ceux et celles qui le d\u00e9sirent, peuvent y envoyer des messages de sympathies.<\/p>\n<p>&nbsp;<\/p>\n<hr \/>\n<p>Envoyer vos condol\u00e9ances<\/p>\n<p>[contact-form to=\u00a0\u00bbjosian_85@hotmail.com\u00a0\u00bb subject=\u00a0\u00bbCondol\u00e9ances Raymond St-Laurent\u00a0\u00bb][contact-field label=\u00a0\u00bbVotre nom\u00a0\u00bb type=\u00a0\u00bbname\u00a0\u00bb required=\u00a0\u00bb1&Prime;][contact-field label=\u00a0\u00bbVotre courriel\u00a0\u00bb type=\u00a0\u00bbemail\u00a0\u00bb required=\u00a0\u00bb1&Prime;][contact-field label=\u00a0\u00bbCondol\u00e9ances\u00a0\u00bb type=\u00a0\u00bbtextarea\u00a0\u00bb][\/contact-form]<\/p>\n","protected":false},"featured_media":20604,"template":"","event_cat":[6],"class_list":["post-20601","event","type-event","status-publish","has-post-thumbnail","hentry","event_cat-maison-mallet-et-fils-inc"],"_links":{"self":[{"href":"https:\/\/nouveau.maisonmallet.com\/back05_01\/index.php?rest_route=\/wp\/v2\/event\/20601","targetHints":{"allow":["GET"]}}],"collection":[{"href":"https:\/\/nouveau.maisonmallet.com\/back05_01\/index.php?rest_route=\/wp\/v2\/event"}],"about":[{"href":"https:\/\/nouveau.maisonmallet.com\/back05_01\/index.php?rest_route=\/wp\/v2\/types\/event"}],"wp:featuredmedia":[{"embeddable":true,"href":"https:\/\/nouveau.maisonmallet.com\/back05_01\/index.php?rest_route=\/wp\/v2\/media\/20604"}],"wp:attachment":[{"href":"https:\/\/nouveau.maisonmallet.com\/back05_01\/index.php?rest_route=%2Fwp%2Fv2%2Fmedia&parent=20601"}],"wp:term":[{"taxonomy":"event_cat","embeddable":true,"href":"https:\/\/nouveau.maisonmallet.com\/back05_01\/index.php?rest_route=%2Fwp%2Fv2%2Fevent_cat&post=20601"}],"curies":[{"name":"wp","href":"https:\/\/api.w.org\/{rel}","templated":true}]}}

<p>1940 &#8211; 2021</p>
<p>ST-LAURENT, Raymond</p>
<p>&nbsp;</p>
<p>&nbsp;</p>
<p>À Sept-Îles (maison Élyme des sables), le 16 avril 2021, est décédé à l’âge de 81 ans, monsieur Raymond St-Laurent époux de madame Ginette Couillard et domicilié à Sept-Îles.</p>
<p>Selon ses volontés, il a été confié au crématorium de la maison Mallet &amp; fils pour crémation.</p>
<p><strong><u>Étant donnée la situation de crise entourant le COVID-19 et par souci de se conformer aux recommandations gouvernementales en matière de rassemblements intérieurs et des mesures d’hygiène strictes pour les visiteurs, les rituels funéraires de monsieur Raymond St-Laurent auront lieu dans la plus stricte intimité et sur invitation seulement.</u></strong></p>
<p>Une cérémonie aura lieu dans son village natal de St-Anaclet à une date ultérieure et l`inhumation au cimetière de l`endroit.</p>
<p>Il laisse dans le deuil outre son épouse madame Ginette Couillard, ses fils : Robert et Guillaume (Sarah-Jeanne Morency), sa fille Josianne (Jimmy Jean), son petit-fils Alexis, ses frères : Jean-Louis (Noëlla Blanchette) et Napoléon (feue Yvette Labrie), ses sœurs : Adélia (feu Marcel Pelletier), Gisèle (Jacques Carrier), Huguette et Louiselle (Hermel St-Amand), son beau-frère Gilles (Christiane Morneau) ainsi que ses belles-sœurs : Rita (feu Louis Henry), Lucille et Dolores (feu Marien Dufour), ses neveux, ses nièces, et ses ami(e)s.</p>
<p>Vos marques de sympathie peuvent se traduire par un don à l’Élyme des sables <a href="http://www.elymedessables.com">www.elymedessables.com</a></p>
<p>La famille a confié la direction des funérailles aux services professionnels de la Maison Mallet &amp; fils du 585 boul. Laure à Sept-Îles, maintenant reconnue Distinction et membre de la Corporation des Thanatologues du Québec.</p>
<p>Vous pouvez consulter cet avis de décès sur le <a href="https://nouveau.maisonmallet.com/back05_01">www.maisonmallet.com</a></p>
<p>Ceux et celles qui le désirent, peuvent y envoyer des messages de sympathies.</p>
<p>&nbsp;</p>
<hr />
<p>Envoyer vos condoléances</p>
<p>[contact-form to= »josian_85@hotmail.com » subject= »Condoléances Raymond St-Laurent »][contact-field label= »Votre nom » type= »name » required= »1&Prime;][contact-field label= »Votre courriel » type= »email » required= »1&Prime;][contact-field label= »Condoléances » type= »textarea »][/contact-form]</p>
