{"id":20611,"date":"2021-04-15T16:16:43","date_gmt":"2021-04-15T20:16:43","guid":{"rendered":"https:\/\/nouveau.maisonmallet.com\/?post_type=event&#038;p=20611"},"modified":"2021-07-07T09:34:08","modified_gmt":"2021-07-07T13:34:08","slug":"joseph-laurette","status":"publish","type":"event","link":"https:\/\/nouveau.maisonmallet.com\/back05_01\/?event=joseph-laurette","title":{"rendered":"JOSEPH, Laurette (Thibault)"},"content":{"rendered":"<p>1927 \u2013 2021<\/p>\n<p>JOSEPH, Laurette<\/p>\n<p>&nbsp;<\/p>\n<p>\u00c0 Sept-\u00celes (residence Gustave Gauvreau), le 15 avril 2021, est d\u00e9c\u00e9d\u00e9e \u00e0 l\u2019\u00e2ge de 94 ans, madame Laurette Joseph \u00e9pouse de feu Roger Thibault et domicili\u00e9e \u00e0 Sept-\u00celes.<\/p>\n<p>Selon ses volont\u00e9s, elle a \u00e9t\u00e9 confi\u00e9e au cr\u00e9matorium de la Maison Mallet &amp; fils pour cr\u00e9mation.<\/p>\n<p><strong><u>\u00c9tant donn\u00e9e la situation de crise entourant le COVID-19 et par souci de se conformer aux recommandations gouvernementales en mati\u00e8re de rassemblements int\u00e9rieurs et des mesures d\u2019hygi\u00e8ne strictes pour les visiteurs, les rituels fun\u00e9raires de madame Laurette Joseph Thibault auront lieu dans la plus stricte intimit\u00e9 et sur invitation seulement <\/u><\/strong><\/p>\n<p>Elle laisse dans le deuil ses enfants\u00a0: Suzanne (Bertrand Boudreault), Guy (Denise loisel), H\u00e9l\u00e8ne (Jean-Marie Henry), Dominique (Daniel Lagac\u00e9), ses petits-enfants\u00a0: Marie-\u00c8ve (Marc-Alain Richard), Jo\u00e8 (Sonia Dub\u00e9), Jeffrey (Val\u00e9rie Thibault), Maxime (Marie-No\u00ebl Di Pasquo) et Simon (M\u00e9lissa Boulanger), ses arri\u00e8re-petits-enfants\u00a0: L\u00e9ane, Rose, Ma\u00e9va et Sophia ainsi que son fr\u00e8re, ses s\u0153urs, ses beaux-fr\u00e8res, ses belles-s\u0153urs, ses neveux, ses ni\u00e8ces, ses cousins, ses cousines et de nombreux ami(e)s.<\/p>\n<p>Elle \u00e9tait la m\u00e8re de feue Danielle et Louise.<\/p>\n<p>Vos marques de sympathie peuvent se traduire par un don \u00e0 l\u2019\u00c9lyme des sables <a href=\"http:\/\/www.elymedessables.com\">www.elymedessables.com<\/a><\/p>\n<p>La famille a confi\u00e9 les arrangements aux services professionnels de la Maison Mallet &amp; fils du 585 Boul. Laure \u00e0 Sept-\u00celes, maintenant reconnue Distinction et membre de la Corporation des Thanatologues du Qu\u00e9bec.<\/p>\n<p>Vous pouvez consulter cet avis de d\u00e9c\u00e8s sur le\u00a0: <a href=\"https:\/\/nouveau.maisonmallet.com\/back05_01\">www.maisonmallet.com<\/a><\/p>\n<p>Ceux et celles qui le d\u00e9sirent, peuvent y envoyer des messages de sympathie.<\/p>\n<p>&nbsp;<\/p>\n<hr \/>\n<p>Envoyer vos condol\u00e9ances<\/p>\n<p>[contact-form to=\u00a0\u00bbguy.tibo@icloud.com\u00a0\u00bb subject=\u00a0\u00bbCondol\u00e9ances Laurette Joseph\u00a0\u00bb][contact-field label=\u00a0\u00bbVotre nom\u00a0\u00bb type=\u00a0\u00bbname\u00a0\u00bb required=\u00a0\u00bb1&Prime;][contact-field label=\u00a0\u00bbVotre courriel\u00a0\u00bb type=\u00a0\u00bbemail\u00a0\u00bb required=\u00a0\u00bb1&Prime;][contact-field label=\u00a0\u00bbCondol\u00e9ances\u00a0\u00bb type=\u00a0\u00bbtextarea\u00a0\u00bb][\/contact-form]<\/p>\n","protected":false},"featured_media":20614,"template":"","event_cat":[6],"class_list":["post-20611","event","type-event","status-publish","has-post-thumbnail","hentry","event_cat-maison-mallet-et-fils-inc"],"_links":{"self":[{"href":"https:\/\/nouveau.maisonmallet.com\/back05_01\/index.php?rest_route=\/wp\/v2\/event\/20611","targetHints":{"allow":["GET"]}}],"collection":[{"href":"https:\/\/nouveau.maisonmallet.com\/back05_01\/index.php?rest_route=\/wp\/v2\/event"}],"about":[{"href":"https:\/\/nouveau.maisonmallet.com\/back05_01\/index.php?rest_route=\/wp\/v2\/types\/event"}],"wp:featuredmedia":[{"embeddable":true,"href":"https:\/\/nouveau.maisonmallet.com\/back05_01\/index.php?rest_route=\/wp\/v2\/media\/20614"}],"wp:attachment":[{"href":"https:\/\/nouveau.maisonmallet.com\/back05_01\/index.php?rest_route=%2Fwp%2Fv2%2Fmedia&parent=20611"}],"wp:term":[{"taxonomy":"event_cat","embeddable":true,"href":"https:\/\/nouveau.maisonmallet.com\/back05_01\/index.php?rest_route=%2Fwp%2Fv2%2Fevent_cat&post=20611"}],"curies":[{"name":"wp","href":"https:\/\/api.w.org\/{rel}","templated":true}]}}

<p>1927 – 2021</p>
<p>JOSEPH, Laurette</p>
<p>&nbsp;</p>
<p>À Sept-Îles (residence Gustave Gauvreau), le 15 avril 2021, est décédée à l’âge de 94 ans, madame Laurette Joseph épouse de feu Roger Thibault et domiciliée à Sept-Îles.</p>
<p>Selon ses volontés, elle a été confiée au crématorium de la Maison Mallet &amp; fils pour crémation.</p>
<p><strong><u>Étant donnée la situation de crise entourant le COVID-19 et par souci de se conformer aux recommandations gouvernementales en matière de rassemblements intérieurs et des mesures d’hygiène strictes pour les visiteurs, les rituels funéraires de madame Laurette Joseph Thibault auront lieu dans la plus stricte intimité et sur invitation seulement </u></strong></p>
<p>Elle laisse dans le deuil ses enfants : Suzanne (Bertrand Boudreault), Guy (Denise loisel), Hélène (Jean-Marie Henry), Dominique (Daniel Lagacé), ses petits-enfants : Marie-Ève (Marc-Alain Richard), Joè (Sonia Dubé), Jeffrey (Valérie Thibault), Maxime (Marie-Noël Di Pasquo) et Simon (Mélissa Boulanger), ses arrière-petits-enfants : Léane, Rose, Maéva et Sophia ainsi que son frère, ses sœurs, ses beaux-frères, ses belles-sœurs, ses neveux, ses nièces, ses cousins, ses cousines et de nombreux ami(e)s.</p>
<p>Elle était la mère de feue Danielle et Louise.</p>
<p>Vos marques de sympathie peuvent se traduire par un don à l’Élyme des sables <a href="http://www.elymedessables.com">www.elymedessables.com</a></p>
<p>La famille a confié les arrangements aux services professionnels de la Maison Mallet &amp; fils du 585 Boul. Laure à Sept-Îles, maintenant reconnue Distinction et membre de la Corporation des Thanatologues du Québec.</p>
<p>Vous pouvez consulter cet avis de décès sur le : <a href="https://nouveau.maisonmallet.com/back05_01">www.maisonmallet.com</a></p>
<p>Ceux et celles qui le désirent, peuvent y envoyer des messages de sympathie.</p>
<p>&nbsp;</p>
<hr />
<p>Envoyer vos condoléances</p>
<p>[contact-form to= »guy.tibo@icloud.com » subject= »Condoléances Laurette Joseph »][contact-field label= »Votre nom » type= »name » required= »1&Prime;][contact-field label= »Votre courriel » type= »email » required= »1&Prime;][contact-field label= »Condoléances » type= »textarea »][/contact-form]</p>
