{"id":20646,"date":"2021-04-21T07:05:56","date_gmt":"2021-04-21T11:05:56","guid":{"rendered":"https:\/\/nouveau.maisonmallet.com\/?post_type=event&#038;p=20646"},"modified":"2021-08-30T20:18:57","modified_gmt":"2021-08-31T00:18:57","slug":"boudreau-michel","status":"publish","type":"event","link":"https:\/\/nouveau.maisonmallet.com\/back05_01\/?event=boudreau-michel","title":{"rendered":"BOUDREAU, Michel"},"content":{"rendered":"<p>&nbsp;<\/p>\n<p>1950-2021<\/p>\n<p>BOUDREAU, Michel<\/p>\n<p>\u00c0 Havre-Saint-Pierre, le 21 avril 2021, est d\u00e9c\u00e9d\u00e9 \u00e0 l\u2019\u00e2ge de 70 ans et 5 mois, monsieur Michel Boudreau \u00e9poux de madame Linda Cyr et domicili\u00e9 \u00e0 Havre-Saint-Pierre.<\/p>\n<p>Les fun\u00e9railles de monsieur Michel Boudreau aura lieu le mercredi 14 juillet 2021 \u00e0 14 h en l\u2019\u00c9glise Saint-Pierre de Havre-Saint-Pierre et de l\u00e0 au cimeti\u00e8re de l\u2019endroit.<\/p>\n<p><strong><u>\u00c9tant donn\u00e9 la situation de crise entourant la COVID-19 et par souci de se conformer aux recommandations gouvernementales en mati\u00e8re de rassemblements int\u00e9rieurs et des mesures strictes d\u2019hygi\u00e8ne vous pouvez assister aux fun\u00e9railles seulement sur invitation \u00e0 l\u2019\u00c9glise Saint-Pierre. Un maximum de 250 personnes.<\/u><\/strong><\/p>\n<p>Selon ses volont\u00e9s, il a \u00e9t\u00e9 confi\u00e9 au cr\u00e9matorium de la Maison L.J.G. Mallet pour cr\u00e9mation.<\/p>\n<p>La famille re\u00e7oit parents et amis le mercredi 14 juillet 2021 \u00e0 compter de 13 h \u00e0 l\u2019\u00c9glise Saint-Pierre de Havre-Saint-Pierre.<\/p>\n<p><strong>D\u00fb aux circonstances reli\u00e9es \u00e0 la pand\u00e9mie, vous pouvez venir pr\u00e9senter vos condol\u00e9ances en respectant la distanciation sociale et le port du masque sera obligatoire.<\/strong><\/p>\n<p>Il laisse dans le deuil outre son \u00e9pouse madame Linda Cyr, ses fr\u00e8res : Claude (Ga\u00e9tane No\u00ebl), \u00c9tienne (Daniel Robin), Pascal (Sonia Loiselle), Nelson (Dolores Cormier) et Albani (Nadia Bourassa), ses s\u0153urs : Blaise (Robert Hounsell) et Clarisse (Alain B\u00e9dard), ses filleul(e)s : Julie, Catherine, Jessica, S\u00e9bastien et leur conjoint, ses beaux-fr\u00e8res, ses belles-s\u0153urs, ses neveux, ses ni\u00e8ces et ainsi que nombreux ami(e)s.<\/p>\n<p>Vos marques de sympathie peuvent se traduire par un don \u00e0 la Fondation du centre de sant\u00e9 de la Minganie.<\/p>\n<p>La famille a confi\u00e9 la direction des fun\u00e9railles aux services professionnels de la Maison L.J.G. Mallet du 1429, rue du Canot \u00e0 Havre-Saint-Pierre, maintenant reconnue Distinction et membre de la Corporation des Thanatologues du Qu\u00e9bec.<\/p>\n<p>Vous pouvez consulter cet avis de d\u00e9c\u00e8s sur le <a href=\"https:\/\/nouveau.maisonmallet.com\/back05_01\">www.maisonmallet.com<\/a><\/p>\n<p>Ceux et celles qui le d\u00e9sirent, peuvent y envoyer des messages de sympathie.<\/p>\n<p>&nbsp;<\/p>\n<hr \/>\n<p>Envoyer vos condol\u00e9ances<\/p>\n<p>[contact-form to=\u00a0\u00bblindacyr55@hotmail.com\u00a0\u00bb subject=\u00a0\u00bbCondol\u00e9ances Michel Boudreau\u00a0\u00bb][contact-field label=\u00a0\u00bbVotre nom\u00a0\u00bb type=\u00a0\u00bbname\u00a0\u00bb required=\u00a0\u00bb1&Prime;][contact-field label=\u00a0\u00bbVotre courriel\u00a0\u00bb type=\u00a0\u00bbemail\u00a0\u00bb required=\u00a0\u00bb1&Prime;][contact-field label=\u00a0\u00bbCondol\u00e9ances\u00a0\u00bb type=\u00a0\u00bbtextarea\u00a0\u00bb][\/contact-form]<\/p>\n","protected":false},"featured_media":20682,"template":"","event_cat":[7],"class_list":["post-20646","event","type-event","status-publish","has-post-thumbnail","hentry","event_cat-maison-l-j-g-mallet-inc"],"_links":{"self":[{"href":"https:\/\/nouveau.maisonmallet.com\/back05_01\/index.php?rest_route=\/wp\/v2\/event\/20646","targetHints":{"allow":["GET"]}}],"collection":[{"href":"https:\/\/nouveau.maisonmallet.com\/back05_01\/index.php?rest_route=\/wp\/v2\/event"}],"about":[{"href":"https:\/\/nouveau.maisonmallet.com\/back05_01\/index.php?rest_route=\/wp\/v2\/types\/event"}],"wp:featuredmedia":[{"embeddable":true,"href":"https:\/\/nouveau.maisonmallet.com\/back05_01\/index.php?rest_route=\/wp\/v2\/media\/20682"}],"wp:attachment":[{"href":"https:\/\/nouveau.maisonmallet.com\/back05_01\/index.php?rest_route=%2Fwp%2Fv2%2Fmedia&parent=20646"}],"wp:term":[{"taxonomy":"event_cat","embeddable":true,"href":"https:\/\/nouveau.maisonmallet.com\/back05_01\/index.php?rest_route=%2Fwp%2Fv2%2Fevent_cat&post=20646"}],"curies":[{"name":"wp","href":"https:\/\/api.w.org\/{rel}","templated":true}]}}

<p>&nbsp;</p>
<p>1950-2021</p>
<p>BOUDREAU, Michel</p>
<p>À Havre-Saint-Pierre, le 21 avril 2021, est décédé à l’âge de 70 ans et 5 mois, monsieur Michel Boudreau époux de madame Linda Cyr et domicilié à Havre-Saint-Pierre.</p>
<p>Les funérailles de monsieur Michel Boudreau aura lieu le mercredi 14 juillet 2021 à 14 h en l’Église Saint-Pierre de Havre-Saint-Pierre et de là au cimetière de l’endroit.</p>
<p><strong><u>Étant donné la situation de crise entourant la COVID-19 et par souci de se conformer aux recommandations gouvernementales en matière de rassemblements intérieurs et des mesures strictes d’hygiène vous pouvez assister aux funérailles seulement sur invitation à l’Église Saint-Pierre. Un maximum de 250 personnes.</u></strong></p>
<p>Selon ses volontés, il a été confié au crématorium de la Maison L.J.G. Mallet pour crémation.</p>
<p>La famille reçoit parents et amis le mercredi 14 juillet 2021 à compter de 13 h à l’Église Saint-Pierre de Havre-Saint-Pierre.</p>
<p><strong>Dû aux circonstances reliées à la pandémie, vous pouvez venir présenter vos condoléances en respectant la distanciation sociale et le port du masque sera obligatoire.</strong></p>
<p>Il laisse dans le deuil outre son épouse madame Linda Cyr, ses frères : Claude (Gaétane Noël), Étienne (Daniel Robin), Pascal (Sonia Loiselle), Nelson (Dolores Cormier) et Albani (Nadia Bourassa), ses sœurs : Blaise (Robert Hounsell) et Clarisse (Alain Bédard), ses filleul(e)s : Julie, Catherine, Jessica, Sébastien et leur conjoint, ses beaux-frères, ses belles-sœurs, ses neveux, ses nièces et ainsi que nombreux ami(e)s.</p>
<p>Vos marques de sympathie peuvent se traduire par un don à la Fondation du centre de santé de la Minganie.</p>
<p>La famille a confié la direction des funérailles aux services professionnels de la Maison L.J.G. Mallet du 1429, rue du Canot à Havre-Saint-Pierre, maintenant reconnue Distinction et membre de la Corporation des Thanatologues du Québec.</p>
<p>Vous pouvez consulter cet avis de décès sur le <a href="https://nouveau.maisonmallet.com/back05_01">www.maisonmallet.com</a></p>
<p>Ceux et celles qui le désirent, peuvent y envoyer des messages de sympathie.</p>
<p>&nbsp;</p>
<hr />
<p>Envoyer vos condoléances</p>
<p>[contact-form to= »lindacyr55@hotmail.com » subject= »Condoléances Michel Boudreau »][contact-field label= »Votre nom » type= »name » required= »1&Prime;][contact-field label= »Votre courriel » type= »email » required= »1&Prime;][contact-field label= »Condoléances » type= »textarea »][/contact-form]</p>
