{"id":20695,"date":"2021-04-13T15:05:27","date_gmt":"2021-04-13T19:05:27","guid":{"rendered":"https:\/\/nouveau.maisonmallet.com\/?post_type=event&#038;p=20695"},"modified":"2021-07-07T09:28:45","modified_gmt":"2021-07-07T13:28:45","slug":"allard-andre","status":"publish","type":"event","link":"https:\/\/nouveau.maisonmallet.com\/back05_01\/?event=allard-andre","title":{"rendered":"ALLARD, Andr\u00e9"},"content":{"rendered":"<p>1941 \u2013 2021<\/p>\n<p>ALLARD, ANDR\u00c9<\/p>\n<p>&nbsp;<\/p>\n<p>Au CHSLD de Saint-Anselme, le 13 avril 2021, \u00e0 l&rsquo;\u00e2ge de 79 ans, est d\u00e9c\u00e9d\u00e9 monsieur Andr\u00e9 Allard, \u00e9poux de feu madame Esther Lepage. Il demeurait autrefois \u00e0 Sept-\u00celes.<\/p>\n<p>Il laisse dans le deuil ses enfants : Katy (\u00c9ric Lapointe) et Christian (Dipa Allard); ses petits-enfants : C\u00e9drick Lapointe (Anne-Sophie Allain), Ioan Vassiliou-Allard (Camille Lanteigne), Ma\u00efna Vassiliou-Allard (Samuel Fournier), Alaena Allard et Alyssa Allard; ses fr\u00e8res et s\u0153urs : Andr\u00e9a (Rodrigue Piquette), Gilles (Mariette Genest), Roger (Henriette Doucet) et Monique (Louis Guimond); ses beaux-fr\u00e8res et belles-s\u0153urs de la famille Lepage : feu Val\u00e9rie (feu G\u00e9rard Couture), Yves, feu Gervais (feu Antonia Bouchard), Normand, feu Val\u00e8re, feu Nicole, Mich\u00e8le (G\u00e9rald Diotte), feu Bruno (Madeleine), Marc (Huguette Gauthier), Jean-Denis (Monique Boudreault), Sylvie (Raymond Vaillancourt), Dominique (Fernand Tremblay) et Louis (Claudine Gagn\u00e9); ainsi que plusieurs neveux, ni\u00e8ces, autres parents et ami(e)s.<\/p>\n<p>Sinc\u00e8res remerciements au personnel soignant du CHSLD de Saint-Anselme pour tous les bons soins prodigu\u00e9s.<\/p>\n<p>Vos t\u00e9moignages de sympathie peuvent se traduire par un don \u00e0 la Soci\u00e9t\u00e9 Alzheimer Chaudi\u00e8re-Appalaches (<a href=\"https:\/\/www.alzheimerchap.qc.ca\/pages\/dons-in-memoriam\">https:\/\/www.alzheimerchap.qc.ca\/pages\/dons-in-memoriam<\/a>).<\/p>\n<p><strong>\u00c9tant donn\u00e9 la situation qui pr\u00e9vaut et les mesures de pr\u00e9vention prises, dues \u00e0 la pand\u00e9mie, la date et l&rsquo;heure de la c\u00e9r\u00e9monie restent \u00e0 d\u00e9terminer et seront annonc\u00e9es ult\u00e9rieurement.<\/strong><\/p>\n<p>Pour renseignements :<\/p>\n<p><strong>Groupe Garneau Thanatologue<\/strong><br \/>\n418-839-8823<br \/>\nwww.groupegarneau.com<br \/>\nMembre de la Corporation des Thanatologues du Qu\u00e9bec<\/p>\n<p>&nbsp;<\/p>\n<hr \/>\n<p>Envoyer vos condol\u00e9ances<\/p>\n<p>[contact-form to=\u00a0\u00bbkitkat27@live.ca\u00a0\u00bb subject=\u00a0\u00bbCondol\u00e9ances Andr\u00e9 Allard\u00a0\u00bb][contact-field label=\u00a0\u00bbVotre nom\u00a0\u00bb type=\u00a0\u00bbname\u00a0\u00bb required=\u00a0\u00bb1&Prime;][contact-field label=\u00a0\u00bbVotre courriel\u00a0\u00bb type=\u00a0\u00bbemail\u00a0\u00bb required=\u00a0\u00bb1&Prime;][contact-field label=\u00a0\u00bbCondol\u00e9ances\u00a0\u00bb type=\u00a0\u00bbtextarea\u00a0\u00bb][\/contact-form]<\/p>\n","protected":false},"featured_media":20787,"template":"","event_cat":[6],"class_list":["post-20695","event","type-event","status-publish","has-post-thumbnail","hentry","event_cat-maison-mallet-et-fils-inc"],"_links":{"self":[{"href":"https:\/\/nouveau.maisonmallet.com\/back05_01\/index.php?rest_route=\/wp\/v2\/event\/20695","targetHints":{"allow":["GET"]}}],"collection":[{"href":"https:\/\/nouveau.maisonmallet.com\/back05_01\/index.php?rest_route=\/wp\/v2\/event"}],"about":[{"href":"https:\/\/nouveau.maisonmallet.com\/back05_01\/index.php?rest_route=\/wp\/v2\/types\/event"}],"wp:featuredmedia":[{"embeddable":true,"href":"https:\/\/nouveau.maisonmallet.com\/back05_01\/index.php?rest_route=\/wp\/v2\/media\/20787"}],"wp:attachment":[{"href":"https:\/\/nouveau.maisonmallet.com\/back05_01\/index.php?rest_route=%2Fwp%2Fv2%2Fmedia&parent=20695"}],"wp:term":[{"taxonomy":"event_cat","embeddable":true,"href":"https:\/\/nouveau.maisonmallet.com\/back05_01\/index.php?rest_route=%2Fwp%2Fv2%2Fevent_cat&post=20695"}],"curies":[{"name":"wp","href":"https:\/\/api.w.org\/{rel}","templated":true}]}}

ALLARD, André

<p>1941 – 2021</p>
<p>ALLARD, ANDRÉ</p>
<p>&nbsp;</p>
<p>Au CHSLD de Saint-Anselme, le 13 avril 2021, à l&rsquo;âge de 79 ans, est décédé monsieur André Allard, époux de feu madame Esther Lepage. Il demeurait autrefois à Sept-Îles.</p>
<p>Il laisse dans le deuil ses enfants : Katy (Éric Lapointe) et Christian (Dipa Allard); ses petits-enfants : Cédrick Lapointe (Anne-Sophie Allain), Ioan Vassiliou-Allard (Camille Lanteigne), Maïna Vassiliou-Allard (Samuel Fournier), Alaena Allard et Alyssa Allard; ses frères et sœurs : Andréa (Rodrigue Piquette), Gilles (Mariette Genest), Roger (Henriette Doucet) et Monique (Louis Guimond); ses beaux-frères et belles-sœurs de la famille Lepage : feu Valérie (feu Gérard Couture), Yves, feu Gervais (feu Antonia Bouchard), Normand, feu Valère, feu Nicole, Michèle (Gérald Diotte), feu Bruno (Madeleine), Marc (Huguette Gauthier), Jean-Denis (Monique Boudreault), Sylvie (Raymond Vaillancourt), Dominique (Fernand Tremblay) et Louis (Claudine Gagné); ainsi que plusieurs neveux, nièces, autres parents et ami(e)s.</p>
<p>Sincères remerciements au personnel soignant du CHSLD de Saint-Anselme pour tous les bons soins prodigués.</p>
<p>Vos témoignages de sympathie peuvent se traduire par un don à la Société Alzheimer Chaudière-Appalaches (<a href="https://www.alzheimerchap.qc.ca/pages/dons-in-memoriam">https://www.alzheimerchap.qc.ca/pages/dons-in-memoriam</a>).</p>
<p><strong>Étant donné la situation qui prévaut et les mesures de prévention prises, dues à la pandémie, la date et l&rsquo;heure de la cérémonie restent à déterminer et seront annoncées ultérieurement.</strong></p>
<p>Pour renseignements :</p>
<p><strong>Groupe Garneau Thanatologue</strong><br />
418-839-8823<br />
www.groupegarneau.com<br />
Membre de la Corporation des Thanatologues du Québec</p>
<p>&nbsp;</p>
<hr />
<p>Envoyer vos condoléances</p>
<p>[contact-form to= »kitkat27@live.ca » subject= »Condoléances André Allard »][contact-field label= »Votre nom » type= »name » required= »1&Prime;][contact-field label= »Votre courriel » type= »email » required= »1&Prime;][contact-field label= »Condoléances » type= »textarea »][/contact-form]</p>
