{"id":2086,"date":"2018-10-24T20:09:00","date_gmt":"2018-10-25T00:09:00","guid":{"rendered":"http:\/\/207.253.81.73\/?post_type=event&#038;p=2086"},"modified":"2018-12-01T21:47:13","modified_gmt":"2018-12-02T02:47:13","slug":"richard-armand27101957","status":"publish","type":"event","link":"https:\/\/nouveau.maisonmallet.com\/back05_01\/?event=richard-armand27101957","title":{"rendered":"RICHARD, Armand"},"content":{"rendered":"<p>1957-2018<\/p>\n<p>RICHARD,\u00a0Armand<\/p>\n<p>&nbsp;<\/p>\n<p>\u00c0 Havre-Saint-Pierre, le 24 octobre 2018, est d\u00e9c\u00e9d\u00e9 \u00e0 l\u2019\u00e2ge de 60 ans et 11 mois, monsieur Armand Richard fils de feu Rom\u00e9o Richard et de feue Patricia Arseneault domicili\u00e9 \u00e0 Havre-Saint-Pierre.<\/p>\n<p>Les fun\u00e9railles de monsieur Armand Richard auront lieu le samedi 3 novembre 2018 \u00e0 11 h en l\u2019\u00c9glise Saint-Pierre de Havre-Saint-Pierre.<\/p>\n<p>Selon ses volont\u00e9s, il a \u00e9t\u00e9 confi\u00e9 au cr\u00e9matorium de la Maison L.J.G. Mallet pour cr\u00e9mation.<\/p>\n<p>La famille re\u00e7oit parents et amis le vendredi 2 novembre 2018 de 19 h \u00e0 22 h. Le samedi 3 novembre 2018 jour des fun\u00e9railles \u00e0 compter de 10 h au salon de la Maison L.J.G. Mallet du 1429, rue du Canot \u00e0 Havre-Saint-Pierre.<\/p>\n<p>Il laisse dans le deuil ses s\u0153urs\u00a0: Yolande (Antoine Lavoie), Ren\u00e9e (G\u00e9rard Cyr) et Anna, son fr\u00e8re Patrice (Paquerette Landry) ainsi que\u00a0ses neveux\u00a0: Richard et Mathieu, ses ni\u00e8ces\u00a0: Marie-Claude et\u00a0 Claudiane et\u00a0de nombreux ami(e)s.<\/p>\n<p>Vos marques de sympathie peuvent se traduire par un don \u00e0 la fondation du centre de sant\u00e9 de la Minganie, du 1035, Promenade des Anciens Havre-Saint-Pierre, 1-418-538-2212.<\/p>\n<p>La famille a confi\u00e9 la direction des fun\u00e9railles aux services professionnels de la Maison L.J.G. Mallet du 1429, rue du Canot \u00e0 Havre-Saint-Pierre, maintenant reconnue Distinction et membre de la Corporation des Thanatologues du Qu\u00e9bec.<\/p>\n<p>Vous pouvez consulter cet avis de d\u00e9c\u00e8s, sur le\u00a0<a href=\"https:\/\/nouveau.maisonmallet.com\/back05_01\/\">www.maisonmallet.com<\/a><\/p>\n<p>Ceux et celles qui le d\u00e9sirent, peuvent y envoyer des messages de sympathie.<\/p>\n<p>&nbsp;<\/p>\n<p>&nbsp;<\/p>\n<hr \/>\n<p>Envoyer vos condol\u00e9ances<\/p>\n<p>[contact-form to=\u00a0\u00bbmarc@maisonmallet.com\u00a0\u00bb subject=\u00a0\u00bbCondol\u00e9ances\u00a0\u00bb][contact-field label=\u00a0\u00bbVotre nom\u00a0\u00bb type=\u00a0\u00bbname\u00a0\u00bb required=\u00a0\u00bb1&Prime;][contact-field label=\u00a0\u00bbVotre courriel\u00a0\u00bb type=\u00a0\u00bbemail\u00a0\u00bb required=\u00a0\u00bb1&Prime;][contact-field label=\u00a0\u00bbCondol\u00e9ances\u00a0\u00bb type=\u00a0\u00bbtextarea\u00a0\u00bb][\/contact-form]<\/p>\n","protected":false},"featured_media":2098,"template":"","event_cat":[7],"class_list":["post-2086","event","type-event","status-publish","has-post-thumbnail","hentry","event_cat-maison-l-j-g-mallet-inc"],"_links":{"self":[{"href":"https:\/\/nouveau.maisonmallet.com\/back05_01\/index.php?rest_route=\/wp\/v2\/event\/2086","targetHints":{"allow":["GET"]}}],"collection":[{"href":"https:\/\/nouveau.maisonmallet.com\/back05_01\/index.php?rest_route=\/wp\/v2\/event"}],"about":[{"href":"https:\/\/nouveau.maisonmallet.com\/back05_01\/index.php?rest_route=\/wp\/v2\/types\/event"}],"wp:featuredmedia":[{"embeddable":true,"href":"https:\/\/nouveau.maisonmallet.com\/back05_01\/index.php?rest_route=\/wp\/v2\/media\/2098"}],"wp:attachment":[{"href":"https:\/\/nouveau.maisonmallet.com\/back05_01\/index.php?rest_route=%2Fwp%2Fv2%2Fmedia&parent=2086"}],"wp:term":[{"taxonomy":"event_cat","embeddable":true,"href":"https:\/\/nouveau.maisonmallet.com\/back05_01\/index.php?rest_route=%2Fwp%2Fv2%2Fevent_cat&post=2086"}],"curies":[{"name":"wp","href":"https:\/\/api.w.org\/{rel}","templated":true}]}}

<p>1957-2018</p>
<p>RICHARD, Armand</p>
<p>&nbsp;</p>
<p>À Havre-Saint-Pierre, le 24 octobre 2018, est décédé à l’âge de 60 ans et 11 mois, monsieur Armand Richard fils de feu Roméo Richard et de feue Patricia Arseneault domicilié à Havre-Saint-Pierre.</p>
<p>Les funérailles de monsieur Armand Richard auront lieu le samedi 3 novembre 2018 à 11 h en l’Église Saint-Pierre de Havre-Saint-Pierre.</p>
<p>Selon ses volontés, il a été confié au crématorium de la Maison L.J.G. Mallet pour crémation.</p>
<p>La famille reçoit parents et amis le vendredi 2 novembre 2018 de 19 h à 22 h. Le samedi 3 novembre 2018 jour des funérailles à compter de 10 h au salon de la Maison L.J.G. Mallet du 1429, rue du Canot à Havre-Saint-Pierre.</p>
<p>Il laisse dans le deuil ses sœurs : Yolande (Antoine Lavoie), Renée (Gérard Cyr) et Anna, son frère Patrice (Paquerette Landry) ainsi que ses neveux : Richard et Mathieu, ses nièces : Marie-Claude et  Claudiane et de nombreux ami(e)s.</p>
<p>Vos marques de sympathie peuvent se traduire par un don à la fondation du centre de santé de la Minganie, du 1035, Promenade des Anciens Havre-Saint-Pierre, 1-418-538-2212.</p>
<p>La famille a confié la direction des funérailles aux services professionnels de la Maison L.J.G. Mallet du 1429, rue du Canot à Havre-Saint-Pierre, maintenant reconnue Distinction et membre de la Corporation des Thanatologues du Québec.</p>
<p>Vous pouvez consulter cet avis de décès, sur le <a href="https://nouveau.maisonmallet.com/back05_01/">www.maisonmallet.com</a></p>
<p>Ceux et celles qui le désirent, peuvent y envoyer des messages de sympathie.</p>
<p>&nbsp;</p>
<p>&nbsp;</p>
<hr />
<p>Envoyer vos condoléances</p>
<p>[contact-form to= »marc@maisonmallet.com » subject= »Condoléances »][contact-field label= »Votre nom » type= »name » required= »1&Prime;][contact-field label= »Votre courriel » type= »email » required= »1&Prime;][contact-field label= »Condoléances » type= »textarea »][/contact-form]</p>
