{"id":2104,"date":"2018-09-05T21:58:48","date_gmt":"2018-09-06T01:58:48","guid":{"rendered":"http:\/\/207.253.81.73\/?post_type=event&#038;p=2104"},"modified":"2018-12-01T22:03:58","modified_gmt":"2018-12-02T03:03:58","slug":"boudreau-vezina17031932","status":"publish","type":"event","link":"https:\/\/nouveau.maisonmallet.com\/back05_01\/?event=boudreau-vezina17031932","title":{"rendered":"BOUDREAU, V\u00e9zina"},"content":{"rendered":"<p>1932-2018<\/p>\n<p>Boudreau V\u00e9zina<\/p>\n<p>&nbsp;<\/p>\n<p>\u00c0 Havre-Saint-Pierre, le 5 septembre 2018, est d\u00e9c\u00e9d\u00e9 \u00e0 l\u2019\u00e2ge de 86 ans et 5 mois, monsieur V\u00e9zina Boudreau \u00e9poux de feue Augustine Lapierre et domicili\u00e9 \u00e0 Havre-Saint-Pierre.<\/p>\n<p>Les fun\u00e9railles de monsieur V\u00e9zina Boudreau auront lieu le mardi 11 septembre 2018 \u00e0 14 h en l\u2019\u00c9glise Saint-Pierre de Havre-Saint-Pierre.<\/p>\n<p>Selon ses volont\u00e9s, il a \u00e9t\u00e9 confi\u00e9 au cr\u00e9matorium de la Maison L.J.G. Mallet pour cr\u00e9mation.<\/p>\n<p>La famille re\u00e7oit parents et amis le lundi 10 septembre 2018 de 19 h \u00e0 22 h. Le mardi 11 septembre 2018 jour des fun\u00e9railles \u00e0 compter de 13 h au salon de la Maison L.J.G. Mallet du 1429, rue du Canot \u00e0 Havre-Saint-Pierre.<\/p>\n<p>Il laisse dans le deuil ses enfants\u00a0: Rose-H\u00e9l\u00e8ne (Jean-Pierre Richard), Denis (Marie Devost), ses petits-enfants\u00a0: Annie (Alain Misson), Monica (Benoit Devost), Karyna (Yannick Roussy), ses arri\u00e8re-petits-enfants\u00a0: Dylan, Thalie, Olivia, son fr\u00e8re, ses s\u0153urs, son beau-fr\u00e8re, ses neveux, ses ni\u00e8ces et de nombreux amis.<\/p>\n<p>Vos marques de sympathie peuvent se traduire par un don \u00e0 la fondation du centre de sant\u00e9 de la Minganie, du 1035, Promenade des Anciens Havre-Saint-Pierre, 1-418-538-2212.<\/p>\n<p>La famille a confi\u00e9 la direction des fun\u00e9railles aux services professionnels de la Maison L.J.G. Mallet du 1429, rue du Canot \u00e0 Havre-Saint-Pierre, maintenant reconnue Distinction et membre de la Corporation des Thanatologues du Qu\u00e9bec.<\/p>\n<p>Vous pouvez consulter cet avis de d\u00e9c\u00e8s, sur le\u00a0<a href=\"https:\/\/nouveau.maisonmallet.com\/back05_01\/\">www.maisonmallet.com<\/a><\/p>\n<p>Ceux et celles qui le d\u00e9sirent, peuvent y envoyer des messages de sympathie.<\/p>\n<p>&nbsp;<\/p>\n<p>&nbsp;<\/p>\n<hr \/>\n<p>Envoyer vos condol\u00e9ances<\/p>\n<p>[contact-form to=\u00a0\u00bbmarc@maisonmallet.com\u00a0\u00bb subject=\u00a0\u00bbCondol\u00e9ances\u00a0\u00bb][contact-field label=\u00a0\u00bbVotre nom\u00a0\u00bb type=\u00a0\u00bbname\u00a0\u00bb required=\u00a0\u00bb1&Prime;][contact-field label=\u00a0\u00bbVotre courriel\u00a0\u00bb type=\u00a0\u00bbemail\u00a0\u00bb required=\u00a0\u00bb1&Prime;][contact-field label=\u00a0\u00bbCondol\u00e9ances\u00a0\u00bb type=\u00a0\u00bbtextarea\u00a0\u00bb][\/contact-form]<\/p>\n","protected":false},"featured_media":2105,"template":"","event_cat":[7],"class_list":["post-2104","event","type-event","status-publish","has-post-thumbnail","hentry","event_cat-maison-l-j-g-mallet-inc"],"_links":{"self":[{"href":"https:\/\/nouveau.maisonmallet.com\/back05_01\/index.php?rest_route=\/wp\/v2\/event\/2104","targetHints":{"allow":["GET"]}}],"collection":[{"href":"https:\/\/nouveau.maisonmallet.com\/back05_01\/index.php?rest_route=\/wp\/v2\/event"}],"about":[{"href":"https:\/\/nouveau.maisonmallet.com\/back05_01\/index.php?rest_route=\/wp\/v2\/types\/event"}],"wp:featuredmedia":[{"embeddable":true,"href":"https:\/\/nouveau.maisonmallet.com\/back05_01\/index.php?rest_route=\/wp\/v2\/media\/2105"}],"wp:attachment":[{"href":"https:\/\/nouveau.maisonmallet.com\/back05_01\/index.php?rest_route=%2Fwp%2Fv2%2Fmedia&parent=2104"}],"wp:term":[{"taxonomy":"event_cat","embeddable":true,"href":"https:\/\/nouveau.maisonmallet.com\/back05_01\/index.php?rest_route=%2Fwp%2Fv2%2Fevent_cat&post=2104"}],"curies":[{"name":"wp","href":"https:\/\/api.w.org\/{rel}","templated":true}]}}

BOUDREAU, Vézina

<p>1932-2018</p>
<p>Boudreau Vézina</p>
<p>&nbsp;</p>
<p>À Havre-Saint-Pierre, le 5 septembre 2018, est décédé à l’âge de 86 ans et 5 mois, monsieur Vézina Boudreau époux de feue Augustine Lapierre et domicilié à Havre-Saint-Pierre.</p>
<p>Les funérailles de monsieur Vézina Boudreau auront lieu le mardi 11 septembre 2018 à 14 h en l’Église Saint-Pierre de Havre-Saint-Pierre.</p>
<p>Selon ses volontés, il a été confié au crématorium de la Maison L.J.G. Mallet pour crémation.</p>
<p>La famille reçoit parents et amis le lundi 10 septembre 2018 de 19 h à 22 h. Le mardi 11 septembre 2018 jour des funérailles à compter de 13 h au salon de la Maison L.J.G. Mallet du 1429, rue du Canot à Havre-Saint-Pierre.</p>
<p>Il laisse dans le deuil ses enfants : Rose-Hélène (Jean-Pierre Richard), Denis (Marie Devost), ses petits-enfants : Annie (Alain Misson), Monica (Benoit Devost), Karyna (Yannick Roussy), ses arrière-petits-enfants : Dylan, Thalie, Olivia, son frère, ses sœurs, son beau-frère, ses neveux, ses nièces et de nombreux amis.</p>
<p>Vos marques de sympathie peuvent se traduire par un don à la fondation du centre de santé de la Minganie, du 1035, Promenade des Anciens Havre-Saint-Pierre, 1-418-538-2212.</p>
<p>La famille a confié la direction des funérailles aux services professionnels de la Maison L.J.G. Mallet du 1429, rue du Canot à Havre-Saint-Pierre, maintenant reconnue Distinction et membre de la Corporation des Thanatologues du Québec.</p>
<p>Vous pouvez consulter cet avis de décès, sur le <a href="https://nouveau.maisonmallet.com/back05_01/">www.maisonmallet.com</a></p>
<p>Ceux et celles qui le désirent, peuvent y envoyer des messages de sympathie.</p>
<p>&nbsp;</p>
<p>&nbsp;</p>
<hr />
<p>Envoyer vos condoléances</p>
<p>[contact-form to= »marc@maisonmallet.com » subject= »Condoléances »][contact-field label= »Votre nom » type= »name » required= »1&Prime;][contact-field label= »Votre courriel » type= »email » required= »1&Prime;][contact-field label= »Condoléances » type= »textarea »][/contact-form]</p>
