{"id":2110,"date":"2018-11-29T15:41:16","date_gmt":"2018-11-29T20:41:16","guid":{"rendered":"http:\/\/207.253.81.73\/?post_type=event&#038;p=2110"},"modified":"2019-04-29T14:28:30","modified_gmt":"2019-04-29T18:28:30","slug":"beaudin-henri31011945","status":"publish","type":"event","link":"https:\/\/nouveau.maisonmallet.com\/back05_01\/?event=beaudin-henri31011945","title":{"rendered":"BEAUDIN, Henri"},"content":{"rendered":"<p>1945-2018<\/p>\n<p>BEAUDIN, Henri<\/p>\n<p>&nbsp;<\/p>\n<p>\u00c0 Sept-\u00celes, le 29 novembre 2018, est d\u00e9c\u00e9d\u00e9 \u00e0 l\u2019\u00e2ge de 73 ans, monsieur Henri Beaudin \u00e9poux de feue Murielle Paquet conjoint de feue Marie Bourassa domicili\u00e9 \u00e0 Sept-\u00celes autre fois de Pointe aux Anglais.<\/p>\n<p>Les fun\u00e9railles de monsieur Henri Beaudin auront lieu le jeudi 13 d\u00e9cembre 2018 \u00e0 11 h en l\u2019\u00e9glise Sainte Trinit\u00e9 de Baie-Trinit\u00e9 et de l\u00e0 au cimeti\u00e8re de Baie-Trinit\u00e9.<\/p>\n<p>Selon ses volont\u00e9s, il a \u00e9t\u00e9 confi\u00e9 au cr\u00e9matorium de la Maison Mallet &amp; fils pour cr\u00e9mation.<\/p>\n<p>La famille re\u00e7oit parents et amis le jeudi 13 d\u00e9cembre 2018 jour des fun\u00e9railles \u00e0 compter de 10 h \u00e0 l`\u00e9glise Sainte-Trinit\u00e9 de Baie-Trinit\u00e9.<\/p>\n<p>Il laisse dans le deuil son fils Dave, ses petits-fils\u00a0: Randy et Riko, sa petite-fille Sasha ainsi que ses s\u0153urs\u00a0: Dalvina, Lucille et R\u00e9gine, ses beaux-fr\u00e8res, ses belles-s\u0153urs, ses neveux, ses ni\u00e8ces, ses cousins, ses cousines et de nombreux ami(e)s.<\/p>\n<p>La famille a confi\u00e9 la direction des fun\u00e9railles aux services professionnels de la Maison Mallet &amp; fils du 585, Boul. Laure, \u00e0 Sept-\u00celes, maintenant reconnue Distinction et membre de la Corporation des Thanatologues du Qu\u00e9bec.<\/p>\n<p>vous pouvez consulter cet avis de d\u00e9c\u00e8s, sur le www.maisonmallet.com<\/p>\n<p>Ceux et celle qui le d\u00e9sirent, peuvent y envoyer des messages de sympathie.<\/p>\n<p>&nbsp;<\/p>\n<p>&nbsp;<\/p>\n<hr \/>\n<p>Envoyer vos condol\u00e9ances<\/p>\n<p>[contact-form to=\u00a0\u00bbmarc@maisonmallet.com\u00a0\u00bb subject=\u00a0\u00bbCondol\u00e9ances\u00a0\u00bb][contact-field label=\u00a0\u00bbVotre nom\u00a0\u00bb type=\u00a0\u00bbname\u00a0\u00bb required=\u00a0\u00bb1&Prime;][contact-field label=\u00a0\u00bbVotre courriel\u00a0\u00bb type=\u00a0\u00bbemail\u00a0\u00bb required=\u00a0\u00bb1&Prime;][contact-field label=\u00a0\u00bbCondol\u00e9ances\u00a0\u00bb type=\u00a0\u00bbtextarea\u00a0\u00bb][\/contact-form]<\/p>\n","protected":false},"featured_media":2285,"template":"","event_cat":[6],"class_list":["post-2110","event","type-event","status-publish","has-post-thumbnail","hentry","event_cat-maison-mallet-et-fils-inc"],"_links":{"self":[{"href":"https:\/\/nouveau.maisonmallet.com\/back05_01\/index.php?rest_route=\/wp\/v2\/event\/2110","targetHints":{"allow":["GET"]}}],"collection":[{"href":"https:\/\/nouveau.maisonmallet.com\/back05_01\/index.php?rest_route=\/wp\/v2\/event"}],"about":[{"href":"https:\/\/nouveau.maisonmallet.com\/back05_01\/index.php?rest_route=\/wp\/v2\/types\/event"}],"wp:featuredmedia":[{"embeddable":true,"href":"https:\/\/nouveau.maisonmallet.com\/back05_01\/index.php?rest_route=\/wp\/v2\/media\/2285"}],"wp:attachment":[{"href":"https:\/\/nouveau.maisonmallet.com\/back05_01\/index.php?rest_route=%2Fwp%2Fv2%2Fmedia&parent=2110"}],"wp:term":[{"taxonomy":"event_cat","embeddable":true,"href":"https:\/\/nouveau.maisonmallet.com\/back05_01\/index.php?rest_route=%2Fwp%2Fv2%2Fevent_cat&post=2110"}],"curies":[{"name":"wp","href":"https:\/\/api.w.org\/{rel}","templated":true}]}}

<p>1945-2018</p>
<p>BEAUDIN, Henri</p>
<p>&nbsp;</p>
<p>À Sept-Îles, le 29 novembre 2018, est décédé à l’âge de 73 ans, monsieur Henri Beaudin époux de feue Murielle Paquet conjoint de feue Marie Bourassa domicilié à Sept-Îles autre fois de Pointe aux Anglais.</p>
<p>Les funérailles de monsieur Henri Beaudin auront lieu le jeudi 13 décembre 2018 à 11 h en l’église Sainte Trinité de Baie-Trinité et de là au cimetière de Baie-Trinité.</p>
<p>Selon ses volontés, il a été confié au crématorium de la Maison Mallet &amp; fils pour crémation.</p>
<p>La famille reçoit parents et amis le jeudi 13 décembre 2018 jour des funérailles à compter de 10 h à l`église Sainte-Trinité de Baie-Trinité.</p>
<p>Il laisse dans le deuil son fils Dave, ses petits-fils : Randy et Riko, sa petite-fille Sasha ainsi que ses sœurs : Dalvina, Lucille et Régine, ses beaux-frères, ses belles-sœurs, ses neveux, ses nièces, ses cousins, ses cousines et de nombreux ami(e)s.</p>
<p>La famille a confié la direction des funérailles aux services professionnels de la Maison Mallet &amp; fils du 585, Boul. Laure, à Sept-Îles, maintenant reconnue Distinction et membre de la Corporation des Thanatologues du Québec.</p>
<p>vous pouvez consulter cet avis de décès, sur le www.maisonmallet.com</p>
<p>Ceux et celle qui le désirent, peuvent y envoyer des messages de sympathie.</p>
<p>&nbsp;</p>
<p>&nbsp;</p>
<hr />
<p>Envoyer vos condoléances</p>
<p>[contact-form to= »marc@maisonmallet.com » subject= »Condoléances »][contact-field label= »Votre nom » type= »name » required= »1&Prime;][contact-field label= »Votre courriel » type= »email » required= »1&Prime;][contact-field label= »Condoléances » type= »textarea »][/contact-form]</p>
