{"id":2111,"date":"2018-08-23T09:22:16","date_gmt":"2018-08-23T13:22:16","guid":{"rendered":"http:\/\/207.253.81.73\/?post_type=event&#038;p=2111"},"modified":"2019-05-01T10:23:01","modified_gmt":"2019-05-01T14:23:01","slug":"tobie-catherine090937","status":"publish","type":"event","link":"https:\/\/nouveau.maisonmallet.com\/back05_01\/?event=tobie-catherine090937","title":{"rendered":"TOBIE, Catherine"},"content":{"rendered":"<p>1937-2018<\/p>\n<p>TOBIE Catherine<\/p>\n<p><strong>\u00a0<\/strong>\u00c0 Havre-Saint-Pierre, le 23 ao\u00fbt 2018, est d\u00e9c\u00e9d\u00e9e \u00e0 l\u2019\u00e2ge de 80 ans et 11 mois, madame Catherine Tobie \u00e9pouse de monsieur Paul Wapistan et domicili\u00e9e \u00e0 Pointe-Parent.<\/p>\n<p>Les fun\u00e9railles de madame Catherine Tobie auront lieu le lundi 27 ao\u00fbt 2018 \u00e0 11 h en l\u2019\u00c9glise Notre-Dame-des-Indiens de Pointe-Parent et l\u2019inhumation au cimeti\u00e8re de l\u2019endroit.<\/p>\n<p>La famille re\u00e7oit parents et amis le samedi 25 ao\u00fbt 2018 de 19 h \u00e0 22 h, dimanche 26 ao\u00fbt 2081 de 13 h \u00e0 16 h, de 19 h \u00e0 22 h. Le lundi 27 ao\u00fbt 2018 jour des fun\u00e9railles \u00e0 compter de 9 h au 75, rue Maskush \u00e0 Pointe-Parent.<\/p>\n<p>Elle laisse dans le deuil outre son \u00e9poux monsieur Paul Wapistan, ses enfants\u00a0: Jeanne d\u2019Arc (R\u00e9mi Ishpatao), Pauline (Gilbert Bellefleur), Rita (Marcel Ishpatao), Raoul Wapistan, Louisa (Denis Mestokosho), Jeannette (Jean Mestokosho), Jean-Yves (France Ishpatao), Paul-\u00c9mile (Marie-Claude), Am\u00e9lia (Bernard Kaltush), Vincent Wapistan, Alice (R\u00e9mi Lalo), ses soixante et un petits-enfants, ses soixante et sept arri\u00e8re-petits-enfants, un arri\u00e8re arri\u00e8re petits-enfants, ses beaux-fr\u00e8res, ses neveux, ses ni\u00e8ces, cousins, cousines, et ainsi que de nombreux ami(e)<\/p>\n<p>La famille a confi\u00e9 la direction des fun\u00e9railles aux services professionnels de la Maison L.J.G. Mallet du 1429, rue du Canot \u00e0 Havre-Saint-Pierre, maintenant reconnue Distinction et membre de la Corporation des Thanatologues du Qu\u00e9bec.<\/p>\n<p>Vous pouvez consulter cet avis de d\u00e9c\u00e8s, sur le <a href=\"https:\/\/nouveau.maisonmallet.com\/back05_01\/\">www.maisonmallet.com<\/a><\/p>\n<p>Ceux et celles qui le d\u00e9sirent, peuvent y envoyer des messages de sympathie.<\/p>\n<p>&nbsp;<\/p>\n<p>&nbsp;<\/p>\n<hr \/>\n<p>Envoyer vos condol\u00e9ances<\/p>\n<p>[contact-form to=\u00a0\u00bbmarc@maisonmallet.com\u00a0\u00bb subject=\u00a0\u00bbCondol\u00e9ances\u00a0\u00bb][contact-field label=\u00a0\u00bbVotre nom\u00a0\u00bb type=\u00a0\u00bbname\u00a0\u00bb required=\u00a0\u00bb1&Prime;][contact-field label=\u00a0\u00bbVotre courriel\u00a0\u00bb type=\u00a0\u00bbemail\u00a0\u00bb required=\u00a0\u00bb1&Prime;][contact-field label=\u00a0\u00bbCondol\u00e9ances\u00a0\u00bb type=\u00a0\u00bbtextarea\u00a0\u00bb][\/contact-form]<\/p>\n","protected":false},"featured_media":2301,"template":"","event_cat":[7],"class_list":["post-2111","event","type-event","status-publish","has-post-thumbnail","hentry","event_cat-maison-l-j-g-mallet-inc"],"_links":{"self":[{"href":"https:\/\/nouveau.maisonmallet.com\/back05_01\/index.php?rest_route=\/wp\/v2\/event\/2111","targetHints":{"allow":["GET"]}}],"collection":[{"href":"https:\/\/nouveau.maisonmallet.com\/back05_01\/index.php?rest_route=\/wp\/v2\/event"}],"about":[{"href":"https:\/\/nouveau.maisonmallet.com\/back05_01\/index.php?rest_route=\/wp\/v2\/types\/event"}],"wp:featuredmedia":[{"embeddable":true,"href":"https:\/\/nouveau.maisonmallet.com\/back05_01\/index.php?rest_route=\/wp\/v2\/media\/2301"}],"wp:attachment":[{"href":"https:\/\/nouveau.maisonmallet.com\/back05_01\/index.php?rest_route=%2Fwp%2Fv2%2Fmedia&parent=2111"}],"wp:term":[{"taxonomy":"event_cat","embeddable":true,"href":"https:\/\/nouveau.maisonmallet.com\/back05_01\/index.php?rest_route=%2Fwp%2Fv2%2Fevent_cat&post=2111"}],"curies":[{"name":"wp","href":"https:\/\/api.w.org\/{rel}","templated":true}]}}

<p>1937-2018</p>
<p>TOBIE Catherine</p>
<p><strong> </strong>À Havre-Saint-Pierre, le 23 août 2018, est décédée à l’âge de 80 ans et 11 mois, madame Catherine Tobie épouse de monsieur Paul Wapistan et domiciliée à Pointe-Parent.</p>
<p>Les funérailles de madame Catherine Tobie auront lieu le lundi 27 août 2018 à 11 h en l’Église Notre-Dame-des-Indiens de Pointe-Parent et l’inhumation au cimetière de l’endroit.</p>
<p>La famille reçoit parents et amis le samedi 25 août 2018 de 19 h à 22 h, dimanche 26 août 2081 de 13 h à 16 h, de 19 h à 22 h. Le lundi 27 août 2018 jour des funérailles à compter de 9 h au 75, rue Maskush à Pointe-Parent.</p>
<p>Elle laisse dans le deuil outre son époux monsieur Paul Wapistan, ses enfants : Jeanne d’Arc (Rémi Ishpatao), Pauline (Gilbert Bellefleur), Rita (Marcel Ishpatao), Raoul Wapistan, Louisa (Denis Mestokosho), Jeannette (Jean Mestokosho), Jean-Yves (France Ishpatao), Paul-Émile (Marie-Claude), Amélia (Bernard Kaltush), Vincent Wapistan, Alice (Rémi Lalo), ses soixante et un petits-enfants, ses soixante et sept arrière-petits-enfants, un arrière arrière petits-enfants, ses beaux-frères, ses neveux, ses nièces, cousins, cousines, et ainsi que de nombreux ami(e)</p>
<p>La famille a confié la direction des funérailles aux services professionnels de la Maison L.J.G. Mallet du 1429, rue du Canot à Havre-Saint-Pierre, maintenant reconnue Distinction et membre de la Corporation des Thanatologues du Québec.</p>
<p>Vous pouvez consulter cet avis de décès, sur le <a href="https://nouveau.maisonmallet.com/back05_01/">www.maisonmallet.com</a></p>
<p>Ceux et celles qui le désirent, peuvent y envoyer des messages de sympathie.</p>
<p>&nbsp;</p>
<p>&nbsp;</p>
<hr />
<p>Envoyer vos condoléances</p>
<p>[contact-form to= »marc@maisonmallet.com » subject= »Condoléances »][contact-field label= »Votre nom » type= »name » required= »1&Prime;][contact-field label= »Votre courriel » type= »email » required= »1&Prime;][contact-field label= »Condoléances » type= »textarea »][/contact-form]</p>
