{"id":2112,"date":"2018-08-18T09:38:22","date_gmt":"2018-08-18T13:38:22","guid":{"rendered":"http:\/\/207.253.81.73\/?post_type=event&#038;p=2112"},"modified":"2019-04-30T15:29:36","modified_gmt":"2019-04-30T19:29:36","slug":"cyr-doris220831","status":"publish","type":"event","link":"https:\/\/nouveau.maisonmallet.com\/back05_01\/?event=cyr-doris220831","title":{"rendered":"CYR, Doris (Boudreau)"},"content":{"rendered":"<p>1931-2018<\/p>\n<p>CYR, Doris (Boudreau)<\/p>\n<p>&nbsp;<\/p>\n<p>\u00c0\u00a0Havre-Saint-Pierre, le 18 ao\u00fbt 2018, est d\u00e9c\u00e9d\u00e9e \u00e0 l\u2019\u00e2ge de 87 ans, madame Doris Cyr Boudreau \u00e9poux de feu Johan Boudreau et domicili\u00e9e \u00e0 Havre-saint-Pierre.<\/p>\n<p>Les fun\u00e9railles de madame Doris Cyr Boudreau auront lieu le mardi 21 ao\u00fbt 2018 \u00e0 14 h en l\u2019\u00c9glise Saint-Pierre de Havre-Saint-Pierre et l\u2019inhumation au cimeti\u00e8re de l\u2019endroit.<\/p>\n<p>La famille re\u00e7oit parents et amis le lundi 20 ao\u00fbt 2018 de 19 h \u00e0 22 h. Le mardi 21 ao\u00fbt 2018 jour des fun\u00e9railles \u00e0 compter de 13 h au salon de la Maison L.J.G. Mallet au 1429, rue du Canot \u00e0 Havre-Saint-Pierre.<\/p>\n<p>Elle laisse dans le deuil ses enfants\u00a0: Cl\u00e9ment (Nicole Tanguay), Gervais (Mireille Vigneault), Tony (Caroline Viens), Placide (Sonia Richard), ses petits-enfants\u00a0: Maxim, Benjamin, Jean-Philippe, Joannie, Alexandre, Marc-Andr\u00e9, et leur conjoint, ses arri\u00e8re-petits-enfants\u00a0: Edouard, Jade, Emma-Rose, son fr\u00e8re Harold (Clarisse Dupuis), ses s\u0153urs\u00a0: Marie-Laure (Aim\u00e9 Jomphe), Paulette (Roland Labadie), ses neveux, ses ni\u00e8ces, et ainsi que de nombreux ami(e)s.<\/p>\n<p>Vos marques de sympathie peuvent se traduire par un don \u00e0 la fondation des maladies du coeur.<\/p>\n<p>La famille a confi\u00e9 la direction des fun\u00e9railles aux services professionnels de la Maison L.J.G. Mallet du 1429, rue du Canot \u00e0 Havre-Saint-Pierre, maintenant reconnue Distinction et membre de la Corporation des Thanatologues du Qu\u00e9bec.<\/p>\n<p>Vous pouvez consulter cet avis de d\u00e9c\u00e8s, sur le <a href=\"https:\/\/nouveau.maisonmallet.com\/back05_01\/\">www.maisonmallet.com<\/a><\/p>\n<p>Ceux et celles qui le d\u00e9sirent, peuvent y envoyer des messages de sympathie.<\/p>\n<p>&nbsp;<\/p>\n<p>&nbsp;<\/p>\n<hr \/>\n<p>Envoyer vos condol\u00e9ances<\/p>\n<p>[contact-form to=\u00a0\u00bbmarc@maisonmallet.com\u00a0\u00bb subject=\u00a0\u00bbCondol\u00e9ances\u00a0\u00bb][contact-field label=\u00a0\u00bbVotre nom\u00a0\u00bb type=\u00a0\u00bbname\u00a0\u00bb required=\u00a0\u00bb1&Prime;][contact-field label=\u00a0\u00bbVotre courriel\u00a0\u00bb type=\u00a0\u00bbemail\u00a0\u00bb required=\u00a0\u00bb1&Prime;][contact-field label=\u00a0\u00bbCondol\u00e9ances\u00a0\u00bb type=\u00a0\u00bbtextarea\u00a0\u00bb][\/contact-form]<\/p>\n","protected":false},"featured_media":2289,"template":"","event_cat":[7],"class_list":["post-2112","event","type-event","status-publish","has-post-thumbnail","hentry","event_cat-maison-l-j-g-mallet-inc"],"_links":{"self":[{"href":"https:\/\/nouveau.maisonmallet.com\/back05_01\/index.php?rest_route=\/wp\/v2\/event\/2112","targetHints":{"allow":["GET"]}}],"collection":[{"href":"https:\/\/nouveau.maisonmallet.com\/back05_01\/index.php?rest_route=\/wp\/v2\/event"}],"about":[{"href":"https:\/\/nouveau.maisonmallet.com\/back05_01\/index.php?rest_route=\/wp\/v2\/types\/event"}],"wp:featuredmedia":[{"embeddable":true,"href":"https:\/\/nouveau.maisonmallet.com\/back05_01\/index.php?rest_route=\/wp\/v2\/media\/2289"}],"wp:attachment":[{"href":"https:\/\/nouveau.maisonmallet.com\/back05_01\/index.php?rest_route=%2Fwp%2Fv2%2Fmedia&parent=2112"}],"wp:term":[{"taxonomy":"event_cat","embeddable":true,"href":"https:\/\/nouveau.maisonmallet.com\/back05_01\/index.php?rest_route=%2Fwp%2Fv2%2Fevent_cat&post=2112"}],"curies":[{"name":"wp","href":"https:\/\/api.w.org\/{rel}","templated":true}]}}

<p>1931-2018</p>
<p>CYR, Doris (Boudreau)</p>
<p>&nbsp;</p>
<p>À Havre-Saint-Pierre, le 18 août 2018, est décédée à l’âge de 87 ans, madame Doris Cyr Boudreau époux de feu Johan Boudreau et domiciliée à Havre-saint-Pierre.</p>
<p>Les funérailles de madame Doris Cyr Boudreau auront lieu le mardi 21 août 2018 à 14 h en l’Église Saint-Pierre de Havre-Saint-Pierre et l’inhumation au cimetière de l’endroit.</p>
<p>La famille reçoit parents et amis le lundi 20 août 2018 de 19 h à 22 h. Le mardi 21 août 2018 jour des funérailles à compter de 13 h au salon de la Maison L.J.G. Mallet au 1429, rue du Canot à Havre-Saint-Pierre.</p>
<p>Elle laisse dans le deuil ses enfants : Clément (Nicole Tanguay), Gervais (Mireille Vigneault), Tony (Caroline Viens), Placide (Sonia Richard), ses petits-enfants : Maxim, Benjamin, Jean-Philippe, Joannie, Alexandre, Marc-André, et leur conjoint, ses arrière-petits-enfants : Edouard, Jade, Emma-Rose, son frère Harold (Clarisse Dupuis), ses sœurs : Marie-Laure (Aimé Jomphe), Paulette (Roland Labadie), ses neveux, ses nièces, et ainsi que de nombreux ami(e)s.</p>
<p>Vos marques de sympathie peuvent se traduire par un don à la fondation des maladies du coeur.</p>
<p>La famille a confié la direction des funérailles aux services professionnels de la Maison L.J.G. Mallet du 1429, rue du Canot à Havre-Saint-Pierre, maintenant reconnue Distinction et membre de la Corporation des Thanatologues du Québec.</p>
<p>Vous pouvez consulter cet avis de décès, sur le <a href="https://nouveau.maisonmallet.com/back05_01/">www.maisonmallet.com</a></p>
<p>Ceux et celles qui le désirent, peuvent y envoyer des messages de sympathie.</p>
<p>&nbsp;</p>
<p>&nbsp;</p>
<hr />
<p>Envoyer vos condoléances</p>
<p>[contact-form to= »marc@maisonmallet.com » subject= »Condoléances »][contact-field label= »Votre nom » type= »name » required= »1&Prime;][contact-field label= »Votre courriel » type= »email » required= »1&Prime;][contact-field label= »Condoléances » type= »textarea »][/contact-form]</p>
