{"id":21180,"date":"2021-05-14T16:21:30","date_gmt":"2021-05-14T20:21:30","guid":{"rendered":"https:\/\/nouveau.maisonmallet.com\/?post_type=event&#038;p=21180"},"modified":"2021-07-07T09:21:57","modified_gmt":"2021-07-07T13:21:57","slug":"modele-nom-prenom-30","status":"publish","type":"event","link":"https:\/\/nouveau.maisonmallet.com\/back05_01\/?event=modele-nom-prenom-30","title":{"rendered":"LOISELLE, Pierette (Vibert)"},"content":{"rendered":"<p>1945 \u2013 2021<\/p>\n<p>LOISELLE, Pierrette (Vibert)<\/p>\n<p>&nbsp;<\/p>\n<p>\u00c0 Qu\u00e9bec, le 14 mai 2021, est d\u00e9c\u00e9d\u00e9e \u00e0 l\u2019\u00e2ge de 75 ans, madame Pierrette Loiselle \u00e9pouse de feu Augustin Vibert et domicili\u00e9e \u00e0 Longue-Pointe-de-Mingan.<\/p>\n<p>Selon ses volont\u00e9s, elle a \u00e9t\u00e9 confi\u00e9e au cr\u00e9matorium de la Maison L.J.G. Mallet cr\u00e9mation.<\/p>\n<p>Les rituelles fun\u00e9raires de madame Pierrette Loiselle Vibert auront lieu dans la plus stricte intimit\u00e9 et sur invitation seulement.<\/p>\n<p>Elle laisse dans le deuil ses filles\u00a0: Guylaine (Dany Fortin) et Jenny (Cl\u00e9ment Boudreault), ses fils Marc (Kareen H\u00e9bert) et Steeve (Marie Lisa Rail), ses petits-fils\u00a0: Bobby (M\u00e9lanie Pinet), Mathieu (Alexandra Beaudin), Simon, Jean-Christophe et Alex, ses petites-filles\u00a0: Yuricka, Jessica (Edgar Da Silva) et Crystal, ses arri\u00e8re-petits-fils\u00a0: Jayden, Mayson, Jayke et Loan, son ami de c\u0153ur monsieur Henri-Paul Farcy ainsi que ses fr\u00e8res, ses s\u0153urs, ses beaux-fr\u00e8res, ses belles-s\u0153urs, ses neveux, ses ni\u00e8ces, ses cousins, ses cousines et de nombreux ami(e)s.<\/p>\n<p>Vos marques de sympathie peuvent se traduire par un don \u00e0 La fondation r\u00e9gionale h\u00f4pital Sept-\u00celes <a href=\"http:\/\/www.fondationsept-iles.qc.ca\">www.fondationsept-iles.qc.ca<\/a><\/p>\n<p>La famille a confi\u00e9 les arrangements aux services professionnels de la Maison L.J.G. Mallet du 1429, rue du Canot \u00e0 Havre Saint-Pierre, membre de la Corporation des Thanatologues du Qu\u00e9bec.<\/p>\n<p>Vous pouvez consulter cet avis de d\u00e9c\u00e8s sur le\u00a0: <a href=\"https:\/\/nouveau.maisonmallet.com\/back05_01\">www.maisonmallet.com<\/a><\/p>\n<p>Ceux et celles qui le d\u00e9sirent, peuvent y envoyer des messages de sympathie.<\/p>\n<p>&nbsp;<\/p>\n<hr \/>\n<p>Envoyer vos condol\u00e9ances<\/p>\n<p>[contact-form to=\u00a0\u00bbguylaine_vibert@hotmail.com\u00a0\u00bb subject=\u00a0\u00bbCondol\u00e9ances Pierrette Loiselle\u00a0\u00bb][contact-field label=\u00a0\u00bbVotre nom\u00a0\u00bb type=\u00a0\u00bbname\u00a0\u00bb required=\u00a0\u00bb1&Prime;][contact-field label=\u00a0\u00bbVotre courriel\u00a0\u00bb type=\u00a0\u00bbemail\u00a0\u00bb required=\u00a0\u00bb1&Prime;][contact-field label=\u00a0\u00bbCondol\u00e9ances\u00a0\u00bb type=\u00a0\u00bbtextarea\u00a0\u00bb][\/contact-form]<\/p>\n","protected":false},"featured_media":21215,"template":"","event_cat":[7],"class_list":["post-21180","event","type-event","status-publish","has-post-thumbnail","hentry","event_cat-maison-l-j-g-mallet-inc"],"_links":{"self":[{"href":"https:\/\/nouveau.maisonmallet.com\/back05_01\/index.php?rest_route=\/wp\/v2\/event\/21180","targetHints":{"allow":["GET"]}}],"collection":[{"href":"https:\/\/nouveau.maisonmallet.com\/back05_01\/index.php?rest_route=\/wp\/v2\/event"}],"about":[{"href":"https:\/\/nouveau.maisonmallet.com\/back05_01\/index.php?rest_route=\/wp\/v2\/types\/event"}],"wp:featuredmedia":[{"embeddable":true,"href":"https:\/\/nouveau.maisonmallet.com\/back05_01\/index.php?rest_route=\/wp\/v2\/media\/21215"}],"wp:attachment":[{"href":"https:\/\/nouveau.maisonmallet.com\/back05_01\/index.php?rest_route=%2Fwp%2Fv2%2Fmedia&parent=21180"}],"wp:term":[{"taxonomy":"event_cat","embeddable":true,"href":"https:\/\/nouveau.maisonmallet.com\/back05_01\/index.php?rest_route=%2Fwp%2Fv2%2Fevent_cat&post=21180"}],"curies":[{"name":"wp","href":"https:\/\/api.w.org\/{rel}","templated":true}]}}

<p>1945 – 2021</p>
<p>LOISELLE, Pierrette (Vibert)</p>
<p>&nbsp;</p>
<p>À Québec, le 14 mai 2021, est décédée à l’âge de 75 ans, madame Pierrette Loiselle épouse de feu Augustin Vibert et domiciliée à Longue-Pointe-de-Mingan.</p>
<p>Selon ses volontés, elle a été confiée au crématorium de la Maison L.J.G. Mallet crémation.</p>
<p>Les rituelles funéraires de madame Pierrette Loiselle Vibert auront lieu dans la plus stricte intimité et sur invitation seulement.</p>
<p>Elle laisse dans le deuil ses filles : Guylaine (Dany Fortin) et Jenny (Clément Boudreault), ses fils Marc (Kareen Hébert) et Steeve (Marie Lisa Rail), ses petits-fils : Bobby (Mélanie Pinet), Mathieu (Alexandra Beaudin), Simon, Jean-Christophe et Alex, ses petites-filles : Yuricka, Jessica (Edgar Da Silva) et Crystal, ses arrière-petits-fils : Jayden, Mayson, Jayke et Loan, son ami de cœur monsieur Henri-Paul Farcy ainsi que ses frères, ses sœurs, ses beaux-frères, ses belles-sœurs, ses neveux, ses nièces, ses cousins, ses cousines et de nombreux ami(e)s.</p>
<p>Vos marques de sympathie peuvent se traduire par un don à La fondation régionale hôpital Sept-Îles <a href="http://www.fondationsept-iles.qc.ca">www.fondationsept-iles.qc.ca</a></p>
<p>La famille a confié les arrangements aux services professionnels de la Maison L.J.G. Mallet du 1429, rue du Canot à Havre Saint-Pierre, membre de la Corporation des Thanatologues du Québec.</p>
<p>Vous pouvez consulter cet avis de décès sur le : <a href="https://nouveau.maisonmallet.com/back05_01">www.maisonmallet.com</a></p>
<p>Ceux et celles qui le désirent, peuvent y envoyer des messages de sympathie.</p>
<p>&nbsp;</p>
<hr />
<p>Envoyer vos condoléances</p>
<p>[contact-form to= »guylaine_vibert@hotmail.com » subject= »Condoléances Pierrette Loiselle »][contact-field label= »Votre nom » type= »name » required= »1&Prime;][contact-field label= »Votre courriel » type= »email » required= »1&Prime;][contact-field label= »Condoléances » type= »textarea »][/contact-form]</p>
