{"id":21214,"date":"2021-05-17T16:46:34","date_gmt":"2021-05-17T20:46:34","guid":{"rendered":"https:\/\/nouveau.maisonmallet.com\/?post_type=event&#038;p=21214"},"modified":"2021-07-07T09:21:09","modified_gmt":"2021-07-07T13:21:09","slug":"jean-pierre-marie-jeanne","status":"publish","type":"event","link":"https:\/\/nouveau.maisonmallet.com\/back05_01\/?event=jean-pierre-marie-jeanne","title":{"rendered":"JEAN-PIERRE, Marie-Jeanne"},"content":{"rendered":"<p>1963 &#8211; 2021<\/p>\n<p>JEAN-PIERRE, Marie-Jeanne<\/p>\n<p>&nbsp;<\/p>\n<p>\u00c0 Sept-\u00celes, le 17 mai 2021, est d\u00e9c\u00e9d\u00e9e \u00e0 l\u2019\u00e2ge de 57 ans, madame Marie-Jeanne Jean-Pierre fille de feu Simon Jean-Pierre et de feu Patricia Vachon domicili\u00e9e \u00e0 Uashat.<\/p>\n<p><strong><u>\u00c9tant donn\u00e9 la situation de crise entourant le COVID-19 et par souci de se conformer aux recommandations gouvernementales en mati\u00e8re de rassemblements int\u00e9rieurs et des mesures d\u2019hygi\u00e8ne strictes pour les visiteurs, les rituels fun\u00e9raires de madame Marie-Jeanne Jean-Pierre auront lieu dans la plus stricte intimit\u00e9 et sur invitation seulement.<\/u><\/strong><\/p>\n<p>Elle laisse dans le deuil ses enfants\u00a0: Olivier, Simon, Patricia, Carl et Anika, ses petits-enfants\u00a0: Leehanna, Aur\u00e9lie et Jaxon-Kyle ainsi que sa s\u0153ur Desneiges, son neveu David, ses tantes, ses cousins, ses cousines et de nombreux ami(e)s.<\/p>\n<p>La famille a confi\u00e9 la direction des fun\u00e9railles aux services professionnels de la Maison Mallet &amp; fils du 585, Boul. Laure \u00e0 Sept-\u00celes, maintenant reconnue Distinction et membre de la Corporation des Thanatologues du Qu\u00e9bec.<\/p>\n<p>Vous pouvez consulter cet avis de d\u00e9c\u00e8s sur le <a href=\"https:\/\/nouveau.maisonmallet.com\/back05_01\">www.maisonmallet.com<\/a><\/p>\n<p>Ceux et celles qui le d\u00e9sirent, peuvent y envoyer des messages de condol\u00e9ances.<\/p>\n<p>&nbsp;<\/p>\n<p>&nbsp;<\/p>\n<hr \/>\n<p>Envoyer vos condol\u00e9ances<\/p>\n<p>[contact-form to=\u00a0\u00bbmarc@maisonmallet.com\u00a0\u00bb subject=\u00a0\u00bbCondol\u00e9ances Marie-Jeanne Jean-Pierre\u00a0\u00bb][contact-field label=\u00a0\u00bbVotre nom\u00a0\u00bb type=\u00a0\u00bbname\u00a0\u00bb required=\u00a0\u00bb1&Prime;][contact-field label=\u00a0\u00bbVotre courriel\u00a0\u00bb type=\u00a0\u00bbemail\u00a0\u00bb required=\u00a0\u00bb1&Prime;][contact-field label=\u00a0\u00bbCondol\u00e9ances\u00a0\u00bb type=\u00a0\u00bbtextarea\u00a0\u00bb][\/contact-form]<\/p>\n","protected":false},"featured_media":21252,"template":"","event_cat":[6],"class_list":["post-21214","event","type-event","status-publish","has-post-thumbnail","hentry","event_cat-maison-mallet-et-fils-inc"],"_links":{"self":[{"href":"https:\/\/nouveau.maisonmallet.com\/back05_01\/index.php?rest_route=\/wp\/v2\/event\/21214","targetHints":{"allow":["GET"]}}],"collection":[{"href":"https:\/\/nouveau.maisonmallet.com\/back05_01\/index.php?rest_route=\/wp\/v2\/event"}],"about":[{"href":"https:\/\/nouveau.maisonmallet.com\/back05_01\/index.php?rest_route=\/wp\/v2\/types\/event"}],"wp:featuredmedia":[{"embeddable":true,"href":"https:\/\/nouveau.maisonmallet.com\/back05_01\/index.php?rest_route=\/wp\/v2\/media\/21252"}],"wp:attachment":[{"href":"https:\/\/nouveau.maisonmallet.com\/back05_01\/index.php?rest_route=%2Fwp%2Fv2%2Fmedia&parent=21214"}],"wp:term":[{"taxonomy":"event_cat","embeddable":true,"href":"https:\/\/nouveau.maisonmallet.com\/back05_01\/index.php?rest_route=%2Fwp%2Fv2%2Fevent_cat&post=21214"}],"curies":[{"name":"wp","href":"https:\/\/api.w.org\/{rel}","templated":true}]}}

<p>1963 &#8211; 2021</p>
<p>JEAN-PIERRE, Marie-Jeanne</p>
<p>&nbsp;</p>
<p>À Sept-Îles, le 17 mai 2021, est décédée à l’âge de 57 ans, madame Marie-Jeanne Jean-Pierre fille de feu Simon Jean-Pierre et de feu Patricia Vachon domiciliée à Uashat.</p>
<p><strong><u>Étant donné la situation de crise entourant le COVID-19 et par souci de se conformer aux recommandations gouvernementales en matière de rassemblements intérieurs et des mesures d’hygiène strictes pour les visiteurs, les rituels funéraires de madame Marie-Jeanne Jean-Pierre auront lieu dans la plus stricte intimité et sur invitation seulement.</u></strong></p>
<p>Elle laisse dans le deuil ses enfants : Olivier, Simon, Patricia, Carl et Anika, ses petits-enfants : Leehanna, Aurélie et Jaxon-Kyle ainsi que sa sœur Desneiges, son neveu David, ses tantes, ses cousins, ses cousines et de nombreux ami(e)s.</p>
<p>La famille a confié la direction des funérailles aux services professionnels de la Maison Mallet &amp; fils du 585, Boul. Laure à Sept-Îles, maintenant reconnue Distinction et membre de la Corporation des Thanatologues du Québec.</p>
<p>Vous pouvez consulter cet avis de décès sur le <a href="https://nouveau.maisonmallet.com/back05_01">www.maisonmallet.com</a></p>
<p>Ceux et celles qui le désirent, peuvent y envoyer des messages de condoléances.</p>
<p>&nbsp;</p>
<p>&nbsp;</p>
<hr />
<p>Envoyer vos condoléances</p>
<p>[contact-form to= »marc@maisonmallet.com » subject= »Condoléances Marie-Jeanne Jean-Pierre »][contact-field label= »Votre nom » type= »name » required= »1&Prime;][contact-field label= »Votre courriel » type= »email » required= »1&Prime;][contact-field label= »Condoléances » type= »textarea »][/contact-form]</p>
