{"id":2125,"date":"2018-12-08T13:34:55","date_gmt":"2018-12-08T18:34:55","guid":{"rendered":"http:\/\/207.253.81.73\/?post_type=event&#038;p=2125"},"modified":"2019-02-18T16:06:19","modified_gmt":"2019-02-18T21:06:19","slug":"richard-alme231224","status":"publish","type":"event","link":"https:\/\/nouveau.maisonmallet.com\/back05_01\/?event=richard-alme231224","title":{"rendered":"RICHARD Alma (Jomphe)"},"content":{"rendered":"<p>1924-2018<\/p>\n<p>RICHARD, \u00a0Alma (Jomphe)<\/p>\n<p>&nbsp;<\/p>\n<p>\u00c0 Havre-Saint-Pierre, le 8 d\u00e9cembre 2018, est d\u00e9c\u00e9d\u00e9e \u00e0 l\u2019\u00e2ge de 93 ans et 11 mois, madame Alma Richard Jomphe \u00e9pouse de feu Ovila Jomphe et domicili\u00e9e \u00e0 Havre-Saint-Pierre.<\/p>\n<p>Les fun\u00e9railles de madame Alma Richard Jomphe auront lieu le jeudi 13 d\u00e9cembre 2018 \u00e0 15 h en l\u2019\u00c9glise Saint-Pierre de Havre-Saint-Pierre.<\/p>\n<p>Selon ses volont\u00e9s, elle a \u00e9t\u00e9 confi\u00e9e au cr\u00e9matorium de la Maison L.J.G. Mallet pour cr\u00e9mation.<\/p>\n<p>La famille re\u00e7oit parents et amis le mercredi 12 d\u00e9cembre 2018 de 19 h \u00e0 22 h. Le jeudi 13 d\u00e9cembre 2018 jour des fun\u00e9railles \u00e0 compter de 14 h au salon de la Maison L.J.G. Mallet du 1429, rue du Canot \u00e0 Havre-Saint-Pierre.<\/p>\n<p>Elle laisse dans le deuil ses fils\u00a0: Maurice (Marie Lebrun), Normand (Gertrude Landry), Claude (Brigitte Cormier), Jean-Luc (Danielle Chapados), Yves (Louise Jomphe) et Renaud (Sylvie Paris\u00e9e), ses douze petits-enfants, ses quinze arri\u00e8re petits-enfants ainsi que ses belles-s\u0153urs, ses neveux, ses ni\u00e8ces et de nombreux amis.<\/p>\n<p>Elle \u00e9tait la m\u00e8re de feue Anne Jomphe (feu Marcel Picard)<\/p>\n<p>Vos marques de sympathie peuvent se traduire par un don \u00e0 la fondation du centre de sant\u00e9 de la Minganie, du 1035, Promenade des Anciens Havre-Saint-Pierre, 1-418-538-2212.<\/p>\n<p>La famille a confi\u00e9 la direction des fun\u00e9railles aux services professionnels de la Maison L.J.G. Mallet du 1429, rue du Canot \u00e0 Havre-Saint-Pierre, maintenant reconnue Distinction et membre de la Corporation des Thanatologues du Qu\u00e9bec.<\/p>\n<p>Vous pouvez consulter cet avis de d\u00e9c\u00e8s, sur le <a href=\"https:\/\/nouveau.maisonmallet.com\/back05_01\/\">www.maisonmallet.com<\/a><\/p>\n<p>Ceux et celles qui le d\u00e9sirent, peuvent y envoyer des messages de sympathie.<\/p>\n<p>.<\/p>\n<p>&nbsp;<\/p>\n<hr \/>\n<p>Envoyer vos condol\u00e9ances<\/p>\n<p>[contact-form to=\u00a0\u00bbmarc@maisonmallet.com\u00a0\u00bb subject=\u00a0\u00bbCondol\u00e9ances\u00a0\u00bb][contact-field label=\u00a0\u00bbVotre nom\u00a0\u00bb type=\u00a0\u00bbname\u00a0\u00bb required=\u00a0\u00bb1&Prime;][contact-field label=\u00a0\u00bbVotre courriel\u00a0\u00bb type=\u00a0\u00bbemail\u00a0\u00bb required=\u00a0\u00bb1&Prime;][contact-field label=\u00a0\u00bbCondol\u00e9ances\u00a0\u00bb type=\u00a0\u00bbtextarea\u00a0\u00bb][\/contact-form]<\/p>\n","protected":false},"featured_media":2117,"template":"","event_cat":[7],"class_list":["post-2125","event","type-event","status-publish","has-post-thumbnail","hentry","event_cat-maison-l-j-g-mallet-inc"],"_links":{"self":[{"href":"https:\/\/nouveau.maisonmallet.com\/back05_01\/index.php?rest_route=\/wp\/v2\/event\/2125","targetHints":{"allow":["GET"]}}],"collection":[{"href":"https:\/\/nouveau.maisonmallet.com\/back05_01\/index.php?rest_route=\/wp\/v2\/event"}],"about":[{"href":"https:\/\/nouveau.maisonmallet.com\/back05_01\/index.php?rest_route=\/wp\/v2\/types\/event"}],"wp:featuredmedia":[{"embeddable":true,"href":"https:\/\/nouveau.maisonmallet.com\/back05_01\/index.php?rest_route=\/wp\/v2\/media\/2117"}],"wp:attachment":[{"href":"https:\/\/nouveau.maisonmallet.com\/back05_01\/index.php?rest_route=%2Fwp%2Fv2%2Fmedia&parent=2125"}],"wp:term":[{"taxonomy":"event_cat","embeddable":true,"href":"https:\/\/nouveau.maisonmallet.com\/back05_01\/index.php?rest_route=%2Fwp%2Fv2%2Fevent_cat&post=2125"}],"curies":[{"name":"wp","href":"https:\/\/api.w.org\/{rel}","templated":true}]}}

<p>1924-2018</p>
<p>RICHARD,  Alma (Jomphe)</p>
<p>&nbsp;</p>
<p>À Havre-Saint-Pierre, le 8 décembre 2018, est décédée à l’âge de 93 ans et 11 mois, madame Alma Richard Jomphe épouse de feu Ovila Jomphe et domiciliée à Havre-Saint-Pierre.</p>
<p>Les funérailles de madame Alma Richard Jomphe auront lieu le jeudi 13 décembre 2018 à 15 h en l’Église Saint-Pierre de Havre-Saint-Pierre.</p>
<p>Selon ses volontés, elle a été confiée au crématorium de la Maison L.J.G. Mallet pour crémation.</p>
<p>La famille reçoit parents et amis le mercredi 12 décembre 2018 de 19 h à 22 h. Le jeudi 13 décembre 2018 jour des funérailles à compter de 14 h au salon de la Maison L.J.G. Mallet du 1429, rue du Canot à Havre-Saint-Pierre.</p>
<p>Elle laisse dans le deuil ses fils : Maurice (Marie Lebrun), Normand (Gertrude Landry), Claude (Brigitte Cormier), Jean-Luc (Danielle Chapados), Yves (Louise Jomphe) et Renaud (Sylvie Parisée), ses douze petits-enfants, ses quinze arrière petits-enfants ainsi que ses belles-sœurs, ses neveux, ses nièces et de nombreux amis.</p>
<p>Elle était la mère de feue Anne Jomphe (feu Marcel Picard)</p>
<p>Vos marques de sympathie peuvent se traduire par un don à la fondation du centre de santé de la Minganie, du 1035, Promenade des Anciens Havre-Saint-Pierre, 1-418-538-2212.</p>
<p>La famille a confié la direction des funérailles aux services professionnels de la Maison L.J.G. Mallet du 1429, rue du Canot à Havre-Saint-Pierre, maintenant reconnue Distinction et membre de la Corporation des Thanatologues du Québec.</p>
<p>Vous pouvez consulter cet avis de décès, sur le <a href="https://nouveau.maisonmallet.com/back05_01/">www.maisonmallet.com</a></p>
<p>Ceux et celles qui le désirent, peuvent y envoyer des messages de sympathie.</p>
<p>.</p>
<p>&nbsp;</p>
<hr />
<p>Envoyer vos condoléances</p>
<p>[contact-form to= »marc@maisonmallet.com » subject= »Condoléances »][contact-field label= »Votre nom » type= »name » required= »1&Prime;][contact-field label= »Votre courriel » type= »email » required= »1&Prime;][contact-field label= »Condoléances » type= »textarea »][/contact-form]</p>
